000
CDUS43 KGRR 150528
CLILAN


CLIMATE REPORT
NATIONAL WEATHER SERVICE GRAND RAPIDS, MI
1228 AM EST WED NOV 15 2017


...................................

...THE LANSING MI CLIMATE SUMMARY FOR NOVEMBER 14 2017...

CLIMATE NORMAL PERIOD 1981 TO 2010
CLIMATE RECORD PERIOD 1864 TO 2017


WEATHER ITEM   OBSERVED TIME   RECORD YEAR NORMAL DEPARTURE LAST
                VALUE   (LST)  VALUE       VALUE  FROM      YEAR
                                                  NORMAL
..................................................................
TEMPERATURE (F)
 YESTERDAY
  MAXIMUM         48    310 PM  69    1909  48      0       58
  MINIMUM         28    416 AM   4    1873  33     -5       39
  AVERAGE         38                        40     -2       49

PRECIPITATION (IN)
  YESTERDAY        0.00          1.01 1957   0.10  -0.10     0.00
  MONTH TO DATE    1.61                      1.32   0.29     1.55
  SINCE SEP 1     11.28                      7.35   3.93     8.10
  SINCE JAN 1     36.58                     28.44   8.14    31.58

SNOWFALL (IN)
  YESTERDAY        0.0           3.5  1864   0.0    0.0      0.0
  MONTH TO DATE    0.2                       0.8   -0.6      0.0
  SINCE SEP 1      0.2                       1.2   -1.0       T
  SINCE JUL 1      0.2                       1.2   -1.0       T
  SNOW DEPTH       0

DEGREE DAYS
 HEATING
  YESTERDAY       27                        25      2       16
  MONTH TO DATE  387                       312     75      205
  SINCE SEP 1    804                       927   -123      595
  SINCE JUL 1    833                       962   -129      598

 COOLING
  YESTERDAY        0                         0      0        0
  MONTH TO DATE    0                         0      0        0
  SINCE SEP 1    148                        68     80      103
  SINCE JAN 1    782                       625    157      869
..................................................................


WIND (MPH)
  RESULTANT WIND SPEED   6   RESULTANT WIND DIRECTION   S (180)
  HIGHEST WIND SPEED    17   HIGHEST WIND DIRECTION     S (170)
  HIGHEST GUST SPEED    23   HIGHEST GUST DIRECTION     S (160)
  AVERAGE WIND SPEED     7.1


SKY COVER
  AVERAGE SKY COVER 0.4


WEATHER CONDITIONS
 THE FOLLOWING WEATHER WAS RECORDED YESTERDAY.
  FOG
  HAZE


RELATIVE HUMIDITY (PERCENT)
 HIGHEST   100           300 AM
 LOWEST     65           100 PM
 AVERAGE    83

..........................................................


THE LANSING MI CLIMATE NORMALS FOR TODAY
                         NORMAL    RECORD    YEAR
 MAXIMUM TEMPERATURE (F)   47        69      1990
 MINIMUM TEMPERATURE (F)   33         6      1893


SUNRISE AND SUNSET
NOVEMBER 15 2017......SUNRISE   731 AM EST   SUNSET   515 PM EST
NOVEMBER 16 2017......SUNRISE   732 AM EST   SUNSET   514 PM EST


-  INDICATES NEGATIVE NUMBERS.
R  INDICATES RECORD WAS SET OR TIED.
MM INDICATES DATA IS MISSING.
T  INDICATES TRACE AMOUNT.




$$
