000
CDUS43 KGRR 260532
CLILAN


CLIMATE REPORT
NATIONAL WEATHER SERVICE GRAND RAPIDS, MI
131 AM EDT TUE AUG 26 2014


...................................

...THE LANSING MI CLIMATE SUMMARY FOR AUGUST 25 2014...

CLIMATE NORMAL PERIOD 1981 TO 2010
CLIMATE RECORD PERIOD 1864 TO 2014


WEATHER ITEM   OBSERVED TIME   RECORD YEAR NORMAL DEPARTURE LAST
                VALUE   (LST)  VALUE       VALUE  FROM      YEAR
                                                  NORMAL
..................................................................
TEMPERATURE (F)
 YESTERDAY
  MAXIMUM         85    327 PM  96    1948  79      6       88
  MINIMUM         67    608 AM  38    1977  58      9       61
  AVERAGE         76                        69      7       75

PRECIPITATION (IN)
  YESTERDAY        0.00          2.27 1940   0.10  -0.10     0.00
  MONTH TO DATE    3.93                      2.60   1.33     1.34
  SINCE JUN 1     15.19                      8.89   6.30    11.49
  SINCE JAN 1     26.40                     20.46   5.94    29.49

SNOWFALL (IN)
  YESTERDAY        0.0           0.0    MM   0.0    0.0      0.0
  MONTH TO DATE    0.0                       0.0    0.0      0.0
  SINCE JUN 1      0.0                       0.0    0.0      0.0
  SINCE JUL 1      0.0                       0.0    0.0      0.0
  SNOW DEPTH       0

DEGREE DAYS
 HEATING
  YESTERDAY        0                         1     -1        0
  MONTH TO DATE   10                        21    -11       19
  SINCE JUN 1     63                        87    -24       85
  SINCE JUL 1     39                        32      7       35

 COOLING
  YESTERDAY       11                         5      6       10
  MONTH TO DATE  116                       142    -26       89
  SINCE JUN 1    367                       487   -120      448
  SINCE JAN 1    406                       528   -122      521
..................................................................


WIND (MPH)
  RESULTANT WIND SPEED   4   RESULTANT WIND DIRECTION   S (160)
  HIGHEST WIND SPEED    12   HIGHEST WIND DIRECTION     S (160)
  HIGHEST GUST SPEED    16   HIGHEST GUST DIRECTION     S (180)
  AVERAGE WIND SPEED     5.8


SKY COVER
  AVERAGE SKY COVER 0.4


WEATHER CONDITIONS
 THE FOLLOWING WEATHER WAS RECORDED YESTERDAY.
  FOG


RELATIVE HUMIDITY (PERCENT)
 HIGHEST    93           100 AM
 LOWEST     65           100 PM
 AVERAGE    79

..........................................................


THE LANSING MI CLIMATE NORMALS FOR TODAY
                         NORMAL    RECORD    YEAR
 MAXIMUM TEMPERATURE (F)   79        96      1948
 MINIMUM TEMPERATURE (F)   58        32      1883


SUNRISE AND SUNSET
AUGUST 26 2014........SUNRISE   657 AM EDT   SUNSET   823 PM EDT
AUGUST 27 2014........SUNRISE   658 AM EDT   SUNSET   821 PM EDT


-  INDICATES NEGATIVE NUMBERS.
R  INDICATES RECORD WAS SET OR TIED.
MM INDICATES DATA IS MISSING.
T  INDICATES TRACE AMOUNT.




$$
