000
CDUS43 KGRR 241435
CLILAN


CLIMATE REPORT
NATIONAL WEATHER SERVICE GRAND RAPIDS, MI
935 AM EST TUE JAN 24 2017


...................................

...THE LANSING MI CLIMATE SUMMARY FOR JANUARY 24 2017...
VALID AS OF 0900 AM LOCAL TIME.

CLIMATE NORMAL PERIOD 1981 TO 2010
CLIMATE RECORD PERIOD 1864 TO 2017


WEATHER ITEM   OBSERVED TIME   RECORD YEAR NORMAL DEPARTURE LAST
                VALUE   (LST)  VALUE       VALUE  FROM      YEAR
                                                  NORMAL
..................................................................
TEMPERATURE (F)
 TODAY
  MAXIMUM         38    859 AM  66    1967  30      8       32
  MINIMUM         37    849 AM -22    1884  16     21       15
  AVERAGE         38                        23     15       24

PRECIPITATION (IN)
  TODAY            0.09          0.43 1938   0.05   0.04     0.00
  MONTH TO DATE    3.11                      1.33   1.78     1.16
  SINCE DEC 1      4.87                      3.20   1.67     3.88
  SINCE JAN 1      3.11                      1.33   1.78     1.16

SNOWFALL (IN)
  TODAY            0.0           6.3  1894   0.5   -0.5      0.0
  MONTH TO DATE    3.7                      10.8   -7.1      6.1
  SINCE DEC 1     19.8                      23.8   -4.0      8.0
  SINCE JUL 1     19.8                      27.6   -7.8     16.2
  SNOW DEPTH       0

DEGREE DAYS
 HEATING
  TODAY           27                        42    -15       41
  MONTH TO DATE  852                       999   -147      989
  SINCE DEC 1   1994                      2137   -143     1786
  SINCE JUL 1   2969                      3551   -582     2894

 COOLING
  TODAY            0                         0      0        0
  MONTH TO DATE    0                         0      0        0
  SINCE DEC 1      0                         0      0        0
  SINCE JAN 1      0                         0      0        0
..................................................................


WIND (MPH)
  RESULTANT WIND SPEED   7   RESULTANT WIND DIRECTION  NW (310)
  HIGHEST WIND SPEED    14   HIGHEST WIND DIRECTION    NW (300)
  HIGHEST GUST SPEED    18   HIGHEST GUST DIRECTION     W (290)
  AVERAGE WIND SPEED     6.9


SKY COVER
  AVERAGE SKY COVER 0.9


WEATHER CONDITIONS
 THE FOLLOWING WEATHER WAS RECORDED TODAY.
  LIGHT RAIN
  FOG


RELATIVE HUMIDITY (PERCENT)
 HIGHEST    92           100 AM
 LOWEST     92           100 AM
 AVERAGE    92

..........................................................


THE LANSING MI CLIMATE NORMALS FOR TOMORROW
                         NORMAL    RECORD    YEAR
 MAXIMUM TEMPERATURE (F)   30        65      1950
 MINIMUM TEMPERATURE (F)   16       -16      2004
                                             1883


SUNRISE AND SUNSET
JANUARY 24 2017.......SUNRISE   800 AM EST   SUNSET   541 PM EST
JANUARY 25 2017.......SUNRISE   759 AM EST   SUNSET   543 PM EST


-  INDICATES NEGATIVE NUMBERS.
R  INDICATES RECORD WAS SET OR TIED.
MM INDICATES DATA IS MISSING.
T  INDICATES TRACE AMOUNT.




$$
