000
CDUS43 KGRR 192133
CLILAN


CLIMATE REPORT
NATIONAL WEATHER SERVICE GRAND RAPIDS, MI
531 PM EDT TUE APR 19 2016


...................................

...THE LANSING MI CLIMATE SUMMARY FOR APRIL 19 2016...
VALID TODAY AS OF 0500 PM LOCAL TIME.

CLIMATE NORMAL PERIOD 1981 TO 2010
CLIMATE RECORD PERIOD 1864 TO 2016


WEATHER ITEM   OBSERVED TIME   RECORD YEAR NORMAL DEPARTURE LAST
                VALUE   (LST)  VALUE       VALUE  FROM      YEAR
                                                  NORMAL
..................................................................
TEMPERATURE (F)
 TODAY
  MAXIMUM         62    323 PM  81    2005  59      3       70
                                      1985
                                      1958
  MINIMUM         43   1028 AM  14    1897  38      5       39
  AVERAGE         53                        49      4       55

PRECIPITATION (IN)
  TODAY            0.01          2.46 1877   0.11  -0.10     0.34
  MONTH TO DATE    1.28                      1.95  -0.67     1.15
  SINCE MAR 1      5.53                      4.01   1.52     1.89
  SINCE JAN 1      8.69                      7.13   1.56     4.14

SNOWFALL (IN)
  TODAY            0.0           1.8  1943   0.0    0.0      0.0
  MONTH TO DATE    7.5                       1.6    5.9      0.0
  SINCE MAR 1     16.4                       8.6    7.8      1.9
  SINCE JUL 1     50.0                      50.8   -0.8     35.6
  SNOW DEPTH       0

DEGREE DAYS
 HEATING
  TODAY           12                        16     -4       10
  MONTH TO DATE  437                       376     61      297
  SINCE MAR 1   1200                      1305   -105     1288
  SINCE JUL 1   5360                      6240   -880     6782

 COOLING
  TODAY            0                         0      0        0
  MONTH TO DATE    1                         0      1        0
  SINCE MAR 1      1                         1      0        0
  SINCE JAN 1      1                         1      0        0
..................................................................


WIND (MPH)
  RESULTANT WIND SPEED  11   RESULTANT WIND DIRECTION  NE (50)
  HIGHEST WIND SPEED    18   HIGHEST WIND DIRECTION    NE (50)
  HIGHEST GUST SPEED    25   HIGHEST GUST DIRECTION    NE (40)
  AVERAGE WIND SPEED    10.7


SKY COVER
  AVERAGE SKY COVER 0.6


WEATHER CONDITIONS
 THE FOLLOWING WEATHER WAS RECORDED TODAY.
  LIGHT RAIN
  FOG


RELATIVE HUMIDITY (PERCENT)
 HIGHEST    76           600 AM
 LOWEST     36           400 PM
 AVERAGE    56

..........................................................


THE LANSING MI CLIMATE NORMALS FOR TOMORROW
                         NORMAL    RECORD    YEAR
 MAXIMUM TEMPERATURE (F)   60        82      1987
 MINIMUM TEMPERATURE (F)   39        18      1904
                                             1875


SUNRISE AND SUNSET
APRIL 19 2016.........SUNRISE   650 AM EDT   SUNSET   826 PM EDT
APRIL 20 2016.........SUNRISE   648 AM EDT   SUNSET   827 PM EDT


-  INDICATES NEGATIVE NUMBERS.
R  INDICATES RECORD WAS SET OR TIED.
MM INDICATES DATA IS MISSING.
T  INDICATES TRACE AMOUNT.




$$

63
