000
CDUS43 KGRR 250521
CLILAN


CLIMATE REPORT
NATIONAL WEATHER SERVICE GRAND RAPIDS, MI
121 AM EDT THU SEP 25 2014


...................................

...THE LANSING MI CLIMATE SUMMARY FOR SEPTEMBER 24 2014...

CLIMATE NORMAL PERIOD 1981 TO 2010
CLIMATE RECORD PERIOD 1864 TO 2014


WEATHER ITEM   OBSERVED TIME   RECORD YEAR NORMAL DEPARTURE LAST
                VALUE   (LST)  VALUE       VALUE  FROM      YEAR
                                                  NORMAL
..................................................................
TEMPERATURE (F)
 YESTERDAY
  MAXIMUM         74    401 PM  90    1891  69      5       68
  MINIMUM         46    648 AM  26    1976  48     -2       39
  AVERAGE         60                        59      1       54

PRECIPITATION (IN)
  YESTERDAY        0.00          1.33 1865   0.12  -0.12     0.00
  MONTH TO DATE    2.31                      2.82  -0.51     0.86
  SINCE SEP 1      2.31                      2.82  -0.51     0.86
  SINCE JAN 1     29.53                     23.91   5.62    33.78

SNOWFALL (IN)
  YESTERDAY        0.0           0.0    MM   0.0    0.0      0.0
  MONTH TO DATE    0.0                       0.0    0.0      0.0
  SINCE SEP 1      0.0                       0.0    0.0      0.0
  SINCE JUL 1      0.0                       0.0    0.0      0.0
  SNOW DEPTH       0

DEGREE DAYS
 HEATING
  YESTERDAY        5                         7     -2       11
  MONTH TO DATE  138                       100     38      123
  SINCE SEP 1    138                       100     38      123
  SINCE JUL 1    178                       135     43      158

 COOLING
  YESTERDAY        0                         1     -1        0
  MONTH TO DATE   43                        56    -13       63
  SINCE SEP 1     43                        56    -13       63
  SINCE JAN 1    488                       613   -125      651
..................................................................


WIND (MPH)
  RESULTANT WIND SPEED   4   RESULTANT WIND DIRECTION  SE (130)
  HIGHEST WIND SPEED    14   HIGHEST WIND DIRECTION    SE (150)
  HIGHEST GUST SPEED    16   HIGHEST GUST DIRECTION    SE (130)
  AVERAGE WIND SPEED     4.8


SKY COVER
  AVERAGE SKY COVER 0.0


WEATHER CONDITIONS
 THE FOLLOWING WEATHER WAS RECORDED YESTERDAY.
  FOG
  HAZE


RELATIVE HUMIDITY (PERCENT)
 HIGHEST    96          1200 AM
 LOWEST     46           400 PM
 AVERAGE    71

..........................................................


THE LANSING MI CLIMATE NORMALS FOR TODAY
                         NORMAL    RECORD    YEAR
 MAXIMUM TEMPERATURE (F)   69        91      1920
                                             1900
 MINIMUM TEMPERATURE (F)   47        23      1863


SUNRISE AND SUNSET
SEPTEMBER 25 2014.....SUNRISE   729 AM EDT   SUNSET   730 PM EDT
SEPTEMBER 26 2014.....SUNRISE   730 AM EDT   SUNSET   729 PM EDT


-  INDICATES NEGATIVE NUMBERS.
R  INDICATES RECORD WAS SET OR TIED.
MM INDICATES DATA IS MISSING.
T  INDICATES TRACE AMOUNT.




$$
