000
CDUS43 KGRR 140527
CLILAN


CLIMATE REPORT
NATIONAL WEATHER SERVICE GRAND RAPIDS, MI
127 AM EDT MON APR 14 2014


...................................

...THE LANSING MI CLIMATE SUMMARY FOR APRIL 13 2014...

CLIMATE NORMAL PERIOD 1981 TO 2010
CLIMATE RECORD PERIOD 1864 TO 2014


WEATHER ITEM   OBSERVED TIME   RECORD YEAR NORMAL DEPARTURE LAST
                VALUE   (LST)  VALUE       VALUE  FROM      YEAR
                                                  NORMAL
..................................................................
TEMPERATURE (F)
 YESTERDAY
  MAXIMUM         72    131 PM  82    1941  57     15       40
  MINIMUM         50    331 AM  17    1950  36     14       34
                                      1869
  AVERAGE         61                        47     14       37

PRECIPITATION (IN)
  YESTERDAY        0.27          1.07 1903   0.11   0.16     0.01
  MONTH TO DATE    0.64                      1.31  -0.67     3.72
  SINCE MAR 1      2.33                      3.37  -1.04     4.68
  SINCE JAN 1      6.25                      6.49  -0.24     9.90

SNOWFALL (IN)
  YESTERDAY        0.0           3.2  1962   0.1   -0.1       T
  MONTH TO DATE    T                         1.3   -1.3       T
  SINCE MAR 1     10.4                       8.3    2.1      5.2
  SINCE JUL 1     68.4                      50.5   17.9     29.7
  SNOW DEPTH       0

DEGREE DAYS
 HEATING
  YESTERDAY        4                        19    -15       28
  MONTH TO DATE  246                       273    -27      345
  SINCE MAR 1   1456                      1202    254     1393
  SINCE JUL 1   6997                      6137    860     6071

 COOLING
  YESTERDAY        0                         0      0        0
  MONTH TO DATE    0                         0      0        0
  SINCE MAR 1      0                         1     -1        0
  SINCE JAN 1      0                         1     -1        0
..................................................................


WIND (MPH)
  RESULTANT WIND SPEED   6   RESULTANT WIND DIRECTION   S (200)
  HIGHEST WIND SPEED    25   HIGHEST WIND DIRECTION    SW (230)
  HIGHEST GUST SPEED    49   HIGHEST GUST DIRECTION    SW (220)
  AVERAGE WIND SPEED    11.2


SKY COVER
  AVERAGE SKY COVER 0.8


WEATHER CONDITIONS
 THE FOLLOWING WEATHER WAS RECORDED YESTERDAY.
  HEAVY RAIN
  LIGHT RAIN
  FOG


RELATIVE HUMIDITY (PERCENT)
 HIGHEST    87           900 PM
 LOWEST     53           100 PM
 AVERAGE    70

..........................................................


THE LANSING MI CLIMATE NORMALS FOR TODAY
                         NORMAL    RECORD    YEAR
 MAXIMUM TEMPERATURE (F)   57        83      1883
 MINIMUM TEMPERATURE (F)   37        19      1885


SUNRISE AND SUNSET
APRIL 14 2014.........SUNRISE   659 AM EDT   SUNSET   819 PM EDT
APRIL 15 2014.........SUNRISE   657 AM EDT   SUNSET   821 PM EDT


-  INDICATES NEGATIVE NUMBERS.
R  INDICATES RECORD WAS SET OR TIED.
MM INDICATES DATA IS MISSING.
T  INDICATES TRACE AMOUNT.




$$
