000
CDUS43 KGRR 290517
CLILAN


CLIMATE REPORT
NATIONAL WEATHER SERVICE GRAND RAPIDS, MI
117 AM EDT MON JUN 29 2015


...................................

...THE LANSING MI CLIMATE SUMMARY FOR JUNE 28 2015...

CLIMATE NORMAL PERIOD 1981 TO 2010
CLIMATE RECORD PERIOD 1864 TO 2015


WEATHER ITEM   OBSERVED TIME   RECORD YEAR NORMAL DEPARTURE LAST
                VALUE   (LST)  VALUE       VALUE  FROM      YEAR
                                                  NORMAL
..................................................................
TEMPERATURE (F)
 YESTERDAY
  MAXIMUM         77    505 PM  98    2012  82     -5       84
  MINIMUM         55    601 AM  38    1895  60     -5       67
  AVERAGE         66                        71     -5       76

PRECIPITATION (IN)
  YESTERDAY        0.00          3.12 2013   0.10  -0.10     0.04
  MONTH TO DATE    8.90                      3.24   5.66     6.39
  SINCE JUN 1      8.90                      3.24   5.66     6.39
  SINCE JAN 1     16.95                     14.81   2.14    17.60

SNOWFALL (IN)
  YESTERDAY        0.0           0.0    MM   0.0    0.0      0.0
  MONTH TO DATE    0.0                       0.0    0.0      0.0
  SINCE JUN 1      0.0                       0.0    0.0      0.0
  SINCE JUL 1     35.6                      51.1  -15.5     69.1
  SNOW DEPTH       0

DEGREE DAYS
 HEATING
  YESTERDAY        0                         1     -1        0
  MONTH TO DATE   36                        55    -19       24
  SINCE JUN 1     36                        55    -19       24
  SINCE JUL 1   7211                      6712    499     7543

 COOLING
  YESTERDAY        1                         6     -5       11
  MONTH TO DATE   83                       118    -35      123
  SINCE JUN 1     83                       118    -35      123
  SINCE JAN 1    142                       159    -17      162
..................................................................


WIND (MPH)
  RESULTANT WIND SPEED   5   RESULTANT WIND DIRECTION  NW (330)
  HIGHEST WIND SPEED    13   HIGHEST WIND DIRECTION     W (270)
  HIGHEST GUST SPEED    17   HIGHEST GUST DIRECTION    NW (330)
  AVERAGE WIND SPEED     6.5


SKY COVER
  AVERAGE SKY COVER 0.1


WEATHER CONDITIONS
 THE FOLLOWING WEATHER WAS RECORDED YESTERDAY.
  HAZE


RELATIVE HUMIDITY (PERCENT)
 HIGHEST    90          1100 PM
 LOWEST     43           300 PM
 AVERAGE    67

..........................................................


THE LANSING MI CLIMATE NORMALS FOR TODAY
                         NORMAL    RECORD    YEAR
 MAXIMUM TEMPERATURE (F)   82        96      1964
 MINIMUM TEMPERATURE (F)   60        41      1923


SUNRISE AND SUNSET
JUNE 29 2015..........SUNRISE   603 AM EDT   SUNSET   921 PM EDT
JUNE 30 2015..........SUNRISE   603 AM EDT   SUNSET   921 PM EDT


-  INDICATES NEGATIVE NUMBERS.
R  INDICATES RECORD WAS SET OR TIED.
MM INDICATES DATA IS MISSING.
T  INDICATES TRACE AMOUNT.




$$
