000
CDUS43 KGRR 010528
CLILAN


CLIMATE REPORT
NATIONAL WEATHER SERVICE GRAND RAPIDS, MI
1227 AM EST THU DEC 1 2016


...................................

...THE LANSING MI CLIMATE SUMMARY FOR NOVEMBER 30 2016...

CLIMATE NORMAL PERIOD 1981 TO 2010
CLIMATE RECORD PERIOD 1864 TO 2016


WEATHER ITEM   OBSERVED TIME   RECORD YEAR NORMAL DEPARTURE LAST
                VALUE   (LST)  VALUE       VALUE  FROM      YEAR
                                                  NORMAL
..................................................................
TEMPERATURE (F)
 YESTERDAY
  MAXIMUM         52    202 PM  63    1998  40     12       44
  MINIMUM         37   1159 PM  -1    1867  28      9       22
  AVERAGE         45                        34     11       33

PRECIPITATION (IN)
  YESTERDAY        T             1.11 2006   0.08  -0.08     0.00
  MONTH TO DATE    3.16                      2.78   0.38     1.93
  SINCE SEP 1      9.71                      8.81   0.90     5.47
  SINCE JAN 1     33.19                     29.90   3.29    31.80

SNOWFALL (IN)
  YESTERDAY        0.0           3.3  1940   0.2   -0.2      0.0
  MONTH TO DATE    T                         3.4   -3.4      8.2
  SINCE SEP 1      T                         3.8   -3.8      8.2
  SINCE JUL 1      T                         3.8   -3.8      8.2
  SNOW DEPTH       0

DEGREE DAYS
 HEATING
  YESTERDAY       20                        31    -11       32
  MONTH TO DATE  582                       764   -182      606
  SINCE SEP 1    972                      1379   -407     1077
  SINCE JUL 1    975                      1414   -439     1108

 COOLING
  YESTERDAY        0                         0      0        0
  MONTH TO DATE    0                         0      0        0
  SINCE SEP 1    103                        68     35      122
  SINCE JAN 1    869                       625    244      615
..................................................................


WIND (MPH)
  RESULTANT WIND SPEED   8   RESULTANT WIND DIRECTION  SW (230)
  HIGHEST WIND SPEED    24   HIGHEST WIND DIRECTION     W (250)
  HIGHEST GUST SPEED    30   HIGHEST GUST DIRECTION     W (250)
  AVERAGE WIND SPEED     9.8


SKY COVER
  AVERAGE SKY COVER 0.7


WEATHER CONDITIONS
 THE FOLLOWING WEATHER WAS RECORDED YESTERDAY.
  FOG
  HAZE


RELATIVE HUMIDITY (PERCENT)
 HIGHEST    96           800 AM
 LOWEST     56           400 PM
 AVERAGE    76

..........................................................


THE LANSING MI CLIMATE NORMALS FOR TODAY
                         NORMAL    RECORD    YEAR
 MAXIMUM TEMPERATURE (F)   39        65      1970
 MINIMUM TEMPERATURE (F)   27        -1      1886


SUNRISE AND SUNSET
DECEMBER  1 2016......SUNRISE   750 AM EST   SUNSET   505 PM EST
DECEMBER  2 2016......SUNRISE   751 AM EST   SUNSET   505 PM EST


-  INDICATES NEGATIVE NUMBERS.
R  INDICATES RECORD WAS SET OR TIED.
MM INDICATES DATA IS MISSING.
T  INDICATES TRACE AMOUNT.




$$
