000
CDUS43 KGRR 151339
CLILAN


CLIMATE REPORT
NATIONAL WEATHER SERVICE GRAND RAPIDS, MI
937 AM EDT MON AUG 15 2016


...................................

...THE LANSING MI CLIMATE SUMMARY FOR AUGUST 15 2016...
VALID AS OF 0900 AM LOCAL TIME.

CLIMATE NORMAL PERIOD 1981 TO 2010
CLIMATE RECORD PERIOD 1864 TO 2016


WEATHER ITEM   OBSERVED TIME   RECORD YEAR NORMAL DEPARTURE LAST
                VALUE   (LST)  VALUE       VALUE  FROM      YEAR
                                                  NORMAL
..................................................................
TEMPERATURE (F)
 TODAY
  MAXIMUM         71    759 AM  96    1965  80     -9       87
  MINIMUM         63    542 AM  36    1866  60      3       63
  AVERAGE         67                        70     -3       75

PRECIPITATION (IN)
  TODAY            0.00          1.39 1959   0.11  -0.11     0.00
  MONTH TO DATE    1.96                      1.58   0.38     4.92
  SINCE JUN 1      5.90                      7.87  -1.97    16.38
  SINCE JAN 1     18.81                     19.44  -0.63    24.43

SNOWFALL (IN)
  TODAY            0.0           0.0    MM   0.0    0.0      0.0
  MONTH TO DATE    0.0                       0.0    0.0      0.0
  SINCE JUN 1      0.0                       0.0    0.0      0.0
  SINCE JUL 1      0.0                       0.0    0.0      0.0
  SNOW DEPTH       0

DEGREE DAYS
 HEATING
  TODAY            0                         1     -1        0
  MONTH TO DATE    0                        11    -11        0
  SINCE JUN 1     37                        77    -40       48
  SINCE JUL 1      3                        22    -19       12

 COOLING
  TODAY            2                         6     -4       10
  MONTH TO DATE  159                        90     69       96
  SINCE JUN 1    581                       435    146      363
  SINCE JAN 1    643                       476    167      422
..................................................................


WIND (MPH)
  RESULTANT WIND SPEED   0   RESULTANT WIND DIRECTION  MM
  HIGHEST WIND SPEED     3   HIGHEST WIND DIRECTION     S (160)
  HIGHEST GUST SPEED     7   HIGHEST GUST DIRECTION    SE (120)
  AVERAGE WIND SPEED     0.0


SKY COVER
  AVERAGE SKY COVER 0.0


WEATHER CONDITIONS
 THE FOLLOWING WEATHER WAS RECORDED TODAY.
  FOG


RELATIVE HUMIDITY (PERCENT)
 HIGHEST    93           200 AM
 LOWEST     84           100 AM
 AVERAGE    89

..........................................................


THE LANSING MI CLIMATE NORMALS FOR TOMORROW
                         NORMAL    RECORD    YEAR
 MAXIMUM TEMPERATURE (F)   80        96      1913
 MINIMUM TEMPERATURE (F)   60        34      1879


SUNRISE AND SUNSET
AUGUST 15 2016........SUNRISE   645 AM EDT   SUNSET   839 PM EDT
AUGUST 16 2016........SUNRISE   646 AM EDT   SUNSET   838 PM EDT


-  INDICATES NEGATIVE NUMBERS.
R  INDICATES RECORD WAS SET OR TIED.
MM INDICATES DATA IS MISSING.
T  INDICATES TRACE AMOUNT.




$$
