000
CDUS43 KGRR 110630
CLILAN


CLIMATE REPORT
NATIONAL WEATHER SERVICE GRAND RAPIDS, MI
129 AM EST WED JAN 11 2017


...................................

...THE LANSING MI CLIMATE SUMMARY FOR JANUARY 10 2017...

CLIMATE NORMAL PERIOD 1981 TO 2010
CLIMATE RECORD PERIOD 1864 TO 2017


WEATHER ITEM   OBSERVED TIME   RECORD YEAR NORMAL DEPARTURE LAST
                VALUE   (LST)  VALUE       VALUE  FROM      YEAR
                                                  NORMAL
..................................................................
TEMPERATURE (F)
 YESTERDAY
  MAXIMUM         47    730 PM  55    1975  30     17       38
  MINIMUM         26   1241 AM -18    1984  17      9       16
  AVERAGE         37                        24     13       27

PRECIPITATION (IN)
  YESTERDAY        0.45          0.70 1924   0.06   0.39     0.18
  MONTH TO DATE    1.07                      0.60   0.47     0.90
  SINCE DEC 1      2.83                      2.47   0.36     3.62
  SINCE JAN 1      1.07                      0.60   0.47     0.90

SNOWFALL (IN)
  YESTERDAY        2.1           7.0  1895   0.4    1.7      1.0
  MONTH TO DATE    3.6                       4.5   -0.9      1.9
  SINCE DEC 1     19.7                      17.5    2.2      3.8
  SINCE JUL 1     19.7                      21.3   -1.6     12.0
  SNOW DEPTH       0

DEGREE DAYS
 HEATING
  YESTERDAY       28                        42    -14       38
  MONTH TO DATE  423                       411     12      361
  SINCE DEC 1   1565                      1549     16     1158
  SINCE JUL 1   2540                      2963   -423     2266

 COOLING
  YESTERDAY        0                         0      0        0
  MONTH TO DATE    0                         0      0        0
  SINCE DEC 1      0                         0      0        0
  SINCE JAN 1      0                         0      0        0
..................................................................


WIND (MPH)
  RESULTANT WIND SPEED  18   RESULTANT WIND DIRECTION   S (190)
  HIGHEST WIND SPEED    40   HIGHEST WIND DIRECTION     W (250)
  HIGHEST GUST SPEED    52   HIGHEST GUST DIRECTION     W (270)
  AVERAGE WIND SPEED    20.7


SKY COVER
  AVERAGE SKY COVER 1.0


WEATHER CONDITIONS
 THE FOLLOWING WEATHER WAS RECORDED YESTERDAY.
  MIXED PRECIP
  RAIN
  LIGHT RAIN
  LT FREEZING RAIN
  SNOW
  LIGHT SNOW
  SLEET
  FOG
  HAZE


RELATIVE HUMIDITY (PERCENT)
 HIGHEST    92           200 PM
 LOWEST     81          1200 AM
 AVERAGE    87

..........................................................


THE LANSING MI CLIMATE NORMALS FOR TODAY
                         NORMAL    RECORD    YEAR
 MAXIMUM TEMPERATURE (F)   30        63      1890
 MINIMUM TEMPERATURE (F)   17       -18      1984


SUNRISE AND SUNSET
JANUARY 11 2017.......SUNRISE   808 AM EST   SUNSET   526 PM EST
JANUARY 12 2017.......SUNRISE   807 AM EST   SUNSET   527 PM EST


-  INDICATES NEGATIVE NUMBERS.
R  INDICATES RECORD WAS SET OR TIED.
MM INDICATES DATA IS MISSING.
T  INDICATES TRACE AMOUNT.




$$

jam
