000
CDUS43 KGRR 162125
CLILAN


CLIMATE REPORT
NATIONAL WEATHER SERVICE GRAND RAPIDS, MI
525 PM EDT MON MAY 16 2016


...................................

...THE LANSING MI CLIMATE SUMMARY FOR MAY 16 2016...
VALID TODAY AS OF 0500 PM LOCAL TIME.

CLIMATE NORMAL PERIOD 1981 TO 2010
CLIMATE RECORD PERIOD 1864 TO 2016


WEATHER ITEM   OBSERVED TIME   RECORD YEAR NORMAL DEPARTURE LAST
                VALUE   (LST)  VALUE       VALUE  FROM      YEAR
                                                  NORMAL
..................................................................
TEMPERATURE (F)
 TODAY
  MAXIMUM         68    339 PM  90    1977  69     -1       77
  MINIMUM         38    403 AM  27    1866  47     -9       55
  AVERAGE         53                        58     -5       66

PRECIPITATION (IN)
  TODAY            0.00          1.73 1974   0.10  -0.10     0.58
  MONTH TO DATE    2.65                      1.67   0.98     2.15
  SINCE MAR 1      9.41                      6.76   2.65     4.18
  SINCE JAN 1     12.57                      9.88   2.69     6.43

SNOWFALL (IN)
  TODAY            0.0           0.0    MM   0.0    0.0      0.0
  MONTH TO DATE    T                         0.0    0.0      0.0
  SINCE MAR 1     16.4                       8.9    7.5      1.9
  SINCE JUL 1     50.0                      51.1   -1.1     35.6
  SNOW DEPTH       0

DEGREE DAYS
 HEATING
  TODAY           12                         8      4        0
  MONTH TO DATE  194                       164     30       89
  SINCE MAR 1   1559                      1627    -68     1601
  SINCE JUL 1   5719                      6562   -843     7095

 COOLING
  TODAY            0                         1     -1        1
  MONTH TO DATE    0                        10    -10       19
  SINCE MAR 1      1                        17    -16       19
  SINCE JAN 1      1                        17    -16       19
..................................................................


WIND (MPH)
  RESULTANT WIND SPEED  14   RESULTANT WIND DIRECTION  SW (240)
  HIGHEST WIND SPEED    26   HIGHEST WIND DIRECTION     W (260)
  HIGHEST GUST SPEED    37   HIGHEST GUST DIRECTION     E (110)
  AVERAGE WIND SPEED    14.6


SKY COVER
  AVERAGE SKY COVER 0.2


WEATHER CONDITIONS
 THE FOLLOWING WEATHER WAS RECORDED TODAY.
  NO SIGNIFICANT WEATHER WAS OBSERVED.


RELATIVE HUMIDITY (PERCENT)
 HIGHEST    70           300 AM
 LOWEST     35           300 PM
 AVERAGE    53

..........................................................


THE LANSING MI CLIMATE NORMALS FOR TOMORROW
                         NORMAL    RECORD    YEAR
 MAXIMUM TEMPERATURE (F)   69        89      1977
                                             1962
 MINIMUM TEMPERATURE (F)   47        28      1973
                                             1867


SUNRISE AND SUNSET
MAY 16 2016...........SUNRISE   614 AM EDT   SUNSET   856 PM EDT
MAY 17 2016...........SUNRISE   613 AM EDT   SUNSET   857 PM EDT


-  INDICATES NEGATIVE NUMBERS.
R  INDICATES RECORD WAS SET OR TIED.
MM INDICATES DATA IS MISSING.
T  INDICATES TRACE AMOUNT.




$$
