000
CDUS43 KGRR 232135
CLILAN


CLIMATE REPORT
NATIONAL WEATHER SERVICE GRAND RAPIDS, MI
535 PM EDT TUE MAY 23 2017


...................................

...THE LANSING MI CLIMATE SUMMARY FOR MAY 23 2017...
VALID TODAY AS OF 0500 PM LOCAL TIME.

CLIMATE NORMAL PERIOD 1981 TO 2010
CLIMATE RECORD PERIOD 1864 TO 2017


WEATHER ITEM   OBSERVED TIME   RECORD YEAR NORMAL DEPARTURE LAST
                VALUE   (LST)  VALUE       VALUE  FROM      YEAR
                                                  NORMAL
..................................................................
TEMPERATURE (F)
 TODAY
  MAXIMUM         69    153 PM  91    1977  71     -2       78
  MINIMUM         58    639 AM  26    1866  49      9       42
  AVERAGE         64                        60      4       60

PRECIPITATION (IN)
  TODAY            T             2.14 1952   0.12  -0.12     0.00
  MONTH TO DATE    1.87                      2.45  -0.58     2.66
  SINCE MAR 1     10.16                      7.54   2.62     9.42
  SINCE JAN 1     16.44                     10.66   5.78    12.58

SNOWFALL (IN)
  TODAY            0.0           T    1917   0.0    0.0      0.0
  MONTH TO DATE    0.0                       0.0    0.0       T
  SINCE MAR 1      2.6                       8.9   -6.3     16.4
  SINCE JUL 1     30.2                      51.1  -20.9     50.0
  SNOW DEPTH       0

DEGREE DAYS
 HEATING
  TODAY            1                         7     -6        5
  MONTH TO DATE  226                       216     10      247
  SINCE MAR 1   1525                      1679   -154     1612
  SINCE JUL 1   5570                      6614  -1044     5772

 COOLING
  TODAY            0                         2     -2        0
  MONTH TO DATE   20                        18      2        0
  SINCE MAR 1     28                        25      3        1
  SINCE JAN 1     28                        25      3        1
..................................................................


WIND (MPH)
  RESULTANT WIND SPEED   7   RESULTANT WIND DIRECTION  SW (210)
  HIGHEST WIND SPEED    15   HIGHEST WIND DIRECTION     S (200)
  HIGHEST GUST SPEED    19   HIGHEST GUST DIRECTION    SW (220)
  AVERAGE WIND SPEED     8.1


SKY COVER
  AVERAGE SKY COVER 0.8


WEATHER CONDITIONS
 THE FOLLOWING WEATHER WAS RECORDED TODAY.
  LIGHT RAIN


RELATIVE HUMIDITY (PERCENT)
 HIGHEST    80           600 AM
 LOWEST     51           200 PM
 AVERAGE    66

..........................................................


THE LANSING MI CLIMATE NORMALS FOR TOMORROW
                         NORMAL    RECORD    YEAR
 MAXIMUM TEMPERATURE (F)   71        88      1975
 MINIMUM TEMPERATURE (F)   49        30      1897


SUNRISE AND SUNSET
MAY 23 2017...........SUNRISE   608 AM EDT   SUNSET   903 PM EDT
MAY 24 2017...........SUNRISE   608 AM EDT   SUNSET   903 PM EDT


-  INDICATES NEGATIVE NUMBERS.
R  INDICATES RECORD WAS SET OR TIED.
MM INDICATES DATA IS MISSING.
T  INDICATES TRACE AMOUNT.




$$
