000
CDUS43 KGRR 090519
CLILAN


CLIMATE REPORT
NATIONAL WEATHER SERVICE GRAND RAPIDS, MI
1218 AM EST THU NOV 9 2017


...................................

...THE LANSING MI CLIMATE SUMMARY FOR NOVEMBER 8 2017...

CLIMATE NORMAL PERIOD 1981 TO 2010
CLIMATE RECORD PERIOD 1864 TO 2017


WEATHER ITEM   OBSERVED TIME   RECORD YEAR NORMAL DEPARTURE LAST
                VALUE   (LST)  VALUE       VALUE  FROM      YEAR
                                                  NORMAL
..................................................................
TEMPERATURE (F)
 YESTERDAY
  MAXIMUM         47    336 PM  71    1915  50     -3       59
  MINIMUM         25    715 AM  11    1991  35    -10       44
  AVERAGE         36                        43     -7       52

PRECIPITATION (IN)
  YESTERDAY        0.00          1.70 1888   0.09  -0.09      T
  MONTH TO DATE    1.40                      0.75   0.65     1.55
  SINCE SEP 1     11.07                      6.78   4.29     8.10
  SINCE JAN 1     36.37                     27.87   8.50    31.58

SNOWFALL (IN)
  YESTERDAY        0.0          12.1  1921   0.1   -0.1      0.0
  MONTH TO DATE    0.0                       0.4   -0.4      0.0
  SINCE SEP 1      T                         0.8   -0.8       T
  SINCE JUL 1      T                         0.8   -0.8       T
  SNOW DEPTH       0

DEGREE DAYS
 HEATING
  YESTERDAY       29                        22      7       13
  MONTH TO DATE  186                       169     17       90
  SINCE SEP 1    603                       784   -181      480
  SINCE JUL 1    632                       819   -187      483

 COOLING
  YESTERDAY        0                         0      0        0
  MONTH TO DATE    0                         0      0        0
  SINCE SEP 1    148                        68     80      103
  SINCE JAN 1    782                       625    157      869
..................................................................


WIND (MPH)
  RESULTANT WIND SPEED   4   RESULTANT WIND DIRECTION   W (250)
  HIGHEST WIND SPEED    16   HIGHEST WIND DIRECTION     W (250)
  HIGHEST GUST SPEED    21   HIGHEST GUST DIRECTION    SW (240)
  AVERAGE WIND SPEED     4.7


SKY COVER
  AVERAGE SKY COVER 0.1


WEATHER CONDITIONS
 THE FOLLOWING WEATHER WAS RECORDED YESTERDAY.
  NO SIGNIFICANT WEATHER WAS OBSERVED.


RELATIVE HUMIDITY (PERCENT)
 HIGHEST    92           400 AM
 LOWEST     53           300 PM
 AVERAGE    73

..........................................................


THE LANSING MI CLIMATE NORMALS FOR TODAY
                         NORMAL    RECORD    YEAR
 MAXIMUM TEMPERATURE (F)   50        73      1999
 MINIMUM TEMPERATURE (F)   35        12      1991
                                             1863


SUNRISE AND SUNSET
NOVEMBER  9 2017......SUNRISE   723 AM EST   SUNSET   521 PM EST
NOVEMBER 10 2017......SUNRISE   724 AM EST   SUNSET   520 PM EST


-  INDICATES NEGATIVE NUMBERS.
R  INDICATES RECORD WAS SET OR TIED.
MM INDICATES DATA IS MISSING.
T  INDICATES TRACE AMOUNT.




$$
