000
CDUS43 KGRR 180517
CLILAN


CLIMATE REPORT
NATIONAL WEATHER SERVICE GRAND RAPIDS, MI
1217 AM EST THU JAN 18 2018


...................................

...THE LANSING MI CLIMATE SUMMARY FOR JANUARY 17 2018...

CLIMATE NORMAL PERIOD 1981 TO 2010
CLIMATE RECORD PERIOD 1864 TO 2018


WEATHER ITEM   OBSERVED TIME   RECORD YEAR NORMAL DEPARTURE LAST
                VALUE   (LST)  VALUE       VALUE  FROM      YEAR
                                                  NORMAL
..................................................................
TEMPERATURE (F)
 YESTERDAY
  MAXIMUM         27    304 PM  59    1952  30     -3       39
  MINIMUM          0    249 AM -18    1976  16    -16       33
  AVERAGE         14                        23     -9       36

PRECIPITATION (IN)
  YESTERDAY        T             1.10 1885   0.05  -0.05     0.47
  MONTH TO DATE    0.97                      0.99  -0.02     2.64
  SINCE DEC 1      2.29                      2.86  -0.57     4.40
  SINCE JAN 1      0.97                      0.99  -0.02     2.64

SNOWFALL (IN)
  YESTERDAY        T            11.0  1885   0.4   -0.4      0.0
  MONTH TO DATE    7.2                       7.7   -0.5      3.7
  SINCE DEC 1     24.6                      20.7    3.9     19.8
  SINCE JUL 1     25.0                      24.5    0.5     19.8
  SNOW DEPTH       4

DEGREE DAYS
 HEATING
  YESTERDAY       51                        42      9       29
  MONTH TO DATE  802                       705     97      674
  SINCE DEC 1   2065                      1843    222     1816
  SINCE JUL 1   3321                      3257     64     2791

 COOLING
  YESTERDAY        0                         0      0        0
  MONTH TO DATE    0                         0      0        0
  SINCE DEC 1      0                         0      0        0
  SINCE JAN 1      0                         0      0        0
..................................................................


WIND (MPH)
  RESULTANT WIND SPEED  13   RESULTANT WIND DIRECTION  SW (240)
  HIGHEST WIND SPEED    29   HIGHEST WIND DIRECTION     W (260)
  HIGHEST GUST SPEED    34   HIGHEST GUST DIRECTION     W (260)
  AVERAGE WIND SPEED    13.2


SKY COVER
  AVERAGE SKY COVER 0.2


WEATHER CONDITIONS
 THE FOLLOWING WEATHER WAS RECORDED YESTERDAY.
  LIGHT SNOW
  FOG


RELATIVE HUMIDITY (PERCENT)
 HIGHEST    96           700 AM
 LOWEST     55           300 PM
 AVERAGE    76

..........................................................


THE LANSING MI CLIMATE NORMALS FOR TODAY
                         NORMAL    RECORD    YEAR
 MAXIMUM TEMPERATURE (F)   30        60      1996
 MINIMUM TEMPERATURE (F)   16       -25      1976


SUNRISE AND SUNSET
JANUARY 18 2018.......SUNRISE   805 AM EST   SUNSET   534 PM EST
JANUARY 19 2018.......SUNRISE   804 AM EST   SUNSET   535 PM EST


-  INDICATES NEGATIVE NUMBERS.
R  INDICATES RECORD WAS SET OR TIED.
MM INDICATES DATA IS MISSING.
T  INDICATES TRACE AMOUNT.




$$
