000
CDUS43 KGRR 141351
CLILAN


CLIMATE REPORT
NATIONAL WEATHER SERVICE GRAND RAPIDS, MI
950 AM EDT THU SEP 14 2017


...................................

...THE LANSING MI CLIMATE SUMMARY FOR SEPTEMBER 14 2017...
VALID AS OF 0900 AM LOCAL TIME.

CLIMATE NORMAL PERIOD 1981 TO 2010
CLIMATE RECORD PERIOD 1864 TO 2017


WEATHER ITEM   OBSERVED TIME   RECORD YEAR NORMAL DEPARTURE LAST
                VALUE   (LST)  VALUE       VALUE  FROM      YEAR
                                                  NORMAL
..................................................................
TEMPERATURE (F)
 TODAY
  MAXIMUM         58   1223 AM  94    1927  74    -16       73
  MINIMUM         52    315 AM  28    1866  52      0       56
  AVERAGE         55                        63     -8       65

PRECIPITATION (IN)
  TODAY            0.00          2.71 2008   0.12  -0.12     0.03
  MONTH TO DATE    0.29                      1.58  -1.29     0.79
  SINCE SEP 1      0.29                      1.58  -1.29     0.79
  SINCE JAN 1     25.59                     22.67   2.92    24.27

SNOWFALL (IN)
  TODAY            0.0           0.0    MM   0.0    0.0      0.0
  MONTH TO DATE    0.0                       0.0    0.0      0.0
  SINCE SEP 1      0.0                       0.0    0.0      0.0
  SINCE JUL 1      0.0                       0.0    0.0      0.0
  SNOW DEPTH       0

DEGREE DAYS
 HEATING
  TODAY           10                         4      6        0
  MONTH TO DATE   85                        40     45        6
  SINCE SEP 1     85                        40     45        6
  SINCE JUL 1    114                        75     39        9

 COOLING
  TODAY            0                         2     -2        0
  MONTH TO DATE    8                        41    -33       61
  SINCE SEP 1      8                        41    -33       61
  SINCE JAN 1    642                       598     44      827
..................................................................


WIND (MPH)
  RESULTANT WIND SPEED   1   RESULTANT WIND DIRECTION  SW (210)
  HIGHEST WIND SPEED     6   HIGHEST WIND DIRECTION    NW (310)
  HIGHEST GUST SPEED     6   HIGHEST GUST DIRECTION    NW (310)
  AVERAGE WIND SPEED     0.8


SKY COVER
  AVERAGE SKY COVER 0.6


WEATHER CONDITIONS
 THE FOLLOWING WEATHER WAS RECORDED TODAY.
  FOG
  FOG W/VISIBILITY <= 1/4 MILE


RELATIVE HUMIDITY (PERCENT)
 HIGHEST   100           200 AM
 LOWEST     86           300 AM
 AVERAGE    93

..........................................................


THE LANSING MI CLIMATE NORMALS FOR TOMORROW
                         NORMAL    RECORD    YEAR
 MAXIMUM TEMPERATURE (F)   73        94      1939
                                             1927
 MINIMUM TEMPERATURE (F)   52        35      1995
                                             1864


SUNRISE AND SUNSET
SEPTEMBER 14 2017.....SUNRISE   717 AM EDT   SUNSET   750 PM EDT
SEPTEMBER 15 2017.....SUNRISE   718 AM EDT   SUNSET   748 PM EDT


-  INDICATES NEGATIVE NUMBERS.
R  INDICATES RECORD WAS SET OR TIED.
MM INDICATES DATA IS MISSING.
T  INDICATES TRACE AMOUNT.




$$
