000
CDUS43 KGRR 100539
CLILAN


CLIMATE REPORT
NATIONAL WEATHER SERVICE GRAND RAPIDS, MI
138 AM EDT WED SEP 10 2014


...................................

...THE LANSING MI CLIMATE SUMMARY FOR SEPTEMBER 9 2014...

CLIMATE NORMAL PERIOD 1981 TO 2010
CLIMATE RECORD PERIOD 1864 TO 2014


WEATHER ITEM   OBSERVED TIME   RECORD YEAR NORMAL DEPARTURE LAST
                VALUE   (LST)  VALUE       VALUE  FROM      YEAR
                                                  NORMAL
..................................................................
TEMPERATURE (F)
 YESTERDAY
  MAXIMUM         77    134 PM  94    1897  75      2       82
                                      1874
  MINIMUM         59    346 AM  30    1879  54      5       55
  AVERAGE         68                        65      3       69

PRECIPITATION (IN)
  YESTERDAY        0.00          1.73 1875   0.11  -0.11     0.49
  MONTH TO DATE    1.00                      1.01  -0.01     0.56
  SINCE SEP 1      1.00                      1.01  -0.01     0.56
  SINCE JAN 1     28.22                     22.10   6.12    33.48

SNOWFALL (IN)
  YESTERDAY        0.0           0.0    MM   0.0    0.0      0.0
  MONTH TO DATE    0.0                       0.0    0.0      0.0
  SINCE SEP 1      0.0                       0.0    0.0      0.0
  SINCE JUL 1      0.0                       0.0    0.0      0.0
  SNOW DEPTH       0

DEGREE DAYS
 HEATING
  YESTERDAY        0                         3     -3        0
  MONTH TO DATE    3                        21    -18        7
  SINCE SEP 1      3                        21    -18        7
  SINCE JUL 1     43                        56    -13       42

 COOLING
  YESTERDAY        3                         3      0        4
  MONTH TO DATE   39                        30      9       23
  SINCE SEP 1     39                        30      9       23
  SINCE JAN 1    484                       587   -103      611
..................................................................


WIND (MPH)
  RESULTANT WIND SPEED   3   RESULTANT WIND DIRECTION   S (180)
  HIGHEST WIND SPEED    14   HIGHEST WIND DIRECTION     S (190)
  HIGHEST GUST SPEED    17   HIGHEST GUST DIRECTION     S (190)
  AVERAGE WIND SPEED     4.3


SKY COVER
  AVERAGE SKY COVER 0.1


WEATHER CONDITIONS
 THE FOLLOWING WEATHER WAS RECORDED YESTERDAY.
  NO SIGNIFICANT WEATHER WAS OBSERVED.


RELATIVE HUMIDITY (PERCENT)
 HIGHEST    90           500 AM
 LOWEST     49           600 PM
 AVERAGE    70

..........................................................


THE LANSING MI CLIMATE NORMALS FOR TODAY
                         NORMAL    RECORD    YEAR
 MAXIMUM TEMPERATURE (F)   75        93      1978
                                             1895
                                             1874
 MINIMUM TEMPERATURE (F)   54        32      1867


SUNRISE AND SUNSET
SEPTEMBER 10 2014.....SUNRISE   713 AM EDT   SUNSET   757 PM EDT
SEPTEMBER 11 2014.....SUNRISE   714 AM EDT   SUNSET   755 PM EDT


-  INDICATES NEGATIVE NUMBERS.
R  INDICATES RECORD WAS SET OR TIED.
MM INDICATES DATA IS MISSING.
T  INDICATES TRACE AMOUNT.




$$
