000
CDUS43 KGRR 122226
CLILAN


CLIMATE REPORT
NATIONAL WEATHER SERVICE GRAND RAPIDS, MI
526 PM EST SUN FEB 12 2017


...................................

...THE LANSING MI CLIMATE SUMMARY FOR FEBRUARY 12 2017...
VALID TODAY AS OF 0500 PM LOCAL TIME.

CLIMATE NORMAL PERIOD 1981 TO 2010
CLIMATE RECORD PERIOD 1864 TO 2017


WEATHER ITEM   OBSERVED TIME   RECORD YEAR NORMAL DEPARTURE LAST
                VALUE   (LST)  VALUE       VALUE  FROM      YEAR
                                                  NORMAL
..................................................................
TEMPERATURE (F)
 TODAY
  MAXIMUM         41    405 PM  60    1869  32      9       22
  MINIMUM         33    926 AM -24    1967  18     15        6
                                      1899
  AVERAGE         37                        25     12       14

PRECIPITATION (IN)
  TODAY            0.10          2.35 1938   0.05   0.05     0.02
  MONTH TO DATE    0.96                      0.56   0.40     0.73
  SINCE DEC 1      6.37                      4.08   2.29     4.90
  SINCE JAN 1      4.61                      2.21   2.40     2.18

SNOWFALL (IN)
  TODAY            T             5.0  1897   0.5   -0.5      0.4
                                      1894
  MONTH TO DATE    1.9                       5.2   -3.3      3.9
  SINCE DEC 1     27.1                      32.0   -4.9     13.6
  SINCE JUL 1     27.1                      35.8   -8.7     21.8
  SNOW DEPTH       0

DEGREE DAYS
 HEATING
  TODAY           28                        40    -12       51
  MONTH TO DATE  451                       488    -37      443
  SINCE DEC 1   2701                      2914   -213     2451
  SINCE JUL 1   3676                      4328   -652     3559

 COOLING
  TODAY            0                         0      0        0
  MONTH TO DATE    0                         0      0        0
  SINCE DEC 1      0                         0      0        0
  SINCE JAN 1      0                         0      0        0
..................................................................


WIND (MPH)
  RESULTANT WIND SPEED   6   RESULTANT WIND DIRECTION   W (290)
  HIGHEST WIND SPEED    32   HIGHEST WIND DIRECTION     W (280)
  HIGHEST GUST SPEED    40   HIGHEST GUST DIRECTION     W (270)
  AVERAGE WIND SPEED     9.1


SKY COVER
  AVERAGE SKY COVER 0.9


WEATHER CONDITIONS
 THE FOLLOWING WEATHER WAS RECORDED TODAY.
  LIGHT RAIN
  LIGHT SNOW
  FOG
  HAZE


RELATIVE HUMIDITY (PERCENT)
 HIGHEST    96           500 AM
 LOWEST     54           500 PM
 AVERAGE    75

..........................................................


THE LANSING MI CLIMATE NORMALS FOR TOMORROW
                         NORMAL    RECORD    YEAR
 MAXIMUM TEMPERATURE (F)   33        59      1876
 MINIMUM TEMPERATURE (F)   18       -25      1875


SUNRISE AND SUNSET
FEBRUARY 12 2017......SUNRISE   739 AM EST   SUNSET   606 PM EST
FEBRUARY 13 2017......SUNRISE   738 AM EST   SUNSET   608 PM EST


-  INDICATES NEGATIVE NUMBERS.
R  INDICATES RECORD WAS SET OR TIED.
MM INDICATES DATA IS MISSING.
T  INDICATES TRACE AMOUNT.




$$
