000
CDUS43 KGRR 180518
CLILAN


CLIMATE REPORT
NATIONAL WEATHER SERVICE GRAND RAPIDS, MI
118 AM EDT WED MAY 18 2016


...................................

...THE LANSING MI CLIMATE SUMMARY FOR MAY 17 2016...

CLIMATE NORMAL PERIOD 1981 TO 2010
CLIMATE RECORD PERIOD 1864 TO 2016


WEATHER ITEM   OBSERVED TIME   RECORD YEAR NORMAL DEPARTURE LAST
                VALUE   (LST)  VALUE       VALUE  FROM      YEAR
                                                  NORMAL
..................................................................
TEMPERATURE (F)
 YESTERDAY
  MAXIMUM         64    344 PM  89    1977  69     -5       81
                                      1962
  MINIMUM         45   1159 PM  28    1973  47     -2       64
                                      1867
  AVERAGE         55                        58     -3       73

PRECIPITATION (IN)
  YESTERDAY        T             1.46 1944   0.11  -0.11     0.01
  MONTH TO DATE    2.66                      1.78   0.88     2.16
  SINCE MAR 1      9.42                      6.87   2.55     4.19
  SINCE JAN 1     12.58                      9.99   2.59     6.44

SNOWFALL (IN)
  YESTERDAY       MM             0.0    MM   0.0   MM        0.0
  MONTH TO DATE    T                         0.0    0.0      0.0
  SINCE MAR 1     16.4                       8.9    7.5      1.9
  SINCE JUL 1     50.0                      51.1   -1.1     35.6
  SNOW DEPTH       0

DEGREE DAYS
 HEATING
  YESTERDAY       10                         8      2        0
  MONTH TO DATE  204                       172     32       89
  SINCE MAR 1   1569                      1635    -66     1601
  SINCE JUL 1   5729                      6570   -841     7095

 COOLING
  YESTERDAY        0                         1     -1        8
  MONTH TO DATE    0                        11    -11       27
  SINCE MAR 1      1                        18    -17       27
  SINCE JAN 1      1                        18    -17       27
..................................................................


WIND (MPH)
  RESULTANT WIND SPEED   7   RESULTANT WIND DIRECTION  NE (50)
  HIGHEST WIND SPEED    13   HIGHEST WIND DIRECTION    NE (40)
  HIGHEST GUST SPEED    17   HIGHEST GUST DIRECTION    NE (30)
  AVERAGE WIND SPEED     7.3


SKY COVER
  AVERAGE SKY COVER 0.5


WEATHER CONDITIONS
 THE FOLLOWING WEATHER WAS RECORDED YESTERDAY.
  LIGHT RAIN


RELATIVE HUMIDITY (PERCENT)
 HIGHEST    86           400 AM
 LOWEST     40           200 PM
 AVERAGE    63

..........................................................


THE LANSING MI CLIMATE NORMALS FOR TODAY
                         NORMAL    RECORD    YEAR
 MAXIMUM TEMPERATURE (F)   69        89      1911
 MINIMUM TEMPERATURE (F)   47        23      1868


SUNRISE AND SUNSET
MAY 18 2016...........SUNRISE   612 AM EDT   SUNSET   858 PM EDT
MAY 19 2016...........SUNRISE   611 AM EDT   SUNSET   859 PM EDT


-  INDICATES NEGATIVE NUMBERS.
R  INDICATES RECORD WAS SET OR TIED.
MM INDICATES DATA IS MISSING.
T  INDICATES TRACE AMOUNT.




$$
