000
CDUS43 KGRR 212126
CLILAN


CLIMATE REPORT
NATIONAL WEATHER SERVICE GRAND RAPIDS, MI
525 PM EDT THU APR 21 2016


...................................

...THE LANSING MI CLIMATE SUMMARY FOR APRIL 21 2016...
VALID TODAY AS OF 0500 PM LOCAL TIME.

CLIMATE NORMAL PERIOD 1981 TO 2010
CLIMATE RECORD PERIOD 1864 TO 2016


WEATHER ITEM   OBSERVED TIME   RECORD YEAR NORMAL DEPARTURE LAST
                VALUE   (LST)  VALUE       VALUE  FROM      YEAR
                                                  NORMAL
..................................................................
TEMPERATURE (F)
 TODAY
  MAXIMUM         62    344 PM  84    1985  60      2       46
  MINIMUM         48    417 AM  15    1875  39      9       38
  AVERAGE         55                        50      5       42

PRECIPITATION (IN)
  TODAY            0.25          1.20 1905   0.10   0.15     0.02
  MONTH TO DATE    1.53                      2.15  -0.62     1.27
  SINCE MAR 1      5.78                      4.21   1.57     2.01
  SINCE JAN 1      8.94                      7.33   1.61     4.26

SNOWFALL (IN)
  TODAY            0.0           3.0  1868   0.0    0.0       T
  MONTH TO DATE    7.5                       1.7    5.8       T
  SINCE MAR 1     16.4                       8.7    7.7      1.9
  SINCE JUL 1     50.0                      50.9   -0.9     35.6
  SNOW DEPTH       0

DEGREE DAYS
 HEATING
  TODAY           10                        16     -6       23
  MONTH TO DATE  455                       408     47      334
  SINCE MAR 1   1218                      1337   -119     1325
  SINCE JUL 1   5378                      6272   -894     6819

 COOLING
  TODAY            0                         0      0        0
  MONTH TO DATE    1                         0      1        0
  SINCE MAR 1      1                         1      0        0
  SINCE JAN 1      1                         1      0        0
..................................................................


WIND (MPH)
  RESULTANT WIND SPEED   6   RESULTANT WIND DIRECTION  SE (150)
  HIGHEST WIND SPEED    16   HIGHEST WIND DIRECTION     S (200)
  HIGHEST GUST SPEED    22   HIGHEST GUST DIRECTION     S (200)
  AVERAGE WIND SPEED     7.2


SKY COVER
  AVERAGE SKY COVER 1.0


WEATHER CONDITIONS
 THE FOLLOWING WEATHER WAS RECORDED TODAY.
  RAIN
  LIGHT RAIN
  FOG
  HAZE


RELATIVE HUMIDITY (PERCENT)
 HIGHEST    93          1200 PM
 LOWEST     36          1200 AM
 AVERAGE    65

..........................................................


THE LANSING MI CLIMATE NORMALS FOR TOMORROW
                         NORMAL    RECORD    YEAR
 MAXIMUM TEMPERATURE (F)   61        86      1980
 MINIMUM TEMPERATURE (F)   39        21      1875


SUNRISE AND SUNSET
APRIL 21 2016.........SUNRISE   647 AM EDT   SUNSET   828 PM EDT
APRIL 22 2016.........SUNRISE   645 AM EDT   SUNSET   829 PM EDT


-  INDICATES NEGATIVE NUMBERS.
R  INDICATES RECORD WAS SET OR TIED.
MM INDICATES DATA IS MISSING.
T  INDICATES TRACE AMOUNT.




$$
