000
CDUS43 KGRR 011430
CLILAN


CLIMATE REPORT
NATIONAL WEATHER SERVICE GRAND RAPIDS, MI
929 AM EST FRI DEC 1 2017


...................................

...THE LANSING MI CLIMATE SUMMARY FOR DECEMBER 1 2017...
VALID AS OF 0900 AM LOCAL TIME.

CLIMATE NORMAL PERIOD 1981 TO 2010
CLIMATE RECORD PERIOD 1864 TO 2017


WEATHER ITEM   OBSERVED TIME   RECORD YEAR NORMAL DEPARTURE LAST
                VALUE   (LST)  VALUE       VALUE  FROM      YEAR
                                                  NORMAL
..................................................................
TEMPERATURE (F)
 TODAY
  MAXIMUM         36   1244 AM  65    1970  39     -3       42
  MINIMUM         23    758 AM  -1    1886  27     -4       35
  AVERAGE         30                        33     -3       39

PRECIPITATION (IN)
  TODAY            0.00          0.96 2006   0.07  -0.07     0.01
  MONTH TO DATE    0.00                      0.07  -0.07     0.01
  SINCE DEC 1      0.00                      0.07  -0.07     0.01
  SINCE JAN 1     38.30                     29.97   8.33    33.20

SNOWFALL (IN)
  TODAY            0.0           6.2  1974   0.3   -0.3       T
  MONTH TO DATE    0.0                       0.3   -0.3       T
  SINCE DEC 1      0.0                       0.3   -0.3       T
  SINCE JUL 1      0.4                       4.1   -3.7       T
  SNOW DEPTH       0

DEGREE DAYS
 HEATING
  TODAY           35                        32      3       26
  MONTH TO DATE   35                        32      3       26
  SINCE DEC 1     35                        32      3       26
  SINCE JUL 1   1291                      1446   -155     1001

 COOLING
  TODAY            0                         0      0        0
  MONTH TO DATE    0                         0      0        0
  SINCE DEC 1      0                         0      0        0
  SINCE JAN 1    782                       625    157      869
..................................................................


WIND (MPH)
  RESULTANT WIND SPEED   2   RESULTANT WIND DIRECTION   W (270)
  HIGHEST WIND SPEED     8   HIGHEST WIND DIRECTION     W (260)
  HIGHEST GUST SPEED     8   HIGHEST GUST DIRECTION     W (280)
  AVERAGE WIND SPEED     1.7


SKY COVER
  AVERAGE SKY COVER 0.0


WEATHER CONDITIONS
 THE FOLLOWING WEATHER WAS RECORDED TODAY.
  NO SIGNIFICANT WEATHER WAS OBSERVED.


RELATIVE HUMIDITY (PERCENT)
 HIGHEST   100           600 AM
 LOWEST     70          1200 AM
 AVERAGE    85

..........................................................


THE LANSING MI CLIMATE NORMALS FOR TOMORROW
                         NORMAL    RECORD    YEAR
 MAXIMUM TEMPERATURE (F)   39        66      1982
 MINIMUM TEMPERATURE (F)   27       -13      1869


SUNRISE AND SUNSET
DECEMBER  1 2017......SUNRISE   749 AM EST   SUNSET   505 PM EST
DECEMBER  2 2017......SUNRISE   751 AM EST   SUNSET   505 PM EST


-  INDICATES NEGATIVE NUMBERS.
R  INDICATES RECORD WAS SET OR TIED.
MM INDICATES DATA IS MISSING.
T  INDICATES TRACE AMOUNT.




$$

JAM
