000
CDUS43 KGRR 132129
CLILAN


CLIMATE REPORT
NATIONAL WEATHER SERVICE GRAND RAPIDS, MI
528 PM EDT SAT AUG 13 2016


...................................

...THE LANSING MI CLIMATE SUMMARY FOR AUGUST 13 2016...
VALID TODAY AS OF 0500 PM LOCAL TIME.

CLIMATE NORMAL PERIOD 1981 TO 2010
CLIMATE RECORD PERIOD 1864 TO 2016


WEATHER ITEM   OBSERVED TIME   RECORD YEAR NORMAL DEPARTURE LAST
                VALUE   (LST)  VALUE       VALUE  FROM      YEAR
                                                  NORMAL
..................................................................
TEMPERATURE (F)
 TODAY
  MAXIMUM         86    354 PM  96    1918  81      5       84
  MINIMUM         73    635 AM  41    1967  60     13       60
  AVERAGE         80                        70     10       72

PRECIPITATION (IN)
  TODAY            0.88          1.71 1994   0.11   0.77     0.40
  MONTH TO DATE    1.96                      1.36   0.60     4.87
  SINCE JUN 1      5.90                      7.65  -1.75    16.33
  SINCE JAN 1     18.81                     19.22  -0.41    24.38

SNOWFALL (IN)
  TODAY            0.0           0.0    MM   0.0    0.0      0.0
  MONTH TO DATE    0.0                       0.0    0.0      0.0
  SINCE JUN 1      0.0                       0.0    0.0      0.0
  SINCE JUL 1      0.0                       0.0    0.0      0.0
  SNOW DEPTH       0

DEGREE DAYS
 HEATING
  TODAY            0                         1     -1        0
  MONTH TO DATE    0                         9     -9        0
  SINCE JUN 1     37                        75    -38       48
  SINCE JUL 1      3                        20    -17       12

 COOLING
  TODAY           15                         6      9        7
  MONTH TO DATE  149                        78     71       75
  SINCE JUN 1    571                       423    148      342
  SINCE JAN 1    633                       464    169      401
..................................................................


WIND (MPH)
  RESULTANT WIND SPEED  10   RESULTANT WIND DIRECTION  SW (240)
  HIGHEST WIND SPEED    22   HIGHEST WIND DIRECTION     W (260)
  HIGHEST GUST SPEED    27   HIGHEST GUST DIRECTION     W (250)
  AVERAGE WIND SPEED    12.3


SKY COVER
  AVERAGE SKY COVER 0.7


WEATHER CONDITIONS
 THE FOLLOWING WEATHER WAS RECORDED TODAY.
  THUNDERSTORM
  HEAVY RAIN
  RAIN
  LIGHT RAIN
  FOG


RELATIVE HUMIDITY (PERCENT)
 HIGHEST    93           100 AM
 LOWEST     57           300 PM
 AVERAGE    75

..........................................................


THE LANSING MI CLIMATE NORMALS FOR TOMORROW
                         NORMAL    RECORD    YEAR
 MAXIMUM TEMPERATURE (F)   81        98      1965
 MINIMUM TEMPERATURE (F)   60        40      1964
                                             1870


SUNRISE AND SUNSET
AUGUST 13 2016........SUNRISE   643 AM EDT   SUNSET   842 PM EDT
AUGUST 14 2016........SUNRISE   644 AM EDT   SUNSET   841 PM EDT


-  INDICATES NEGATIVE NUMBERS.
R  INDICATES RECORD WAS SET OR TIED.
MM INDICATES DATA IS MISSING.
T  INDICATES TRACE AMOUNT.




$$

JAM
