000
CDUS43 KGRR 140522
CLILAN


CLIMATE REPORT
NATIONAL WEATHER SERVICE GRAND RAPIDS, MI
122 AM EDT TUE MAR 14 2017


...................................

...THE LANSING MI CLIMATE SUMMARY FOR MARCH 13 2017...

CLIMATE NORMAL PERIOD 1981 TO 2010
CLIMATE RECORD PERIOD 1864 TO 2017


WEATHER ITEM   OBSERVED TIME   RECORD YEAR NORMAL DEPARTURE LAST
                VALUE   (LST)  VALUE       VALUE  FROM      YEAR
                                                  NORMAL
..................................................................
TEMPERATURE (F)
 YESTERDAY
  MAXIMUM         27    233 PM  74    1990  43    -16       49
  MINIMUM         17   1159 PM  -5    2014  25     -8       44
  AVERAGE         22                        34    -12       47

PRECIPITATION (IN)
  YESTERDAY        0.10          1.49 1918   0.06   0.04     1.01
  MONTH TO DATE    0.61                      0.78  -0.17     1.73
  SINCE MAR 1      0.61                      0.78  -0.17     1.73
  SINCE JAN 1      6.89                      3.90   2.99     4.89

SNOWFALL (IN)
  YESTERDAY        1.0           6.0  1881   0.3    0.7      0.0
  MONTH TO DATE    1.6                       3.8   -2.2      8.9
  SINCE MAR 1      1.6                       3.8   -2.2      8.9
  SINCE JUL 1     29.2                      46.0  -16.8     42.5
  SNOW DEPTH       0

DEGREE DAYS
 HEATING
  YESTERDAY       43                        31     12       18
  MONTH TO DATE  430                       436     -6      353
  SINCE MAR 1    430                       436     -6      353
  SINCE JUL 1   4475                      5371   -896     4513

 COOLING
  YESTERDAY        0                         0      0        0
  MONTH TO DATE    0                         0      0        0
  SINCE MAR 1      0                         0      0        0
  SINCE JAN 1      0                         0      0        0
..................................................................


WIND (MPH)
  RESULTANT WIND SPEED   8   RESULTANT WIND DIRECTION   E (80)
  HIGHEST WIND SPEED    17   HIGHEST WIND DIRECTION     E (70)
  HIGHEST GUST SPEED    22   HIGHEST GUST DIRECTION    NE (50)
  AVERAGE WIND SPEED     9.3


SKY COVER
  AVERAGE SKY COVER 1.0


WEATHER CONDITIONS
 THE FOLLOWING WEATHER WAS RECORDED YESTERDAY.
  LIGHT SNOW
  FOG
  HAZE


RELATIVE HUMIDITY (PERCENT)
 HIGHEST    84           500 AM
 LOWEST     46          1200 AM
 AVERAGE    65

..........................................................


THE LANSING MI CLIMATE NORMALS FOR TODAY
                         NORMAL    RECORD    YEAR
 MAXIMUM TEMPERATURE (F)   43        79      2012
 MINIMUM TEMPERATURE (F)   25        -2      1877


SUNRISE AND SUNSET
MARCH 14 2017.........SUNRISE   752 AM EDT   SUNSET   744 PM EDT
MARCH 15 2017.........SUNRISE   750 AM EDT   SUNSET   745 PM EDT


-  INDICATES NEGATIVE NUMBERS.
R  INDICATES RECORD WAS SET OR TIED.
MM INDICATES DATA IS MISSING.
T  INDICATES TRACE AMOUNT.




$$
