000
CDUS43 KGRR 131355
CLILAN


CLIMATE REPORT
NATIONAL WEATHER SERVICE GRAND RAPIDS, MI
950 AM EDT TUE JUN 13 2017


...................................

...THE LANSING MI CLIMATE SUMMARY FOR JUNE 13 2017...
VALID AS OF 0900 AM LOCAL TIME.

CLIMATE NORMAL PERIOD 1981 TO 2010
CLIMATE RECORD PERIOD 1864 TO 2017


WEATHER ITEM   OBSERVED TIME   RECORD YEAR NORMAL DEPARTURE LAST
                VALUE   (LST)  VALUE       VALUE  FROM      YEAR
                                                  NORMAL
..................................................................
TEMPERATURE (F)
 TODAY
  MAXIMUM         80    759 AM  95    1956  78      2       72
  MINIMUM         74    531 AM  35    1864  56     18       50
  AVERAGE         77                        67     10       61

PRECIPITATION (IN)
  TODAY            0.00          1.66 1971   0.13  -0.13     0.03
  MONTH TO DATE    0.13                      1.52  -1.39     0.27
  SINCE JUN 1      0.13                      1.52  -1.39     0.27
  SINCE JAN 1     17.19                     13.09   4.10    13.18

SNOWFALL (IN)
  TODAY            0.0           0.0    MM   0.0    0.0      0.0
  MONTH TO DATE    0.0                       0.0    0.0      0.0
  SINCE JUN 1      0.0                       0.0    0.0      0.0
  SINCE JUL 1     30.2                      51.1  -20.9     50.0
  SNOW DEPTH       0

DEGREE DAYS
 HEATING
  TODAY            0                         2     -2        4
  MONTH TO DATE    7                        38    -31       28
  SINCE JUN 1      7                        38    -31       28
  SINCE JUL 1   5596                      6695  -1099     5800

 COOLING
  TODAY           12                         4      8        0
  MONTH TO DATE   83                        40     43       43
  SINCE JUN 1     83                        40     43       43
  SINCE JAN 1    118                        81     37      105
..................................................................


WIND (MPH)
  RESULTANT WIND SPEED   3   RESULTANT WIND DIRECTION   W (250)
  HIGHEST WIND SPEED    12   HIGHEST WIND DIRECTION     W (290)
  HIGHEST GUST SPEED    15   HIGHEST GUST DIRECTION    NW (300)
  AVERAGE WIND SPEED     5.2


SKY COVER
  AVERAGE SKY COVER 0.4


WEATHER CONDITIONS
 THE FOLLOWING WEATHER WAS RECORDED TODAY.
  NO SIGNIFICANT WEATHER WAS OBSERVED.


RELATIVE HUMIDITY (PERCENT)
 HIGHEST    69           400 AM
 LOWEST     58           100 AM
 AVERAGE    64

..........................................................


THE LANSING MI CLIMATE NORMALS FOR TOMORROW
                         NORMAL    RECORD    YEAR
 MAXIMUM TEMPERATURE (F)   78        97      1987
 MINIMUM TEMPERATURE (F)   57        34      1978


SUNRISE AND SUNSET
JUNE 13 2017..........SUNRISE   559 AM EDT   SUNSET   918 PM EDT
JUNE 14 2017..........SUNRISE   559 AM EDT   SUNSET   918 PM EDT


-  INDICATES NEGATIVE NUMBERS.
R  INDICATES RECORD WAS SET OR TIED.
MM INDICATES DATA IS MISSING.
T  INDICATES TRACE AMOUNT.




$$

HRICH
