000
CDUS43 KGRR 300522
CLILAN


CLIMATE REPORT
NATIONAL WEATHER SERVICE GRAND RAPIDS, MI
122 AM EDT TUE JUN 30 2015


...................................

...THE LANSING MI CLIMATE SUMMARY FOR JUNE 29 2015...

CLIMATE NORMAL PERIOD 1981 TO 2010
CLIMATE RECORD PERIOD 1864 TO 2015


WEATHER ITEM   OBSERVED TIME   RECORD YEAR NORMAL DEPARTURE LAST
                VALUE   (LST)  VALUE       VALUE  FROM      YEAR
                                                  NORMAL
..................................................................
TEMPERATURE (F)
 YESTERDAY
  MAXIMUM         78   1241 PM  96    1964  82     -4       85
  MINIMUM         59   1159 PM  41    1923  60     -1       71
  AVERAGE         69                        71     -2       78

PRECIPITATION (IN)
  YESTERDAY        0.00          3.50 1864   0.11  -0.11     0.00
  MONTH TO DATE    8.90                      3.35   5.55     6.39
  SINCE JUN 1      8.90                      3.35   5.55     6.39
  SINCE JAN 1     16.95                     14.92   2.03    17.60

SNOWFALL (IN)
  YESTERDAY        0.0           0.0    MM   0.0    0.0      0.0
  MONTH TO DATE    0.0                       0.0    0.0      0.0
  SINCE JUN 1      0.0                       0.0    0.0      0.0
  SINCE JUL 1     35.6                      51.1  -15.5     69.1
  SNOW DEPTH       0

DEGREE DAYS
 HEATING
  YESTERDAY        0                         1     -1        0
  MONTH TO DATE   36                        56    -20       24
  SINCE JUN 1     36                        56    -20       24
  SINCE JUL 1   7211                      6713    498     7543

 COOLING
  YESTERDAY        4                         6     -2       13
  MONTH TO DATE   87                       124    -37      136
  SINCE JUN 1     87                       124    -37      136
  SINCE JAN 1    146                       165    -19      175
..................................................................


WIND (MPH)
  RESULTANT WIND SPEED   5   RESULTANT WIND DIRECTION   S (170)
  HIGHEST WIND SPEED    17   HIGHEST WIND DIRECTION    SW (210)
  HIGHEST GUST SPEED    23   HIGHEST GUST DIRECTION    SW (210)
  AVERAGE WIND SPEED     5.9


SKY COVER
  AVERAGE SKY COVER 0.2


WEATHER CONDITIONS
 THE FOLLOWING WEATHER WAS RECORDED YESTERDAY.
  FOG
  HAZE


RELATIVE HUMIDITY (PERCENT)
 HIGHEST    84          1200 AM
 LOWEST     53           500 PM
 AVERAGE    69

..........................................................


THE LANSING MI CLIMATE NORMALS FOR TODAY
                         NORMAL    RECORD    YEAR
 MAXIMUM TEMPERATURE (F)   82        98      1913
 MINIMUM TEMPERATURE (F)   60        41      1943


SUNRISE AND SUNSET
JUNE 30 2015..........SUNRISE   603 AM EDT   SUNSET   921 PM EDT
JULY  1 2015..........SUNRISE   604 AM EDT   SUNSET   921 PM EDT


-  INDICATES NEGATIVE NUMBERS.
R  INDICATES RECORD WAS SET OR TIED.
MM INDICATES DATA IS MISSING.
T  INDICATES TRACE AMOUNT.




$$
