299
CDUS43 KGRR 140521
CLILAN


CLIMATE REPORT
NATIONAL WEATHER SERVICE GRAND RAPIDS, MI
121 AM EDT MON AUG 14 2017


...................................

...THE LANSING MI CLIMATE SUMMARY FOR AUGUST 13 2017...

CLIMATE NORMAL PERIOD 1981 TO 2010
CLIMATE RECORD PERIOD 1864 TO 2017


WEATHER ITEM   OBSERVED TIME   RECORD YEAR NORMAL DEPARTURE LAST
                VALUE   (LST)  VALUE       VALUE  FROM      YEAR
                                                  NORMAL
..................................................................
TEMPERATURE (F)
 YESTERDAY
  MAXIMUM         79    436 PM  96    1918  81     -2       86
  MINIMUM         54    558 AM  41    1967  60     -6       70
  AVERAGE         67                        70     -3       78

PRECIPITATION (IN)
  YESTERDAY        0.00          1.71 1994   0.11  -0.11     0.88
  MONTH TO DATE    1.03                      1.36  -0.33     1.96
  SINCE JUN 1      7.48                      7.65  -0.17     5.90
  SINCE JAN 1     24.54                     19.22   5.32    18.81

SNOWFALL (IN)
  YESTERDAY        0.0           0.0    MM   0.0    0.0      0.0
  MONTH TO DATE    0.0                       0.0    0.0      0.0
  SINCE JUN 1      0.0                       0.0    0.0      0.0
  SINCE JUL 1      0.0                       0.0    0.0      0.0
  SNOW DEPTH       0

DEGREE DAYS
 HEATING
  YESTERDAY        0                         1     -1        0
  MONTH TO DATE    2                         9     -7        0
  SINCE JUN 1     15                        75    -60       37
  SINCE JUL 1      2                        20    -18        3

 COOLING
  YESTERDAY        2                         6     -4       13
  MONTH TO DATE   55                        78    -23      147
  SINCE JUN 1    522                       423     99      569
  SINCE JAN 1    557                       464     93      631
..................................................................


WIND (MPH)
  RESULTANT WIND SPEED   1   RESULTANT WIND DIRECTION   N (360)
  HIGHEST WIND SPEED    10   HIGHEST WIND DIRECTION     W (280)
  HIGHEST GUST SPEED    12   HIGHEST GUST DIRECTION     W (280)
  AVERAGE WIND SPEED     2.1


SKY COVER
  AVERAGE SKY COVER 0.1


WEATHER CONDITIONS
 THE FOLLOWING WEATHER WAS RECORDED YESTERDAY.
  FOG


RELATIVE HUMIDITY (PERCENT)
 HIGHEST    93           300 AM
 LOWEST     43           200 PM
 AVERAGE    68

..........................................................


THE LANSING MI CLIMATE NORMALS FOR TODAY
                         NORMAL    RECORD    YEAR
 MAXIMUM TEMPERATURE (F)   81        98      1965
 MINIMUM TEMPERATURE (F)   60        40      1964
                                             1870


SUNRISE AND SUNSET
AUGUST 14 2017........SUNRISE   644 AM EDT   SUNSET   841 PM EDT
AUGUST 15 2017........SUNRISE   645 AM EDT   SUNSET   840 PM EDT


-  INDICATES NEGATIVE NUMBERS.
R  INDICATES RECORD WAS SET OR TIED.
MM INDICATES DATA IS MISSING.
T  INDICATES TRACE AMOUNT.




$$
