000
CDUS43 KGRR 190519
CLILAN


CLIMATE REPORT
NATIONAL WEATHER SERVICE GRAND RAPIDS, MI
119 AM EDT THU MAY 19 2016


...................................

...THE LANSING MI CLIMATE SUMMARY FOR MAY 18 2016...

CLIMATE NORMAL PERIOD 1981 TO 2010
CLIMATE RECORD PERIOD 1864 TO 2016


WEATHER ITEM   OBSERVED TIME   RECORD YEAR NORMAL DEPARTURE LAST
                VALUE   (LST)  VALUE       VALUE  FROM      YEAR
                                                  NORMAL
..................................................................
TEMPERATURE (F)
 YESTERDAY
  MAXIMUM         66    458 PM  89    1911  69     -3       83
  MINIMUM         38    601 AM  23    1868  47     -9       54
  AVERAGE         52                        58     -6       69

PRECIPITATION (IN)
  YESTERDAY        0.00          3.22 2000   0.11  -0.11     0.00
  MONTH TO DATE    2.66                      1.89   0.77     2.16
  SINCE MAR 1      9.42                      6.98   2.44     4.19
  SINCE JAN 1     12.58                     10.10   2.48     6.44

SNOWFALL (IN)
  YESTERDAY        0.0           0.4  1915   0.0    0.0      0.0
  MONTH TO DATE    T                         0.0    0.0      0.0
  SINCE MAR 1     16.4                       8.9    7.5      1.9
  SINCE JUL 1     50.0                      51.1   -1.1     35.6
  SNOW DEPTH       0

DEGREE DAYS
 HEATING
  YESTERDAY       13                         8      5        0
  MONTH TO DATE  217                       180     37       89
  SINCE MAR 1   1582                      1643    -61     1601
  SINCE JUL 1   5742                      6578   -836     7095

 COOLING
  YESTERDAY        0                         1     -1        4
  MONTH TO DATE    0                        12    -12       31
  SINCE MAR 1      1                        19    -18       31
  SINCE JAN 1      1                        19    -18       31
..................................................................


WIND (MPH)
  RESULTANT WIND SPEED   5   RESULTANT WIND DIRECTION  NE (50)
  HIGHEST WIND SPEED    16   HIGHEST WIND DIRECTION    NE (30)
  HIGHEST GUST SPEED    21   HIGHEST GUST DIRECTION    NE (40)
  AVERAGE WIND SPEED     5.8


SKY COVER
  AVERAGE SKY COVER 0.1


WEATHER CONDITIONS
 THE FOLLOWING WEATHER WAS RECORDED YESTERDAY.
  NO SIGNIFICANT WEATHER WAS OBSERVED.


RELATIVE HUMIDITY (PERCENT)
 HIGHEST    85           500 AM
 LOWEST     34           100 PM
 AVERAGE    60

..........................................................


THE LANSING MI CLIMATE NORMALS FOR TODAY
                         NORMAL    RECORD    YEAR
 MAXIMUM TEMPERATURE (F)   70        91      1911
 MINIMUM TEMPERATURE (F)   48        26      2002
                                             1868


SUNRISE AND SUNSET
MAY 19 2016...........SUNRISE   611 AM EDT   SUNSET   859 PM EDT
MAY 20 2016...........SUNRISE   611 AM EDT   SUNSET   900 PM EDT


-  INDICATES NEGATIVE NUMBERS.
R  INDICATES RECORD WAS SET OR TIED.
MM INDICATES DATA IS MISSING.
T  INDICATES TRACE AMOUNT.




$$
