000
CDUS43 KGRR 180515
CLILAN


CLIMATE REPORT
NATIONAL WEATHER SERVICE GRAND RAPIDS, MI
115 AM EDT SAT OCT 18 2014


...................................

...THE LANSING MI CLIMATE SUMMARY FOR OCTOBER 17 2014...

CLIMATE NORMAL PERIOD 1981 TO 2010
CLIMATE RECORD PERIOD 1864 TO 2014


WEATHER ITEM   OBSERVED TIME   RECORD YEAR NORMAL DEPARTURE LAST
                VALUE   (LST)  VALUE       VALUE  FROM      YEAR
                                                  NORMAL
..................................................................
TEMPERATURE (F)
 YESTERDAY
  MAXIMUM         62    112 PM  84    1956  59      3       50
  MINIMUM         46   1159 PM  13    1868  40      6       42
  AVERAGE         54                        50      4       46

PRECIPITATION (IN)
  YESTERDAY        0.01          0.92 1899   0.07  -0.06     0.27
  MONTH TO DATE    3.22                      1.43   1.79     1.49
  SINCE SEP 1      5.76                      4.93   0.83     2.47
  SINCE JAN 1     32.98                     26.02   6.96    35.39

SNOWFALL (IN)
  YESTERDAY        0.0           T    1976   0.0    0.0      0.0
                                      1972
                                      1952
  MONTH TO DATE    0.0                       0.1   -0.1      0.0
  SINCE SEP 1      0.0                       0.1   -0.1      0.0
  SINCE JUL 1      0.0                       0.1   -0.1      0.0
  SNOW DEPTH       0

DEGREE DAYS
 HEATING
  YESTERDAY       11                        15     -4       19
  MONTH TO DATE  205                       215    -10      125
  SINCE SEP 1    365                       368     -3      281
  SINCE JUL 1    405                       403      2      316

 COOLING
  YESTERDAY        0                         0      0        0
  MONTH TO DATE    0                         4     -4       10
  SINCE SEP 1     43                        65    -22       73
  SINCE JAN 1    488                       622   -134      661
..................................................................


WIND (MPH)
  RESULTANT WIND SPEED  11   RESULTANT WIND DIRECTION  SW (240)
  HIGHEST WIND SPEED    28   HIGHEST WIND DIRECTION     W (250)
  HIGHEST GUST SPEED    35   HIGHEST GUST DIRECTION     W (260)
  AVERAGE WIND SPEED    13.8


SKY COVER
  AVERAGE SKY COVER 1.0


WEATHER CONDITIONS
 THE FOLLOWING WEATHER WAS RECORDED YESTERDAY.
  LIGHT RAIN
  FOG
  HAZE


RELATIVE HUMIDITY (PERCENT)
 HIGHEST    93          1200 AM
 LOWEST     60           200 PM
 AVERAGE    77

..........................................................


THE LANSING MI CLIMATE NORMALS FOR TODAY
                         NORMAL    RECORD    YEAR
 MAXIMUM TEMPERATURE (F)   59        82      1938
                                             1910
 MINIMUM TEMPERATURE (F)   40        17      1976
                                             1896


SUNRISE AND SUNSET
OCTOBER 18 2014.......SUNRISE   755 AM EDT   SUNSET   651 PM EDT
OCTOBER 19 2014.......SUNRISE   756 AM EDT   SUNSET   650 PM EDT


-  INDICATES NEGATIVE NUMBERS.
R  INDICATES RECORD WAS SET OR TIED.
MM INDICATES DATA IS MISSING.
T  INDICATES TRACE AMOUNT.




$$
