000
CDUS43 KGRR 092126
CLILAN


CLIMATE REPORT
NATIONAL WEATHER SERVICE GRAND RAPIDS, MI
525 PM EDT SUN JUL 9 2017


...................................

...THE LANSING MI CLIMATE SUMMARY FOR JULY 9 2017...
VALID TODAY AS OF 0500 PM LOCAL TIME.

CLIMATE NORMAL PERIOD 1981 TO 2010
CLIMATE RECORD PERIOD 1864 TO 2017


WEATHER ITEM   OBSERVED TIME   RECORD YEAR NORMAL DEPARTURE LAST
                VALUE   (LST)  VALUE       VALUE  FROM      YEAR
                                                  NORMAL
..................................................................
TEMPERATURE (F)
 TODAY
  MAXIMUM         84    346 PM 100    1897  83      1       80
  MINIMUM         57    516 AM  42    1895  61     -4       62
  AVERAGE         71                        72     -1       71

PRECIPITATION (IN)
  TODAY            0.00          1.75 1949   0.09  -0.09     0.00
  MONTH TO DATE    0.76                      0.83  -0.07     1.45
  SINCE JUN 1      4.51                      4.28   0.23     2.04
  SINCE JAN 1     21.57                     15.85   5.72    14.95

SNOWFALL (IN)
  TODAY            0.0           0.0    MM   0.0    0.0      0.0
  MONTH TO DATE    0.0                       0.0    0.0      0.0
  SINCE JUN 1      0.0                       0.0    0.0      0.0
  SINCE JUL 1      0.0                       0.0    0.0      0.0
  SNOW DEPTH       0

DEGREE DAYS
 HEATING
  TODAY            0                         0      0        0
  MONTH TO DATE    0                         2     -2        3
  SINCE JUN 1     13                        57    -44       37
  SINCE JUL 1      0                         2     -2        3

 COOLING
  TODAY            6                         7     -1        6
  MONTH TO DATE   81                        63     18       57
  SINCE JUN 1    286                       195     91      205
  SINCE JAN 1    321                       236     85      267
..................................................................


WIND (MPH)
  RESULTANT WIND SPEED   9   RESULTANT WIND DIRECTION   W (250)
  HIGHEST WIND SPEED    20   HIGHEST WIND DIRECTION     W (250)
  HIGHEST GUST SPEED    25   HIGHEST GUST DIRECTION     W (280)
  AVERAGE WIND SPEED     9.5


SKY COVER
  AVERAGE SKY COVER 0.1


WEATHER CONDITIONS
 THE FOLLOWING WEATHER WAS RECORDED TODAY.
  NO SIGNIFICANT WEATHER WAS OBSERVED.


RELATIVE HUMIDITY (PERCENT)
 HIGHEST    72           300 AM
 LOWEST     37           400 PM
 AVERAGE    55

..........................................................


THE LANSING MI CLIMATE NORMALS FOR TOMORROW
                         NORMAL    RECORD    YEAR
 MAXIMUM TEMPERATURE (F)   83       100      1897
 MINIMUM TEMPERATURE (F)   61        39      1895


SUNRISE AND SUNSET
JULY  9 2017..........SUNRISE   609 AM EDT   SUNSET   918 PM EDT
JULY 10 2017..........SUNRISE   610 AM EDT   SUNSET   917 PM EDT


-  INDICATES NEGATIVE NUMBERS.
R  INDICATES RECORD WAS SET OR TIED.
MM INDICATES DATA IS MISSING.
T  INDICATES TRACE AMOUNT.




$$

63
