000
CDUS43 KGRR 110512
CLILAN


CLIMATE REPORT
NATIONAL WEATHER SERVICE GRAND RAPIDS, MI
1211 AM EST THU DEC 11 2014


...................................

...THE LANSING MI CLIMATE SUMMARY FOR DECEMBER 10 2014...

CLIMATE NORMAL PERIOD 1981 TO 2010
CLIMATE RECORD PERIOD 1864 TO 2014


WEATHER ITEM   OBSERVED TIME   RECORD YEAR NORMAL DEPARTURE LAST
                VALUE   (LST)  VALUE       VALUE  FROM      YEAR
                                                  NORMAL
..................................................................
TEMPERATURE (F)
 YESTERDAY
  MAXIMUM         32   1212 AM  63    1971  36     -4       20
  MINIMUM         21   1159 PM -24    1868  24     -3       10
  AVERAGE         27                        30     -3       15

PRECIPITATION (IN)
  YESTERDAY        0.00          0.94 1967   0.07  -0.07     0.01
  MONTH TO DATE    0.15                      0.68  -0.53     0.17
  SINCE DEC 1      0.15                      0.68  -0.53     0.17
  SINCE JAN 1     36.07                     30.58   5.49    39.75

SNOWFALL (IN)
  YESTERDAY        0.0           6.2  1970   0.4   -0.4      0.4
  MONTH TO DATE    0.7                       3.5   -2.8      1.5
  SINCE DEC 1      0.7                       3.5   -2.8      1.5
  SINCE JUL 1      6.9                       7.3   -0.4      2.2
  SNOW DEPTH       0

DEGREE DAYS
 HEATING
  YESTERDAY       38                        35      3       50
  MONTH TO DATE  355                       335     20      361
  SINCE DEC 1    355                       335     20      361
  SINCE JUL 1   1951                      1749    202     1807

 COOLING
  YESTERDAY        0                         0      0        0
  MONTH TO DATE    0                         0      0        0
  SINCE DEC 1      0                         0      0        0
  SINCE JAN 1    488                       625   -137      661
..................................................................


WIND (MPH)
  RESULTANT WIND SPEED   7   RESULTANT WIND DIRECTION   N (350)
  HIGHEST WIND SPEED    14   HIGHEST WIND DIRECTION    NE (30)
  HIGHEST GUST SPEED    19   HIGHEST GUST DIRECTION     N (340)
  AVERAGE WIND SPEED     7.4


SKY COVER
  AVERAGE SKY COVER 0.7


WEATHER CONDITIONS
 THE FOLLOWING WEATHER WAS RECORDED YESTERDAY.
  NO SIGNIFICANT WEATHER WAS OBSERVED.


RELATIVE HUMIDITY (PERCENT)
 HIGHEST    85           100 AM
 LOWEST     68           900 PM
 AVERAGE    77

..........................................................


THE LANSING MI CLIMATE NORMALS FOR TODAY
                         NORMAL    RECORD    YEAR
 MAXIMUM TEMPERATURE (F)   35        62      1949
 MINIMUM TEMPERATURE (F)   24       -16      1868


SUNRISE AND SUNSET
DECEMBER 11 2014......SUNRISE   759 AM EST   SUNSET   504 PM EST
DECEMBER 12 2014......SUNRISE   800 AM EST   SUNSET   505 PM EST


-  INDICATES NEGATIVE NUMBERS.
R  INDICATES RECORD WAS SET OR TIED.
MM INDICATES DATA IS MISSING.
T  INDICATES TRACE AMOUNT.




$$
