000
CDUS43 KGRR 250513
CLILAN


CLIMATE REPORT
NATIONAL WEATHER SERVICE GRAND RAPIDS, MI
113 AM EDT TUE AUG 25 2015


...................................

...THE LANSING MI CLIMATE SUMMARY FOR AUGUST 24 2015...

CLIMATE NORMAL PERIOD 1981 TO 2010
CLIMATE RECORD PERIOD 1864 TO 2015


WEATHER ITEM   OBSERVED TIME   RECORD YEAR NORMAL DEPARTURE LAST
                VALUE   (LST)  VALUE       VALUE  FROM      YEAR
                                                  NORMAL
..................................................................
TEMPERATURE (F)
 YESTERDAY
  MAXIMUM         71    137 PM  97    1948  79     -8       81
  MINIMUM         56   1116 PM  34    1866  59     -3       63
  AVERAGE         64                        69     -5       72

PRECIPITATION (IN)
  YESTERDAY        T             2.84 1895   0.09  -0.09     0.00
  MONTH TO DATE    6.60                      2.50   4.10     3.93
  SINCE JUN 1     18.06                      8.79   9.27    15.19
  SINCE JAN 1     26.11                     20.36   5.75    26.40

SNOWFALL (IN)
  YESTERDAY        0.0           0.0    MM   0.0    0.0      0.0
  MONTH TO DATE    0.0                       0.0    0.0      0.0
  SINCE JUN 1      0.0                       0.0    0.0      0.0
  SINCE JUL 1      0.0                       0.0    0.0      0.0
  SNOW DEPTH       0

DEGREE DAYS
 HEATING
  YESTERDAY        1                         1      0        0
  MONTH TO DATE    1                        20    -19       10
  SINCE JUN 1     49                        86    -37       63
  SINCE JUL 1     13                        31    -18       39

 COOLING
  YESTERDAY        0                         5     -5        7
  MONTH TO DATE  153                       137     16      105
  SINCE JUN 1    420                       482    -62      356
  SINCE JAN 1    479                       523    -44      395
..................................................................


WIND (MPH)
  RESULTANT WIND SPEED  12   RESULTANT WIND DIRECTION   W (250)
  HIGHEST WIND SPEED    26   HIGHEST WIND DIRECTION     W (270)
  HIGHEST GUST SPEED    34   HIGHEST GUST DIRECTION     W (260)
  AVERAGE WIND SPEED    12.7


SKY COVER
  AVERAGE SKY COVER 0.7


WEATHER CONDITIONS
 THE FOLLOWING WEATHER WAS RECORDED YESTERDAY.
  LIGHT RAIN


RELATIVE HUMIDITY (PERCENT)
 HIGHEST    86          1100 PM
 LOWEST     45           300 PM
 AVERAGE    66

..........................................................


THE LANSING MI CLIMATE NORMALS FOR TODAY
                         NORMAL    RECORD    YEAR
 MAXIMUM TEMPERATURE (F)   79        96      1948
 MINIMUM TEMPERATURE (F)   58        38      1977


SUNRISE AND SUNSET
AUGUST 25 2015........SUNRISE   655 AM EDT   SUNSET   825 PM EDT
AUGUST 26 2015........SUNRISE   656 AM EDT   SUNSET   823 PM EDT


-  INDICATES NEGATIVE NUMBERS.
R  INDICATES RECORD WAS SET OR TIED.
MM INDICATES DATA IS MISSING.
T  INDICATES TRACE AMOUNT.




$$
