000
CDUS43 KGRR 150516
CLILAN


CLIMATE REPORT
NATIONAL WEATHER SERVICE GRAND RAPIDS, MI
115 AM EDT MON MAY 15 2017


...................................

...THE LANSING MI CLIMATE SUMMARY FOR MAY 14 2017...

CLIMATE NORMAL PERIOD 1981 TO 2010
CLIMATE RECORD PERIOD 1864 TO 2017


WEATHER ITEM   OBSERVED TIME   RECORD YEAR NORMAL DEPARTURE LAST
                VALUE   (LST)  VALUE       VALUE  FROM      YEAR
                                                  NORMAL
..................................................................
TEMPERATURE (F)
 YESTERDAY
  MAXIMUM         71    442 PM  88    1870  68      3       50
  MINIMUM         50    358 AM  26    1895  46      4       39
  AVERAGE         61                        57      4       45

PRECIPITATION (IN)
  YESTERDAY        0.00          1.51 1945   0.11  -0.11     0.56
  MONTH TO DATE    0.99                      1.46  -0.47     2.65
  SINCE MAR 1      9.28                      6.55   2.73     9.41
  SINCE JAN 1     15.56                      9.67   5.89    12.57

SNOWFALL (IN)
  YESTERDAY        0.0           T    1953   0.0    0.0      0.0
  MONTH TO DATE    0.0                       0.0    0.0      0.0
  SINCE MAR 1      2.6                       8.9   -6.3     16.4
  SINCE JUL 1     30.2                      51.1  -20.9     50.0
  SNOW DEPTH       0

DEGREE DAYS
 HEATING
  YESTERDAY        4                         9     -5       20
  MONTH TO DATE  186                       147     39      158
  SINCE MAR 1   1485                      1610   -125     1523
  SINCE JUL 1   5530                      6545  -1015     5683

 COOLING
  YESTERDAY        0                         1     -1        0
  MONTH TO DATE    0                         8     -8        0
  SINCE MAR 1      8                        15     -7        1
  SINCE JAN 1      8                        15     -7        1
..................................................................


WIND (MPH)
  RESULTANT WIND SPEED   6   RESULTANT WIND DIRECTION   N (360)
  HIGHEST WIND SPEED    15   HIGHEST WIND DIRECTION     N (360)
  HIGHEST GUST SPEED    19   HIGHEST GUST DIRECTION     N (10)
  AVERAGE WIND SPEED     7.3


SKY COVER
  AVERAGE SKY COVER 0.4


WEATHER CONDITIONS
 THE FOLLOWING WEATHER WAS RECORDED YESTERDAY.
  NO SIGNIFICANT WEATHER WAS OBSERVED.


RELATIVE HUMIDITY (PERCENT)
 HIGHEST    83           700 AM
 LOWEST     26           500 PM
 AVERAGE    55

..........................................................


THE LANSING MI CLIMATE NORMALS FOR TODAY
                         NORMAL    RECORD    YEAR
 MAXIMUM TEMPERATURE (F)   69        88      1991
 MINIMUM TEMPERATURE (F)   46        24      1895


SUNRISE AND SUNSET
MAY 15 2017...........SUNRISE   616 AM EDT   SUNSET   855 PM EDT
MAY 16 2017...........SUNRISE   615 AM EDT   SUNSET   856 PM EDT


-  INDICATES NEGATIVE NUMBERS.
R  INDICATES RECORD WAS SET OR TIED.
MM INDICATES DATA IS MISSING.
T  INDICATES TRACE AMOUNT.




$$
