000
CDUS43 KGRR 230533
CLILAN


CLIMATE REPORT
NATIONAL WEATHER SERVICE GRAND RAPIDS, MI
133 AM EDT THU JUL 23 2015


...................................

...THE LANSING MI CLIMATE SUMMARY FOR JULY 22 2015...

CLIMATE NORMAL PERIOD 1981 TO 2010
CLIMATE RECORD PERIOD 1864 TO 2015


WEATHER ITEM   OBSERVED TIME   RECORD YEAR NORMAL DEPARTURE LAST
                VALUE   (LST)  VALUE       VALUE  FROM      YEAR
                                                  NORMAL
..................................................................
TEMPERATURE (F)
 YESTERDAY
  MAXIMUM         78    516 PM  95    1914  82     -4       87
  MINIMUM         55    535 AM  41    1863  61     -6       66
  AVERAGE         67                        72     -5       77

PRECIPITATION (IN)
  YESTERDAY        0.00          3.50 1883   0.09  -0.09     0.00
  MONTH TO DATE    2.39                      1.99   0.40     4.40
  SINCE JUN 1     11.46                      5.44   6.02    10.80
  SINCE JAN 1     19.51                     17.01   2.50    22.01

SNOWFALL (IN)
  YESTERDAY        0.0           0.0    MM   0.0    0.0      0.0
  MONTH TO DATE    0.0                       0.0    0.0      0.0
  SINCE JUN 1      0.0                       0.0    0.0      0.0
  SINCE JUL 1      0.0                       0.0    0.0      0.0
  SNOW DEPTH       0

DEGREE DAYS
 HEATING
  YESTERDAY        0                         0      0        0
  MONTH TO DATE   12                         2     10       17
  SINCE JUN 1     48                        57     -9       41
  SINCE JUL 1     12                         2     10       17

 COOLING
  YESTERDAY        2                         7     -5       12
  MONTH TO DATE   90                       154    -64       89
  SINCE JUN 1    177                       286   -109      236
  SINCE JAN 1    236                       327    -91      275
..................................................................


WIND (MPH)
  RESULTANT WIND SPEED   3   RESULTANT WIND DIRECTION  NW (300)
  HIGHEST WIND SPEED    12   HIGHEST WIND DIRECTION     W (290)
  HIGHEST GUST SPEED    16   HIGHEST GUST DIRECTION    NW (310)
  AVERAGE WIND SPEED     3.8


SKY COVER
  AVERAGE SKY COVER 0.2


WEATHER CONDITIONS
 THE FOLLOWING WEATHER WAS RECORDED YESTERDAY.
  NO SIGNIFICANT WEATHER WAS OBSERVED.


RELATIVE HUMIDITY (PERCENT)
 HIGHEST    93           600 AM
 LOWEST     43           300 PM
 AVERAGE    68

..........................................................


THE LANSING MI CLIMATE NORMALS FOR TODAY
                         NORMAL    RECORD    YEAR
 MAXIMUM TEMPERATURE (F)   82        97      2012
 MINIMUM TEMPERATURE (F)   61        43      1985


SUNRISE AND SUNSET
JULY 23 2015..........SUNRISE   621 AM EDT   SUNSET   909 PM EDT
JULY 24 2015..........SUNRISE   622 AM EDT   SUNSET   908 PM EDT


-  INDICATES NEGATIVE NUMBERS.
R  INDICATES RECORD WAS SET OR TIED.
MM INDICATES DATA IS MISSING.
T  INDICATES TRACE AMOUNT.




$$
