000
CDUS43 KGRR 111440
CLILAN


CLIMATE REPORT
NATIONAL WEATHER SERVICE GRAND RAPIDS, MI
930 AM EST THU JAN 11 2018


...................................

...THE LANSING MI CLIMATE SUMMARY FOR JANUARY 11 2018...
VALID AS OF 0900 AM LOCAL TIME.

CLIMATE NORMAL PERIOD 1981 TO 2010
CLIMATE RECORD PERIOD 1864 TO 2018


WEATHER ITEM   OBSERVED TIME   RECORD YEAR NORMAL DEPARTURE LAST
                VALUE   (LST)  VALUE       VALUE  FROM      YEAR
                                                  NORMAL
..................................................................
TEMPERATURE (F)
 TODAY
  MAXIMUM         54    725 AM  63    1890  30     24       48
  MINIMUM         50   1207 AM -18    1984  17     33       27
  AVERAGE         52                        23     29       38

PRECIPITATION (IN)
  TODAY            0.05          0.66 2017   0.06  -0.01     0.66
  MONTH TO DATE    0.27                      0.66  -0.39     1.71
  SINCE DEC 1      1.59                      2.53  -0.94     3.47
  SINCE JAN 1      0.27                      0.66  -0.39     1.71

SNOWFALL (IN)
  TODAY            0.0           5.1  1926   0.5   -0.5      0.0
  MONTH TO DATE    1.4                       5.0   -3.6      3.6
  SINCE DEC 1     18.8                      18.0    0.8     19.7
  SINCE JUL 1     19.2                      21.8   -2.6     19.7
  SNOW DEPTH       0

DEGREE DAYS
 HEATING
  TODAY           13                        42    -29       27
  MONTH TO DATE  510                       453     57      450
  SINCE DEC 1   1773                      1591    182     1592
  SINCE JUL 1   3029                      3005     24     2567

 COOLING
  TODAY            0                         0      0        0
  MONTH TO DATE    0                         0      0        0
  SINCE DEC 1      0                         0      0        0
  SINCE JAN 1      0                         0      0        0
..................................................................


WIND (MPH)
  RESULTANT WIND SPEED  13   RESULTANT WIND DIRECTION   S (200)
  HIGHEST WIND SPEED    20   HIGHEST WIND DIRECTION     S (190)
  HIGHEST GUST SPEED    26   HIGHEST GUST DIRECTION     S (200)
  AVERAGE WIND SPEED    13.5


SKY COVER
  AVERAGE SKY COVER 1.0


WEATHER CONDITIONS
 THE FOLLOWING WEATHER WAS RECORDED TODAY.
  LIGHT RAIN
  FOG


RELATIVE HUMIDITY (PERCENT)
 HIGHEST   100           200 AM
 LOWEST     93          1200 AM
 AVERAGE    97

..........................................................


THE LANSING MI CLIMATE NORMALS FOR TOMORROW
                         NORMAL    RECORD    YEAR
 MAXIMUM TEMPERATURE (F)   30        62      1890
 MINIMUM TEMPERATURE (F)   17       -17      1918


SUNRISE AND SUNSET
JANUARY 11 2018.......SUNRISE   808 AM EST   SUNSET   525 PM EST
JANUARY 12 2018.......SUNRISE   807 AM EST   SUNSET   526 PM EST


-  INDICATES NEGATIVE NUMBERS.
R  INDICATES RECORD WAS SET OR TIED.
MM INDICATES DATA IS MISSING.
T  INDICATES TRACE AMOUNT.




$$

63
