000
CDUS43 KGRR 130548
CLILAN


CLIMATE REPORT
NATIONAL WEATHER SERVICE GRAND RAPIDS, MI
147 AM EDT WED JUL 13 2016


...................................

...THE LANSING MI CLIMATE SUMMARY FOR JULY 12 2016...

CLIMATE NORMAL PERIOD 1981 TO 2010
CLIMATE RECORD PERIOD 1864 TO 2016


WEATHER ITEM   OBSERVED TIME   RECORD YEAR NORMAL DEPARTURE LAST
                VALUE   (LST)  VALUE       VALUE  FROM      YEAR
                                                  NORMAL
..................................................................
TEMPERATURE (F)
 YESTERDAY
  MAXIMUM         92    408 PM  99    1936  83      9       81
  MINIMUM         68    522 AM  36    1867  61      7       65
  AVERAGE         80                        72      8       73

PRECIPITATION (IN)
  YESTERDAY        0.27          1.89 1870   0.09   0.18     0.01
  MONTH TO DATE    1.72                      1.11   0.61     0.84
  SINCE JUN 1      2.31                      4.56  -2.25     9.91
  SINCE JAN 1     15.22                     16.13  -0.91    17.96

SNOWFALL (IN)
  YESTERDAY        0.0           0.0    MM   0.0    0.0      0.0
  MONTH TO DATE    0.0                       0.0    0.0      0.0
  SINCE JUN 1      0.0                       0.0    0.0      0.0
  SINCE JUL 1      0.0                       0.0    0.0      0.0
  SNOW DEPTH       0

DEGREE DAYS
 HEATING
  YESTERDAY        0                         0      0        0
  MONTH TO DATE    3                         2      1       10
  SINCE JUN 1     37                        57    -20       46
  SINCE JUL 1      3                         2      1       10

 COOLING
  YESTERDAY       15                         7      8        8
  MONTH TO DATE   87                        84      3       31
  SINCE JUN 1    235                       216     19      118
  SINCE JAN 1    297                       257     40      177
..................................................................


WIND (MPH)
  RESULTANT WIND SPEED  10   RESULTANT WIND DIRECTION   S (190)
  HIGHEST WIND SPEED    36   HIGHEST WIND DIRECTION    NW (300)
  HIGHEST GUST SPEED    48   HIGHEST GUST DIRECTION    NW (300)
  AVERAGE WIND SPEED    12.3


SKY COVER
  AVERAGE SKY COVER 0.2


WEATHER CONDITIONS
 THE FOLLOWING WEATHER WAS RECORDED YESTERDAY.
  THUNDERSTORM
  HEAVY RAIN
  LIGHT RAIN
  FOG


RELATIVE HUMIDITY (PERCENT)
 HIGHEST    87           900 PM
 LOWEST     38           300 PM
 AVERAGE    63

..........................................................


THE LANSING MI CLIMATE NORMALS FOR TODAY
                         NORMAL    RECORD    YEAR
 MAXIMUM TEMPERATURE (F)   83        99      1936
 MINIMUM TEMPERATURE (F)   61        38      1865


SUNRISE AND SUNSET
JULY 13 2016..........SUNRISE   612 AM EDT   SUNSET   916 PM EDT
JULY 14 2016..........SUNRISE   613 AM EDT   SUNSET   915 PM EDT


-  INDICATES NEGATIVE NUMBERS.
R  INDICATES RECORD WAS SET OR TIED.
MM INDICATES DATA IS MISSING.
T  INDICATES TRACE AMOUNT.




$$
