000
CDUS43 KGRR 230515
CLILAN


CLIMATE REPORT
NATIONAL WEATHER SERVICE GRAND RAPIDS, MI
1213 AM EST MON FEB 23 2015


...................................

...THE LANSING MI CLIMATE SUMMARY FOR FEBRUARY 22 2015...

CLIMATE NORMAL PERIOD 1981 TO 2010
CLIMATE RECORD PERIOD 1864 TO 2015


WEATHER ITEM   OBSERVED TIME   RECORD YEAR NORMAL DEPARTURE LAST
                VALUE   (LST)  VALUE       VALUE  FROM      YEAR
                                                  NORMAL
..................................................................
TEMPERATURE (F)
 YESTERDAY
  MAXIMUM         24    902 AM  66    1930  35    -11       33
  MINIMUM          1   1159 PM -14    1936  20    -19       23
                                      1885
  AVERAGE         13                        27    -14       28

PRECIPITATION (IN)
  YESTERDAY        T             0.84 1882   0.06  -0.06     0.00
  MONTH TO DATE    0.81                      1.10  -0.29     1.70
  SINCE DEC 1      3.72                      4.62  -0.90     5.74
  SINCE JAN 1      2.16                      2.75  -0.59     3.86

SNOWFALL (IN)
  YESTERDAY        T             6.0  1904   0.4   -0.4      0.0
  MONTH TO DATE   13.4                       9.3    4.1     16.7
  SINCE DEC 1     26.1                      36.1   RRRR     56.0
  SINCE JUL 1     32.3                      39.9   -7.6     56.7
  SNOW DEPTH       9

DEGREE DAYS
 HEATING
  YESTERDAY       52                        38     14       37
  MONTH TO DATE 1145                       875    270     1029
  SINCE DEC 1   3552                      3301    251     3775
  SINCE JUL 1   5148                      4715    433     5221

 COOLING
  YESTERDAY        0                         0      0        0
  MONTH TO DATE    0                         0      0        0
  SINCE DEC 1      0                         0      0        0
  SINCE JAN 1      0                         0      0        0
..................................................................


WIND (MPH)
  RESULTANT WIND SPEED   8   RESULTANT WIND DIRECTION  NW (300)
  HIGHEST WIND SPEED    21   HIGHEST WIND DIRECTION     N (350)
  HIGHEST GUST SPEED    25   HIGHEST GUST DIRECTION    NW (300)
  AVERAGE WIND SPEED     9.5


SKY COVER
  AVERAGE SKY COVER 0.8


WEATHER CONDITIONS
 THE FOLLOWING WEATHER WAS RECORDED YESTERDAY.
  LIGHT SNOW
  FOG
  HAZE


RELATIVE HUMIDITY (PERCENT)
 HIGHEST    92           400 AM
 LOWEST     51           300 PM
 AVERAGE    72

..........................................................


THE LANSING MI CLIMATE NORMALS FOR TODAY
                         NORMAL    RECORD    YEAR
 MAXIMUM TEMPERATURE (F)   36        64      1984
 MINIMUM TEMPERATURE (F)   20       -17      1894


SUNRISE AND SUNSET
FEBRUARY 23 2015......SUNRISE   724 AM EST   SUNSET   620 PM EST
FEBRUARY 24 2015......SUNRISE   723 AM EST   SUNSET   621 PM EST


-  INDICATES NEGATIVE NUMBERS.
R  INDICATES RECORD WAS SET OR TIED.
MM INDICATES DATA IS MISSING.
T  INDICATES TRACE AMOUNT.




$$

JAM
