000
CDUS43 KGRR 140516
CLILAN


CLIMATE REPORT
NATIONAL WEATHER SERVICE GRAND RAPIDS, MI
116 AM EDT FRI APR 14 2017


...................................

...THE LANSING MI CLIMATE SUMMARY FOR APRIL 13 2017...

CLIMATE NORMAL PERIOD 1981 TO 2010
CLIMATE RECORD PERIOD 1864 TO 2017


WEATHER ITEM   OBSERVED TIME   RECORD YEAR NORMAL DEPARTURE LAST
                VALUE   (LST)  VALUE       VALUE  FROM      YEAR
                                                  NORMAL
..................................................................
TEMPERATURE (F)
 YESTERDAY
  MAXIMUM         49    448 PM  82    1941  57     -8       53
  MINIMUM         43   1109 PM  17    1950  36      7       29
                                      1869
  AVERAGE         46                        47     -1       41

PRECIPITATION (IN)
  YESTERDAY        0.02          1.07 1903   0.11  -0.09     0.00
  MONTH TO DATE    2.57                      1.31   1.26     1.27
  SINCE MAR 1      6.20                      3.37   2.83     5.52
  SINCE JAN 1     12.48                      6.49   5.99     8.68

SNOWFALL (IN)
  YESTERDAY        0.0           3.2  1962   0.1   -0.1      0.0
  MONTH TO DATE    0.4                       1.3   -0.9      7.5
  SINCE MAR 1      2.6                       8.3   -5.7     16.4
  SINCE JUL 1     30.2                      50.5  -20.3     50.0
  SNOW DEPTH       0

DEGREE DAYS
 HEATING
  YESTERDAY       19                        19      0       24
  MONTH TO DATE  217                       273    -56      381
  SINCE MAR 1   1142                      1202    -60     1144
  SINCE JUL 1   5187                      6137   -950     5304

 COOLING
  YESTERDAY        0                         0      0        0
  MONTH TO DATE    1                         0      1        0
  SINCE MAR 1      1                         1      0        0
  SINCE JAN 1      1                         1      0        0
..................................................................


WIND (MPH)
  RESULTANT WIND SPEED   7   RESULTANT WIND DIRECTION   E (100)
  HIGHEST WIND SPEED    13   HIGHEST WIND DIRECTION    SE (130)
  HIGHEST GUST SPEED    16   HIGHEST GUST DIRECTION    SE (140)
  AVERAGE WIND SPEED     7.7


SKY COVER
  AVERAGE SKY COVER 0.8


WEATHER CONDITIONS
 THE FOLLOWING WEATHER WAS RECORDED YESTERDAY.
  LIGHT RAIN


RELATIVE HUMIDITY (PERCENT)
 HIGHEST    83           900 AM
 LOWEST     56           400 PM
 AVERAGE    70

..........................................................


THE LANSING MI CLIMATE NORMALS FOR TODAY
                         NORMAL    RECORD    YEAR
 MAXIMUM TEMPERATURE (F)   57        83      1883
 MINIMUM TEMPERATURE (F)   37        19      1885


SUNRISE AND SUNSET
APRIL 14 2017.........SUNRISE   658 AM EDT   SUNSET   820 PM EDT
APRIL 15 2017.........SUNRISE   656 AM EDT   SUNSET   821 PM EDT


-  INDICATES NEGATIVE NUMBERS.
R  INDICATES RECORD WAS SET OR TIED.
MM INDICATES DATA IS MISSING.
T  INDICATES TRACE AMOUNT.




$$
