000
CDUS43 KGRR 042129
CLILAN


CLIMATE REPORT
NATIONAL WEATHER SERVICE GRAND RAPIDS, MI
528 PM EDT FRI AUG 4 2017


...................................

...THE LANSING MI CLIMATE SUMMARY FOR AUGUST 4 2017...
VALID TODAY AS OF 0500 PM LOCAL TIME.

CLIMATE NORMAL PERIOD 1981 TO 2010
CLIMATE RECORD PERIOD 1864 TO 2017


WEATHER ITEM   OBSERVED TIME   RECORD YEAR NORMAL DEPARTURE LAST
                VALUE   (LST)  VALUE       VALUE  FROM      YEAR
                                                  NORMAL
..................................................................
TEMPERATURE (F)
 TODAY
  MAXIMUM         68   1057 AM  96    1988  81    -13       93
                                      1881
  MINIMUM         60    356 PM  37    1894  61     -1       67
  AVERAGE         64                        71     -7       80

PRECIPITATION (IN)
  TODAY            T             2.19 1919   0.10  -0.10     0.00
  MONTH TO DATE    0.50                      0.41   0.09     0.00
  SINCE JUN 1      6.95                      6.70   0.25     3.94
  SINCE JAN 1     24.01                     18.27   5.74    16.85

SNOWFALL (IN)
  TODAY            0.0           0.0    MM   0.0    0.0      0.0
  MONTH TO DATE    0.0                       0.0    0.0      0.0
  SINCE JUN 1      0.0                       0.0    0.0      0.0
  SINCE JUL 1      0.0                       0.0    0.0      0.0
  SNOW DEPTH       0

DEGREE DAYS
 HEATING
  TODAY            1                         0      1        0
  MONTH TO DATE    1                         0      1        0
  SINCE JUN 1     14                        66    -52       37
  SINCE JUL 1      1                        11    -10        3

 COOLING
  TODAY            0                         6     -6       15
  MONTH TO DATE   27                        24      3       45
  SINCE JUN 1    494                       369    125      467
  SINCE JAN 1    529                       410    119      529
..................................................................


WIND (MPH)
  RESULTANT WIND SPEED  15   RESULTANT WIND DIRECTION  SW (220)
  HIGHEST WIND SPEED    31   HIGHEST WIND DIRECTION    SW (230)
  HIGHEST GUST SPEED    40   HIGHEST GUST DIRECTION    SW (220)
  AVERAGE WIND SPEED    15.8


SKY COVER
  AVERAGE SKY COVER 0.8


WEATHER CONDITIONS
 THE FOLLOWING WEATHER WAS RECORDED TODAY.
  THUNDERSTORM
  RAIN
  LIGHT RAIN
  FOG
  HAZE


RELATIVE HUMIDITY (PERCENT)
 HIGHEST    93           200 AM
 LOWEST     58          1100 AM
 AVERAGE    76

..........................................................


THE LANSING MI CLIMATE NORMALS FOR TOMORROW
                         NORMAL    RECORD    YEAR
 MAXIMUM TEMPERATURE (F)   81       100      1881
 MINIMUM TEMPERATURE (F)   61        35      1864


SUNRISE AND SUNSET
AUGUST  4 2017........SUNRISE   633 AM EDT   SUNSET   855 PM EDT
AUGUST  5 2017........SUNRISE   634 AM EDT   SUNSET   854 PM EDT


-  INDICATES NEGATIVE NUMBERS.
R  INDICATES RECORD WAS SET OR TIED.
MM INDICATES DATA IS MISSING.
T  INDICATES TRACE AMOUNT.




$$

JAM
