000
CDUS43 KGRR 020522
CLILAN


CLIMATE REPORT
NATIONAL WEATHER SERVICE GRAND RAPIDS, MI
1221 AM EST TUE FEB 2 2016


...................................

...THE LANSING MI CLIMATE SUMMARY FOR FEBRUARY 1 2016...

CLIMATE NORMAL PERIOD 1981 TO 2010
CLIMATE RECORD PERIOD 1864 TO 2016


WEATHER ITEM   OBSERVED TIME   RECORD YEAR NORMAL DEPARTURE LAST
                VALUE   (LST)  VALUE       VALUE  FROM      YEAR
                                                  NORMAL
..................................................................
TEMPERATURE (F)
 YESTERDAY
  MAXIMUM         44    417 PM  52    1968  31     13       30
  MINIMUM         25   1047 PM -16    1918  17      8       14
  AVERAGE         35                        24     11       22

PRECIPITATION (IN)
  YESTERDAY        T             0.96 1968   0.04  -0.04     0.53
  MONTH TO DATE    T                         0.04  -0.04     0.53
  SINCE DEC 1      4.17                      3.56   0.61     3.44
  SINCE JAN 1      1.45                      1.69  -0.24     1.88

SNOWFALL (IN)
  YESTERDAY        0.0           8.0  2015   0.4   -0.4      8.0
  MONTH TO DATE    0.0                       0.4   -0.4      8.0
  SINCE DEC 1      9.7                      27.2  -17.5     20.7
  SINCE JUL 1     17.9                      31.0  -13.1     26.9
  SNOW DEPTH       0

DEGREE DAYS
 HEATING
  YESTERDAY       30                        41    -11       43
  MONTH TO DATE   30                        41    -11       43
  SINCE DEC 1   2038                      2467   -429     2450
  SINCE JUL 1   3146                      3881   -735     4046

 COOLING
  YESTERDAY        0                         0      0        0
  MONTH TO DATE    0                         0      0        0
  SINCE DEC 1      0                         0      0        0
  SINCE JAN 1      0                         0      0        0
..................................................................


WIND (MPH)
  RESULTANT WIND SPEED   6   RESULTANT WIND DIRECTION   W (270)
  HIGHEST WIND SPEED    17   HIGHEST WIND DIRECTION     W (290)
  HIGHEST GUST SPEED    24   HIGHEST GUST DIRECTION     W (270)
  AVERAGE WIND SPEED     6.2


SKY COVER
  AVERAGE SKY COVER 0.4


WEATHER CONDITIONS
 THE FOLLOWING WEATHER WAS RECORDED YESTERDAY.
  LIGHT RAIN
  FOG
  HAZE


RELATIVE HUMIDITY (PERCENT)
 HIGHEST    92          1200 AM
 LOWEST     58           400 PM
 AVERAGE    75

..........................................................


THE LANSING MI CLIMATE NORMALS FOR TODAY
                         NORMAL    RECORD    YEAR
 MAXIMUM TEMPERATURE (F)   31        51      1973
 MINIMUM TEMPERATURE (F)   17       -37      1868


SUNRISE AND SUNSET
FEBRUARY  2 2016......SUNRISE   752 AM EST   SUNSET   552 PM EST
FEBRUARY  3 2016......SUNRISE   751 AM EST   SUNSET   554 PM EST


-  INDICATES NEGATIVE NUMBERS.
R  INDICATES RECORD WAS SET OR TIED.
MM INDICATES DATA IS MISSING.
T  INDICATES TRACE AMOUNT.




$$

JAM
