000
CDUS43 KGRR 232127
CLILAN


CLIMATE REPORT
NATIONAL WEATHER SERVICE GRAND RAPIDS, MI
525 PM EDT WED APR 23 2014


...................................

...THE LANSING MI CLIMATE SUMMARY FOR APRIL 23 2014...
VALID TODAY AS OF 0500 PM LOCAL TIME.

CLIMATE NORMAL PERIOD 1981 TO 2010
CLIMATE RECORD PERIOD 1864 TO 2014


WEATHER ITEM   OBSERVED TIME   RECORD YEAR NORMAL DEPARTURE LAST
                VALUE   (LST)  VALUE       VALUE  FROM      YEAR
                                                  NORMAL
..................................................................
TEMPERATURE (F)
 TODAY
  MAXIMUM         55    347 PM  86    1960  61     -6       65
                                      1925
  MINIMUM         31    620 AM  21    1868  40     -9       44
  AVERAGE         43                        50     -7       55

PRECIPITATION (IN)
  TODAY            0.00          1.05 1999   0.10  -0.10     0.53
  MONTH TO DATE    0.98                      2.34  -1.36     7.29
  SINCE MAR 1      2.67                      4.40  -1.73     8.25
  SINCE JAN 1      6.59                      7.52  -0.93    13.47

SNOWFALL (IN)
  TODAY            0.0           0.9  1963   0.1   -0.1      0.0
  MONTH TO DATE    0.7                       1.8   -1.1      0.5
  SINCE MAR 1     11.1                       8.8    2.3      5.7
  SINCE JUL 1     69.1                      51.0   18.1     30.2
  SNOW DEPTH       0

DEGREE DAYS
 HEATING
  TODAY           22                        15      7       10
  MONTH TO DATE  433                       438     -5      526
  SINCE MAR 1   1643                      1367    276     1574
  SINCE JUL 1   7184                      6302    882     6252

 COOLING
  TODAY            0                         0      0        0
  MONTH TO DATE    2                         0      2        0
  SINCE MAR 1      2                         1      1        0
  SINCE JAN 1      2                         1      1        0
..................................................................


WIND (MPH)
  RESULTANT WIND SPEED   7   RESULTANT WIND DIRECTION   N (350)
  HIGHEST WIND SPEED    15   HIGHEST WIND DIRECTION     N (360)
  HIGHEST GUST SPEED    23   HIGHEST GUST DIRECTION    NW (330)
  AVERAGE WIND SPEED     8.3


SKY COVER
  AVERAGE SKY COVER 0.1


WEATHER CONDITIONS
 THE FOLLOWING WEATHER WAS RECORDED TODAY.
  NO SIGNIFICANT WEATHER WAS OBSERVED.


RELATIVE HUMIDITY (PERCENT)
 HIGHEST    85           500 AM
 LOWEST     26           300 PM
 AVERAGE    56

..........................................................


THE LANSING MI CLIMATE NORMALS FOR TOMORROW
                         NORMAL    RECORD    YEAR
 MAXIMUM TEMPERATURE (F)   61        87      1915
 MINIMUM TEMPERATURE (F)   40        23      1999
                                             1892
                                             1883


SUNRISE AND SUNSET
APRIL 23 2014.........SUNRISE   644 AM EDT   SUNSET   830 PM EDT
APRIL 24 2014.........SUNRISE   643 AM EDT   SUNSET   831 PM EDT


-  INDICATES NEGATIVE NUMBERS.
R  INDICATES RECORD WAS SET OR TIED.
MM INDICATES DATA IS MISSING.
T  INDICATES TRACE AMOUNT.




$$

63
