000
CDUS43 KGRR 232234
CLILAN


CLIMATE REPORT
NATIONAL WEATHER SERVICE GRAND RAPIDS, MI
532 PM EST MON JAN 23 2017


...................................

...THE LANSING MI CLIMATE SUMMARY FOR JANUARY 23 2017...
VALID TODAY AS OF 0500 PM LOCAL TIME.

CLIMATE NORMAL PERIOD 1981 TO 2010
CLIMATE RECORD PERIOD 1864 TO 2017


WEATHER ITEM   OBSERVED TIME   RECORD YEAR NORMAL DEPARTURE LAST
                VALUE   (LST)  VALUE       VALUE  FROM      YEAR
                                                  NORMAL
..................................................................
TEMPERATURE (F)
 TODAY
  MAXIMUM         41    121 AM  60    1909  30     11       26
  MINIMUM         38   1030 AM -14    1963  16     22       17
                                      1883
  AVERAGE         40                        23     17       22

PRECIPITATION (IN)
  TODAY            0.04          1.10 1906   0.04   0.00      T
                                      1881
  MONTH TO DATE    2.82                      1.28   1.54     1.16
  SINCE DEC 1      4.58                      3.15   1.43     3.88
  SINCE JAN 1      2.82                      1.28   1.54     1.16

SNOWFALL (IN)
  TODAY            0.0          11.5  1881   0.4   -0.4      0.1
  MONTH TO DATE    3.7                      10.3   -6.6      6.1
  SINCE DEC 1     19.8                      23.3   -3.5      8.0
  SINCE JUL 1     19.8                      27.1   -7.3     16.2
  SNOW DEPTH       0

DEGREE DAYS
 HEATING
  TODAY           25                        42    -17       43
  MONTH TO DATE  824                       957   -133      948
  SINCE DEC 1   1966                      2095   -129     1745
  SINCE JUL 1   2941                      3509   -568     2853

 COOLING
  TODAY            0                         0      0        0
  MONTH TO DATE    0                         0      0        0
  SINCE DEC 1      0                         0      0        0
  SINCE JAN 1      0                         0      0        0
..................................................................


WIND (MPH)
  RESULTANT WIND SPEED   5   RESULTANT WIND DIRECTION   N (0)
  HIGHEST WIND SPEED     9   HIGHEST WIND DIRECTION     N (350)
  HIGHEST GUST SPEED    12   HIGHEST GUST DIRECTION     N (340)
  AVERAGE WIND SPEED     5.1


SKY COVER
  AVERAGE SKY COVER 1.0


WEATHER CONDITIONS
 THE FOLLOWING WEATHER WAS RECORDED TODAY.
  LIGHT RAIN
  FOG


RELATIVE HUMIDITY (PERCENT)
 HIGHEST    92           200 AM
 LOWEST     85           500 AM
 AVERAGE    89

..........................................................


THE LANSING MI CLIMATE NORMALS FOR TOMORROW
                         NORMAL    RECORD    YEAR
 MAXIMUM TEMPERATURE (F)   30        66      1967
 MINIMUM TEMPERATURE (F)   16       -22      1884


SUNRISE AND SUNSET
JANUARY 23 2017.......SUNRISE   801 AM EST   SUNSET   540 PM EST
JANUARY 24 2017.......SUNRISE   800 AM EST   SUNSET   541 PM EST


-  INDICATES NEGATIVE NUMBERS.
R  INDICATES RECORD WAS SET OR TIED.
MM INDICATES DATA IS MISSING.
T  INDICATES TRACE AMOUNT.




$$

63
