000
CDUS43 KGRR 282226
CLILAN


CLIMATE REPORT
NATIONAL WEATHER SERVICE GRAND RAPIDS, MI
524 PM EST WED JAN 28 2015


...................................

...THE LANSING MI CLIMATE SUMMARY FOR JANUARY 28 2015...
VALID TODAY AS OF 0500 PM LOCAL TIME.

CLIMATE NORMAL PERIOD 1981 TO 2010
CLIMATE RECORD PERIOD 1864 TO 2015


WEATHER ITEM   OBSERVED TIME   RECORD YEAR NORMAL DEPARTURE LAST
                VALUE   (LST)  VALUE       VALUE  FROM      YEAR
                                                  NORMAL
..................................................................
TEMPERATURE (F)
 TODAY
  MAXIMUM         31    427 PM  60    1864  30      1        8
  MINIMUM          8    419 AM -22    1885  17     -9       -9
  AVERAGE         20                        23     -3        0

PRECIPITATION (IN)
  TODAY            0.00          0.60 1994   0.05  -0.05      T
  MONTH TO DATE    1.30                      1.52  -0.22     2.13
  SINCE DEC 1      2.86                      3.39  -0.53     4.01
  SINCE JAN 1      1.30                      1.52  -0.22     2.13

SNOWFALL (IN)
  TODAY            0.0           3.0  1875   0.4   -0.4       T
  MONTH TO DATE   10.7                      12.5   -1.8     23.2
  SINCE DEC 1     12.2                      25.5  -13.3     39.0
  SINCE JUL 1     18.4                      29.3  -10.9     39.7
  SNOW DEPTH       3

DEGREE DAYS
 HEATING
  TODAY           45                        42      3       65
  MONTH TO DATE 1256                      1167     89     1388
  SINCE DEC 1   2285                      2305    -20     2605
  SINCE JUL 1   3881                      3719    162     4051

 COOLING
  TODAY            0                         0      0        0
  MONTH TO DATE    0                         0      0        0
  SINCE DEC 1      0                         0      0        0
  SINCE JAN 1      0                         0      0        0
..................................................................


WIND (MPH)
  RESULTANT WIND SPEED   4   RESULTANT WIND DIRECTION   S (180)
  HIGHEST WIND SPEED    16   HIGHEST WIND DIRECTION     S (170)
  HIGHEST GUST SPEED    20   HIGHEST GUST DIRECTION     S (160)
  AVERAGE WIND SPEED     5.0


SKY COVER
  AVERAGE SKY COVER 0.1


WEATHER CONDITIONS
 THE FOLLOWING WEATHER WAS RECORDED TODAY.
  NO SIGNIFICANT WEATHER WAS OBSERVED.


RELATIVE HUMIDITY (PERCENT)
 HIGHEST    91           200 AM
 LOWEST     39           400 PM
 AVERAGE    65

..........................................................


THE LANSING MI CLIMATE NORMALS FOR TOMORROW
                         NORMAL    RECORD    YEAR
 MAXIMUM TEMPERATURE (F)   30        57      2013
 MINIMUM TEMPERATURE (F)   17       -28      1867


SUNRISE AND SUNSET
JANUARY 28 2015.......SUNRISE   757 AM EST   SUNSET   546 PM EST
JANUARY 29 2015.......SUNRISE   756 AM EST   SUNSET   547 PM EST


-  INDICATES NEGATIVE NUMBERS.
R  INDICATES RECORD WAS SET OR TIED.
MM INDICATES DATA IS MISSING.
T  INDICATES TRACE AMOUNT.




$$

63
