783
CDUS43 KGRR 180546
CLILAN


CLIMATE REPORT
NATIONAL WEATHER SERVICE GRAND RAPIDS, MI
1243 AM EST SAT FEB 18 2017


...................................

...THE LANSING MI CLIMATE SUMMARY FOR FEBRUARY 17 2017...

CLIMATE NORMAL PERIOD 1981 TO 2010
CLIMATE RECORD PERIOD 1864 TO 2017


WEATHER ITEM   OBSERVED TIME   RECORD YEAR NORMAL DEPARTURE LAST
                VALUE   (LST)  VALUE       VALUE  FROM      YEAR
                                                  NORMAL
..................................................................
TEMPERATURE (F)
 YESTERDAY
  MAXIMUM         52    514 PM  56    1880  34     18       30
  MINIMUM         28    543 AM -27    1875  19      9       11
  AVERAGE         40                        26     14       21

PRECIPITATION (IN)
  YESTERDAY        0.00          2.30 1883   0.06  -0.06      T
  MONTH TO DATE    1.04                      0.82   0.22     0.81
  SINCE DEC 1      6.45                      4.34   2.11     4.98
  SINCE JAN 1      4.69                      2.47   2.22     2.26

SNOWFALL (IN)
  YESTERDAY        0.0           4.5  1944   0.4   -0.4       T
  MONTH TO DATE    2.3                       7.3   -5.0      5.3
  SINCE DEC 1     27.5                      34.1   -6.6     15.0
  SINCE JUL 1     27.5                      37.9  -10.4     23.2
  SNOW DEPTH       0

DEGREE DAYS
 HEATING
  YESTERDAY       25                        39    -14       44
  MONTH TO DATE  607                       684    -77      681
  SINCE DEC 1   2857                      3110   -253     2689
  SINCE JUL 1   3832                      4524   -692     3797

 COOLING
  YESTERDAY        0                         0      0        0
  MONTH TO DATE    0                         0      0        0
  SINCE DEC 1      0                         0      0        0
  SINCE JAN 1      0                         0      0        0
..................................................................


WIND (MPH)
  RESULTANT WIND SPEED   8   RESULTANT WIND DIRECTION  SE (150)
  HIGHEST WIND SPEED    14   HIGHEST WIND DIRECTION     S (160)
  HIGHEST GUST SPEED    18   HIGHEST GUST DIRECTION     S (160)
  AVERAGE WIND SPEED     8.5


SKY COVER
  AVERAGE SKY COVER 0.0


WEATHER CONDITIONS
 THE FOLLOWING WEATHER WAS RECORDED YESTERDAY.
  NO SIGNIFICANT WEATHER WAS OBSERVED.


RELATIVE HUMIDITY (PERCENT)
 HIGHEST    70          1100 PM
 LOWEST     41           400 PM
 AVERAGE    56

..........................................................


THE LANSING MI CLIMATE NORMALS FOR TODAY
                         NORMAL    RECORD    YEAR
 MAXIMUM TEMPERATURE (F)   34        56      2011
 MINIMUM TEMPERATURE (F)   19       -26      1875


SUNRISE AND SUNSET
FEBRUARY 18 2017......SUNRISE   731 AM EST   SUNSET   614 PM EST
FEBRUARY 19 2017......SUNRISE   729 AM EST   SUNSET   616 PM EST


-  INDICATES NEGATIVE NUMBERS.
R  INDICATES RECORD WAS SET OR TIED.
MM INDICATES DATA IS MISSING.
T  INDICATES TRACE AMOUNT.




$$
