000
CDUS43 KGRR 122126
CLILAN


CLIMATE REPORT
NATIONAL WEATHER SERVICE GRAND RAPIDS, MI
525 PM EDT FRI AUG 12 2016


...................................

...THE LANSING MI CLIMATE SUMMARY FOR AUGUST 12 2016...
VALID TODAY AS OF 0500 PM LOCAL TIME.

CLIMATE NORMAL PERIOD 1981 TO 2010
CLIMATE RECORD PERIOD 1864 TO 2016


WEATHER ITEM   OBSERVED TIME   RECORD YEAR NORMAL DEPARTURE LAST
                VALUE   (LST)  VALUE       VALUE  FROM      YEAR
                                                  NORMAL
..................................................................
TEMPERATURE (F)
 TODAY
  MAXIMUM         91   1225 PM  96    1864  81     10       77
  MINIMUM         74    353 PM  37    1868  60     14       56
  AVERAGE         83                        70     13       67

PRECIPITATION (IN)
  TODAY            0.96          1.40 1990   0.11   0.85     0.00
  MONTH TO DATE    0.96                      1.25  -0.29     4.47
  SINCE JUN 1      4.90                      7.54  -2.64    15.93
  SINCE JAN 1     17.81                     19.11  -1.30    23.98

SNOWFALL (IN)
  TODAY            0.0           0.0    MM   0.0    0.0      0.0
  MONTH TO DATE    0.0                       0.0    0.0      0.0
  SINCE JUN 1      0.0                       0.0    0.0      0.0
  SINCE JUL 1      0.0                       0.0    0.0      0.0
  SNOW DEPTH       0

DEGREE DAYS
 HEATING
  TODAY            0                         1     -1        0
  MONTH TO DATE    0                         8     -8        0
  SINCE JUN 1     37                        74    -37       48
  SINCE JUL 1      3                        19    -16       12

 COOLING
  TODAY           18                         6     12        2
  MONTH TO DATE  134                        72     62       68
  SINCE JUN 1    556                       417    139      335
  SINCE JAN 1    618                       458    160      394
..................................................................


WIND (MPH)
  RESULTANT WIND SPEED   5   RESULTANT WIND DIRECTION  SW (240)
  HIGHEST WIND SPEED    21   HIGHEST WIND DIRECTION     W (280)
  HIGHEST GUST SPEED    30   HIGHEST GUST DIRECTION     W (280)
  AVERAGE WIND SPEED     7.6


SKY COVER
  AVERAGE SKY COVER 0.7


WEATHER CONDITIONS
 THE FOLLOWING WEATHER WAS RECORDED TODAY.
  THUNDERSTORM
  HEAVY RAIN
  RAIN
  LIGHT RAIN
  FOG


RELATIVE HUMIDITY (PERCENT)
 HIGHEST    93           400 PM
 LOWEST     55          1100 AM
 AVERAGE    74

..........................................................


THE LANSING MI CLIMATE NORMALS FOR TOMORROW
                         NORMAL    RECORD    YEAR
 MAXIMUM TEMPERATURE (F)   81        96      1918
 MINIMUM TEMPERATURE (F)   60        41      1967


SUNRISE AND SUNSET
AUGUST 12 2016........SUNRISE   642 AM EDT   SUNSET   844 PM EDT
AUGUST 13 2016........SUNRISE   643 AM EDT   SUNSET   842 PM EDT


-  INDICATES NEGATIVE NUMBERS.
R  INDICATES RECORD WAS SET OR TIED.
MM INDICATES DATA IS MISSING.
T  INDICATES TRACE AMOUNT.




$$

EBW
