843
CDUS43 KGRR 110555
CLILAN


CLIMATE REPORT
NATIONAL WEATHER SERVICE GRAND RAPIDS, MI
1252 AM EST SAT NOV 11 2017


...................................

...THE LANSING MI CLIMATE SUMMARY FOR NOVEMBER 10 2017...

CLIMATE NORMAL PERIOD 1981 TO 2010
CLIMATE RECORD PERIOD 1864 TO 2017


WEATHER ITEM   OBSERVED TIME   RECORD YEAR NORMAL DEPARTURE LAST
                VALUE   (LST)  VALUE       VALUE  FROM      YEAR
                                                  NORMAL
..................................................................
TEMPERATURE (F)
 YESTERDAY
  MAXIMUM         25    342 PM  68    1999  49    -24       64
  MINIMUM         15    414 AM   9    1895  34    -19       40
  AVERAGE         20                        42    -22       52

PRECIPITATION (IN)
  YESTERDAY        0.00          1.80 1891   0.10  -0.10     0.00
  MONTH TO DATE    1.44                      0.94   0.50     1.55
  SINCE SEP 1     11.11                      6.97   4.14     8.10
  SINCE JAN 1     36.41                     28.06   8.35    31.58

SNOWFALL (IN)
  YESTERDAY        0.0           9.0  1898   0.1   -0.1      0.0
  MONTH TO DATE    0.2                       0.5   -0.3      0.0
  SINCE SEP 1      0.2                       0.9   -0.7       T
  SINCE JUL 1      0.2                       0.9   -0.7       T
  SNOW DEPTH       0

DEGREE DAYS
 HEATING
  YESTERDAY       45                        23     22       13
  MONTH TO DATE  264                       215     49      120
  SINCE SEP 1    681                       830   -149      510
  SINCE JUL 1    710                       865   -155      513

 COOLING
  YESTERDAY        0                         0      0        0
  MONTH TO DATE    0                         0      0        0
  SINCE SEP 1    148                        68     80      103
  SINCE JAN 1    782                       625    157      869
..................................................................


WIND (MPH)
  RESULTANT WIND SPEED   5   RESULTANT WIND DIRECTION  NE (30)
  HIGHEST WIND SPEED    18   HIGHEST WIND DIRECTION    NE (30)
  HIGHEST GUST SPEED    22   HIGHEST GUST DIRECTION     N (20)
  AVERAGE WIND SPEED     7.3


SKY COVER
  AVERAGE SKY COVER 0.0


WEATHER CONDITIONS
 THE FOLLOWING WEATHER WAS RECORDED YESTERDAY.
  NO SIGNIFICANT WEATHER WAS OBSERVED.


RELATIVE HUMIDITY (PERCENT)
 HIGHEST    80           300 AM
 LOWEST     36           200 PM
 AVERAGE    58

..........................................................


THE LANSING MI CLIMATE NORMALS FOR TODAY
                         NORMAL    RECORD    YEAR
 MAXIMUM TEMPERATURE (F)   49        71      1909
 MINIMUM TEMPERATURE (F)   34         8      1895


SUNRISE AND SUNSET
NOVEMBER 11 2017......SUNRISE   725 AM EST   SUNSET   519 PM EST
NOVEMBER 12 2017......SUNRISE   727 AM EST   SUNSET   518 PM EST


-  INDICATES NEGATIVE NUMBERS.
R  INDICATES RECORD WAS SET OR TIED.
MM INDICATES DATA IS MISSING.
T  INDICATES TRACE AMOUNT.




$$
