000
CDUS43 KGRR 150512
CLILAN


CLIMATE REPORT
NATIONAL WEATHER SERVICE GRAND RAPIDS, MI
112 AM EDT FRI MAY 15 2015


...................................

...THE LANSING MI CLIMATE SUMMARY FOR MAY 14 2015...

CLIMATE NORMAL PERIOD 1981 TO 2010
CLIMATE RECORD PERIOD 1864 TO 2015


WEATHER ITEM   OBSERVED TIME   RECORD YEAR NORMAL DEPARTURE LAST
                VALUE   (LST)  VALUE       VALUE  FROM      YEAR
                                                  NORMAL
..................................................................
TEMPERATURE (F)
 YESTERDAY
  MAXIMUM         65    129 PM  88    1870  68     -3       58
  MINIMUM         37    544 AM  26    1895  46     -9       45
  AVERAGE         51                        57     -6       52

PRECIPITATION (IN)
  YESTERDAY        0.00          1.51 1945   0.11  -0.11     0.47
  MONTH TO DATE    1.21                      1.46  -0.25     3.15
  SINCE MAR 1      3.24                      6.55  -3.31     6.20
  SINCE JAN 1      5.49                      9.67  -4.18    10.12

SNOWFALL (IN)
  YESTERDAY        0.0           T    1953   0.0    0.0      0.0
  MONTH TO DATE    0.0                       0.0    0.0      0.0
  SINCE MAR 1      1.9                       8.9   -7.0     11.1
  SINCE JUL 1     35.6                      51.1  -15.5     69.1
  SNOW DEPTH       0

DEGREE DAYS
 HEATING
  YESTERDAY       14                         9      5       13
  MONTH TO DATE   86                       147    -61      135
  SINCE MAR 1   1598                      1610    -12     1879
  SINCE JUL 1   7092                      6545    547     7420

 COOLING
  YESTERDAY        0                         1     -1        0
  MONTH TO DATE   18                         8     10        6
  SINCE MAR 1     18                        15      3        6
  SINCE JAN 1     18                        15      3        6
..................................................................


WIND (MPH)
  RESULTANT WIND SPEED   6   RESULTANT WIND DIRECTION  SE (130)
  HIGHEST WIND SPEED    15   HIGHEST WIND DIRECTION    SE (150)
  HIGHEST GUST SPEED    19   HIGHEST GUST DIRECTION    SE (150)
  AVERAGE WIND SPEED     7.4


SKY COVER
  AVERAGE SKY COVER 0.0


WEATHER CONDITIONS
 THE FOLLOWING WEATHER WAS RECORDED YESTERDAY.
  FOG


RELATIVE HUMIDITY (PERCENT)
 HIGHEST    92           200 AM
 LOWEST     36           200 PM
 AVERAGE    64

..........................................................


THE LANSING MI CLIMATE NORMALS FOR TODAY
                         NORMAL    RECORD    YEAR
 MAXIMUM TEMPERATURE (F)   69        88      1991
 MINIMUM TEMPERATURE (F)   46        24      1895


SUNRISE AND SUNSET
MAY 15 2015...........SUNRISE   616 AM EDT   SUNSET   854 PM EDT
MAY 16 2015...........SUNRISE   615 AM EDT   SUNSET   855 PM EDT


-  INDICATES NEGATIVE NUMBERS.
R  INDICATES RECORD WAS SET OR TIED.
MM INDICATES DATA IS MISSING.
T  INDICATES TRACE AMOUNT.




$$
