000
CDUS43 KGRR 240517
CLILAN


CLIMATE REPORT
NATIONAL WEATHER SERVICE GRAND RAPIDS, MI
113 AM EDT MON AUG 24 2015


...................................

...THE LANSING MI CLIMATE SUMMARY FOR AUGUST 23 2015...

CLIMATE NORMAL PERIOD 1981 TO 2010
CLIMATE RECORD PERIOD 1864 TO 2015


WEATHER ITEM   OBSERVED TIME   RECORD YEAR NORMAL DEPARTURE LAST
                VALUE   (LST)  VALUE       VALUE  FROM      YEAR
                                                  NORMAL
..................................................................
TEMPERATURE (F)
 YESTERDAY
  MAXIMUM         78   1231 PM  96    1876  79     -1       80
  MINIMUM         58   1150 PM  35    1865  59     -1       64
  AVERAGE         68                        69     -1       72

PRECIPITATION (IN)
  YESTERDAY        0.97R         0.96 1986   0.10   0.87     0.00
  MONTH TO DATE    6.60                      2.41   4.19     3.93
  SINCE JUN 1     18.06                      8.70   9.36    15.19
  SINCE JAN 1     26.11                     20.27   5.84    26.40

SNOWFALL (IN)
  YESTERDAY        0.0           0.0    MM   0.0    0.0      0.0
  MONTH TO DATE    0.0                       0.0    0.0      0.0
  SINCE JUN 1      0.0                       0.0    0.0      0.0
  SINCE JUL 1      0.0                       0.0    0.0      0.0
  SNOW DEPTH       0

DEGREE DAYS
 HEATING
  YESTERDAY        0                         1     -1        0
  MONTH TO DATE    0                        19    -19       10
  SINCE JUN 1     48                        85    -37       63
  SINCE JUL 1     12                        30    -18       39

 COOLING
  YESTERDAY        3                         5     -2        7
  MONTH TO DATE  153                       132     21       98
  SINCE JUN 1    420                       477    -57      349
  SINCE JAN 1    479                       518    -39      388
..................................................................


WIND (MPH)
  RESULTANT WIND SPEED   7   RESULTANT WIND DIRECTION   S (180)
  HIGHEST WIND SPEED    23   HIGHEST WIND DIRECTION     W (280)
  HIGHEST GUST SPEED    30   HIGHEST GUST DIRECTION     W (290)
  AVERAGE WIND SPEED     9.2


SKY COVER
  AVERAGE SKY COVER 0.3


WEATHER CONDITIONS
 THE FOLLOWING WEATHER WAS RECORDED YESTERDAY.
  THUNDERSTORM
  HEAVY RAIN
  RAIN
  LIGHT RAIN
  FOG


RELATIVE HUMIDITY (PERCENT)
 HIGHEST    84           600 AM
 LOWEST     60          1200 PM
 AVERAGE    72

..........................................................


THE LANSING MI CLIMATE NORMALS FOR TODAY
                         NORMAL    RECORD    YEAR
 MAXIMUM TEMPERATURE (F)   79        97      1948
 MINIMUM TEMPERATURE (F)   59        34      1866


SUNRISE AND SUNSET
AUGUST 24 2015........SUNRISE   654 AM EDT   SUNSET   827 PM EDT
AUGUST 25 2015........SUNRISE   655 AM EDT   SUNSET   825 PM EDT


-  INDICATES NEGATIVE NUMBERS.
R  INDICATES RECORD WAS SET OR TIED.
MM INDICATES DATA IS MISSING.
T  INDICATES TRACE AMOUNT.




$$
