000
CDUS43 KGRR 262225
CLILAN


CLIMATE REPORT
NATIONAL WEATHER SERVICE GRAND RAPIDS, MI
525 PM EST SAT NOV 26 2016


...................................

...THE LANSING MI CLIMATE SUMMARY FOR NOVEMBER 26 2016...
VALID TODAY AS OF 0500 PM LOCAL TIME.

CLIMATE NORMAL PERIOD 1981 TO 2010
CLIMATE RECORD PERIOD 1864 TO 2016


WEATHER ITEM   OBSERVED TIME   RECORD YEAR NORMAL DEPARTURE LAST
                VALUE   (LST)  VALUE       VALUE  FROM      YEAR
                                                  NORMAL
..................................................................
TEMPERATURE (F)
 TODAY
  MAXIMUM         40    459 PM  64    1896  42     -2       59
  MINIMUM         32    733 AM  -5    1949  29      3       46
  AVERAGE         36                        35      1       53

PRECIPITATION (IN)
  TODAY            0.00          1.20 1965   0.08  -0.08     0.27
  MONTH TO DATE    2.44                      2.44   0.00     1.45
  SINCE SEP 1      8.99                      8.47   0.52     4.99
  SINCE JAN 1     32.47                     29.56   2.91    31.32

SNOWFALL (IN)
  TODAY            0.0           5.5  1940   0.2   -0.2      0.0
  MONTH TO DATE    T                         2.5   -2.5      8.2
  SINCE SEP 1      T                         2.9   -2.9      8.2
  SINCE JUL 1      T                         2.9   -2.9      8.2
  SNOW DEPTH       0

DEGREE DAYS
 HEATING
  TODAY           29                        30     -1       12
  MONTH TO DATE  502                       641   -139      483
  SINCE SEP 1    892                      1256   -364      954
  SINCE JUL 1    895                      1291   -396      985

 COOLING
  TODAY            0                         0      0        0
  MONTH TO DATE    0                         0      0        0
  SINCE SEP 1    103                        68     35      122
  SINCE JAN 1    869                       625    244      615
..................................................................


WIND (MPH)
  RESULTANT WIND SPEED  10   RESULTANT WIND DIRECTION   W (270)
  HIGHEST WIND SPEED    17   HIGHEST WIND DIRECTION     W (260)
  HIGHEST GUST SPEED    22   HIGHEST GUST DIRECTION     W (260)
  AVERAGE WIND SPEED     9.7


SKY COVER
  AVERAGE SKY COVER 0.8


WEATHER CONDITIONS
 THE FOLLOWING WEATHER WAS RECORDED TODAY.
  NO SIGNIFICANT WEATHER WAS OBSERVED.


RELATIVE HUMIDITY (PERCENT)
 HIGHEST    89           700 AM
 LOWEST     64          1000 AM
 AVERAGE    77

..........................................................


THE LANSING MI CLIMATE NORMALS FOR TOMORROW
                         NORMAL    RECORD    YEAR
 MAXIMUM TEMPERATURE (F)   41        65      1990
 MINIMUM TEMPERATURE (F)   29         5      1930


SUNRISE AND SUNSET
NOVEMBER 26 2016......SUNRISE   744 AM EST   SUNSET   507 PM EST
NOVEMBER 27 2016......SUNRISE   745 AM EST   SUNSET   507 PM EST


-  INDICATES NEGATIVE NUMBERS.
R  INDICATES RECORD WAS SET OR TIED.
MM INDICATES DATA IS MISSING.
T  INDICATES TRACE AMOUNT.




$$
