000
CDUS43 KGRR 160518
CLILAN


CLIMATE REPORT
NATIONAL WEATHER SERVICE GRAND RAPIDS, MI
117 AM EDT SAT AUG 16 2014


...................................

...THE LANSING MI CLIMATE SUMMARY FOR AUGUST 15 2014...

CLIMATE NORMAL PERIOD 1981 TO 2010
CLIMATE RECORD PERIOD 1864 TO 2014


WEATHER ITEM   OBSERVED TIME   RECORD YEAR NORMAL DEPARTURE LAST
                VALUE   (LST)  VALUE       VALUE  FROM      YEAR
                                                  NORMAL
..................................................................
TEMPERATURE (F)
 YESTERDAY
  MAXIMUM         75    242 PM  96    1965  80     -5       75
  MINIMUM         45    552 AM  36    1866  60    -15       47
  AVERAGE         60                        70    -10       61

PRECIPITATION (IN)
  YESTERDAY        0.00          1.39 1959   0.11  -0.11     0.00
  MONTH TO DATE    2.96                      1.58   1.38     1.30
  SINCE JUN 1     14.22                      7.87   6.35    11.45
  SINCE JAN 1     25.43                     19.44   5.99    29.45

SNOWFALL (IN)
  YESTERDAY        0.0           0.0    MM   0.0    0.0      0.0
  MONTH TO DATE    0.0                       0.0    0.0      0.0
  SINCE JUN 1      0.0                       0.0    0.0      0.0
  SINCE JUL 1      0.0                       0.0    0.0      0.0
  SNOW DEPTH       0

DEGREE DAYS
 HEATING
  YESTERDAY        5                         1      4        4
  MONTH TO DATE   10                        11     -1       19
  SINCE JUN 1     63                        77    -14       85
  SINCE JUL 1     39                        22     17       35

 COOLING
  YESTERDAY        0                         6     -6        0
  MONTH TO DATE   48                        90    -42       38
  SINCE JUN 1    299                       435   -136      397
  SINCE JAN 1    338                       476   -138      470
..................................................................


WIND (MPH)
  RESULTANT WIND SPEED   6   RESULTANT WIND DIRECTION   W (280)
  HIGHEST WIND SPEED    18   HIGHEST WIND DIRECTION     W (270)
  HIGHEST GUST SPEED    24   HIGHEST GUST DIRECTION     W (260)
  AVERAGE WIND SPEED     5.9


SKY COVER
  AVERAGE SKY COVER 0.0


WEATHER CONDITIONS
 THE FOLLOWING WEATHER WAS RECORDED YESTERDAY.
  NO SIGNIFICANT WEATHER WAS OBSERVED.


RELATIVE HUMIDITY (PERCENT)
 HIGHEST    86           300 AM
 LOWEST     41           300 PM
 AVERAGE    64

..........................................................


THE LANSING MI CLIMATE NORMALS FOR TODAY
                         NORMAL    RECORD    YEAR
 MAXIMUM TEMPERATURE (F)   80        96      1913
 MINIMUM TEMPERATURE (F)   60        34      1879


SUNRISE AND SUNSET
AUGUST 16 2014........SUNRISE   646 AM EDT   SUNSET   839 PM EDT
AUGUST 17 2014........SUNRISE   647 AM EDT   SUNSET   837 PM EDT


-  INDICATES NEGATIVE NUMBERS.
R  INDICATES RECORD WAS SET OR TIED.
MM INDICATES DATA IS MISSING.
T  INDICATES TRACE AMOUNT.




$$
