000
CDUS43 KGRR 160523
CLILAN


CLIMATE REPORT
NATIONAL WEATHER SERVICE GRAND RAPIDS, MI
122 AM EDT SAT JUL 16 2016


...................................

...THE LANSING MI CLIMATE SUMMARY FOR JULY 15 2016...

CLIMATE NORMAL PERIOD 1981 TO 2010
CLIMATE RECORD PERIOD 1864 TO 2016


WEATHER ITEM   OBSERVED TIME   RECORD YEAR NORMAL DEPARTURE LAST
                VALUE   (LST)  VALUE       VALUE  FROM      YEAR
                                                  NORMAL
..................................................................
TEMPERATURE (F)
 YESTERDAY
  MAXIMUM         77    224 PM  99    1977  83     -6       73
  MINIMUM         62   1159 PM  31    1863  61      1       54
  AVERAGE         70                        72     -2       64

PRECIPITATION (IN)
  YESTERDAY        T             2.23 1955   0.08  -0.08     0.00
  MONTH TO DATE    1.87                      1.37   0.50     1.71
  SINCE JUN 1      2.46                      4.82  -2.36    10.78
  SINCE JAN 1     15.37                     16.39  -1.02    18.83

SNOWFALL (IN)
  YESTERDAY        0.0           0.0    MM   0.0    0.0      0.0
  MONTH TO DATE    0.0                       0.0    0.0      0.0
  SINCE JUN 1      0.0                       0.0    0.0      0.0
  SINCE JUL 1      0.0                       0.0    0.0      0.0
  SNOW DEPTH       0

DEGREE DAYS
 HEATING
  YESTERDAY        0                         0      0        1
  MONTH TO DATE    3                         2      1       11
  SINCE JUN 1     37                        57    -20       47
  SINCE JUL 1      3                         2      1       11

 COOLING
  YESTERDAY        5                         7     -2        0
  MONTH TO DATE  117                       105     12       44
  SINCE JUN 1    265                       237     28      131
  SINCE JAN 1    327                       278     49      190
..................................................................


WIND (MPH)
  RESULTANT WIND SPEED   7   RESULTANT WIND DIRECTION   W (290)
  HIGHEST WIND SPEED    16   HIGHEST WIND DIRECTION     W (290)
  HIGHEST GUST SPEED    21   HIGHEST GUST DIRECTION     W (290)
  AVERAGE WIND SPEED     8.6


SKY COVER
  AVERAGE SKY COVER 0.7


WEATHER CONDITIONS
 THE FOLLOWING WEATHER WAS RECORDED YESTERDAY.
  LIGHT RAIN


RELATIVE HUMIDITY (PERCENT)
 HIGHEST    87           600 AM
 LOWEST     57          1200 AM
 AVERAGE    72

..........................................................


THE LANSING MI CLIMATE NORMALS FOR TODAY
                         NORMAL    RECORD    YEAR
 MAXIMUM TEMPERATURE (F)   83        98      1988
                                             1895
 MINIMUM TEMPERATURE (F)   61        39      1896
                                             1865


SUNRISE AND SUNSET
JULY 16 2016..........SUNRISE   615 AM EDT   SUNSET   914 PM EDT
JULY 17 2016..........SUNRISE   616 AM EDT   SUNSET   913 PM EDT


-  INDICATES NEGATIVE NUMBERS.
R  INDICATES RECORD WAS SET OR TIED.
MM INDICATES DATA IS MISSING.
T  INDICATES TRACE AMOUNT.




$$
