000
CDUS43 KGRR 140552
CLILAN


CLIMATE REPORT
NATIONAL WEATHER SERVICE GRAND RAPIDS, MI
1251 AM EST TUE FEB 14 2017


...................................

...THE LANSING MI CLIMATE SUMMARY FOR FEBRUARY 13 2017...

CLIMATE NORMAL PERIOD 1981 TO 2010
CLIMATE RECORD PERIOD 1864 TO 2017


WEATHER ITEM   OBSERVED TIME   RECORD YEAR NORMAL DEPARTURE LAST
                VALUE   (LST)  VALUE       VALUE  FROM      YEAR
                                                  NORMAL
..................................................................
TEMPERATURE (F)
 YESTERDAY
  MAXIMUM         43    505 PM  59    1876  33     10       15
  MINIMUM         26    732 AM -25    1875  18      8        2
  AVERAGE         35                        25     10        9

PRECIPITATION (IN)
  YESTERDAY        0.00          1.97 1938   0.05  -0.05      T
  MONTH TO DATE    0.98                      0.61   0.37     0.73
  SINCE DEC 1      6.39                      4.13   2.26     4.90
  SINCE JAN 1      4.63                      2.26   2.37     2.18

SNOWFALL (IN)
  YESTERDAY        0.0           5.9  1946   0.4   -0.4       T
  MONTH TO DATE    1.9                       5.6   -3.7      3.9
  SINCE DEC 1     27.1                      32.4   -5.3     13.6
  SINCE JUL 1     27.1                      36.2   -9.1     21.8
  SNOW DEPTH       0

DEGREE DAYS
 HEATING
  YESTERDAY       30                        40    -10       56
  MONTH TO DATE  481                       528    -47      499
  SINCE DEC 1   2731                      2954   -223     2507
  SINCE JUL 1   3706                      4368   -662     3615

 COOLING
  YESTERDAY        0                         0      0        0
  MONTH TO DATE    0                         0      0        0
  SINCE DEC 1      0                         0      0        0
  SINCE JAN 1      0                         0      0        0
..................................................................


WIND (MPH)
  RESULTANT WIND SPEED   8   RESULTANT WIND DIRECTION   W (270)
  HIGHEST WIND SPEED    20   HIGHEST WIND DIRECTION     W (290)
  HIGHEST GUST SPEED    25   HIGHEST GUST DIRECTION    NW (300)
  AVERAGE WIND SPEED     9.9


SKY COVER
  AVERAGE SKY COVER 0.1


WEATHER CONDITIONS
 THE FOLLOWING WEATHER WAS RECORDED YESTERDAY.
  NO SIGNIFICANT WEATHER WAS OBSERVED.


RELATIVE HUMIDITY (PERCENT)
 HIGHEST    75           800 AM
 LOWEST     33           400 PM
 AVERAGE    54

..........................................................


THE LANSING MI CLIMATE NORMALS FOR TODAY
                         NORMAL    RECORD    YEAR
 MAXIMUM TEMPERATURE (F)   33        52      1918
 MINIMUM TEMPERATURE (F)   18       -21      1875


SUNRISE AND SUNSET
FEBRUARY 14 2017......SUNRISE   737 AM EST   SUNSET   609 PM EST
FEBRUARY 15 2017......SUNRISE   735 AM EST   SUNSET   610 PM EST


-  INDICATES NEGATIVE NUMBERS.
R  INDICATES RECORD WAS SET OR TIED.
MM INDICATES DATA IS MISSING.
T  INDICATES TRACE AMOUNT.




$$

jam
