000
CDUS43 KGRR 152138
CLILAN


CLIMATE REPORT
NATIONAL WEATHER SERVICE GRAND RAPIDS, MI
536 PM EDT MON MAY 15 2017


...................................

...THE LANSING MI CLIMATE SUMMARY FOR MAY 15 2017...
VALID TODAY AS OF 0500 PM LOCAL TIME.

CLIMATE NORMAL PERIOD 1981 TO 2010
CLIMATE RECORD PERIOD 1864 TO 2017


WEATHER ITEM   OBSERVED TIME   RECORD YEAR NORMAL DEPARTURE LAST
                VALUE   (LST)  VALUE       VALUE  FROM      YEAR
                                                  NORMAL
..................................................................
TEMPERATURE (F)
 TODAY
  MAXIMUM         74    359 PM  88    1991  69      5       48
  MINIMUM         45    608 AM  24    1895  46     -1       33
  AVERAGE         60                        57      3       41

PRECIPITATION (IN)
  TODAY            0.00          1.75 2001   0.11  -0.11      T
  MONTH TO DATE    0.99                      1.57  -0.58     2.65
  SINCE MAR 1      9.28                      6.66   2.62     9.41
  SINCE JAN 1     15.56                      9.78   5.78    12.57

SNOWFALL (IN)
  TODAY            0.0           T    2016   0.0    0.0       T
  MONTH TO DATE    0.0                       0.0    0.0       T
  SINCE MAR 1      2.6                       8.9   -6.3     16.4
  SINCE JUL 1     30.2                      51.1  -20.9     50.0
  SNOW DEPTH       0

DEGREE DAYS
 HEATING
  TODAY            5                         9     -4       24
  MONTH TO DATE  191                       156     35      182
  SINCE MAR 1   1490                      1619   -129     1547
  SINCE JUL 1   5535                      6554  -1019     5707

 COOLING
  TODAY            0                         1     -1        0
  MONTH TO DATE    0                         9     -9        0
  SINCE MAR 1      8                        16     -8        1
  SINCE JAN 1      8                        16     -8        1
..................................................................


WIND (MPH)
  RESULTANT WIND SPEED   4   RESULTANT WIND DIRECTION  SE (130)
  HIGHEST WIND SPEED    13   HIGHEST WIND DIRECTION    SE (130)
  HIGHEST GUST SPEED    16   HIGHEST GUST DIRECTION    SE (140)
  AVERAGE WIND SPEED     4.8


SKY COVER
  AVERAGE SKY COVER 0.0


WEATHER CONDITIONS
 THE FOLLOWING WEATHER WAS RECORDED TODAY.
  NO SIGNIFICANT WEATHER WAS OBSERVED.


RELATIVE HUMIDITY (PERCENT)
 HIGHEST    76           600 AM
 LOWEST     25           200 PM
 AVERAGE    51

..........................................................


THE LANSING MI CLIMATE NORMALS FOR TOMORROW
                         NORMAL    RECORD    YEAR
 MAXIMUM TEMPERATURE (F)   69        90      1977
 MINIMUM TEMPERATURE (F)   47        27      1866


SUNRISE AND SUNSET
MAY 15 2017...........SUNRISE   616 AM EDT   SUNSET   855 PM EDT
MAY 16 2017...........SUNRISE   615 AM EDT   SUNSET   856 PM EDT


-  INDICATES NEGATIVE NUMBERS.
R  INDICATES RECORD WAS SET OR TIED.
MM INDICATES DATA IS MISSING.
T  INDICATES TRACE AMOUNT.




$$

63
