356
CDUS43 KGRR 301432
CLILAN


CLIMATE REPORT
NATIONAL WEATHER SERVICE GRAND RAPIDS, MI
932 AM EST SAT JAN 30 2016


...................................

...THE LANSING MI CLIMATE SUMMARY FOR JANUARY 30 2016...
VALID AS OF 0900 AM LOCAL TIME.

CLIMATE NORMAL PERIOD 1981 TO 2010
CLIMATE RECORD PERIOD 1864 TO 2016


WEATHER ITEM   OBSERVED TIME   RECORD YEAR NORMAL DEPARTURE LAST
                VALUE   (LST)  VALUE       VALUE  FROM      YEAR
                                                  NORMAL
..................................................................
TEMPERATURE (F)
 TODAY
  MAXIMUM         35    859 AM  56    2013  30      5       23
  MINIMUM         29    234 AM -22    1867  17     12       16
  AVERAGE         32                        24      8       20

PRECIPITATION (IN)
  TODAY            0.00          1.10 1947   0.04  -0.04      T
  MONTH TO DATE    1.33                      1.60  -0.27     1.35
  SINCE DEC 1      4.05                      3.47   0.58     2.91
  SINCE JAN 1      1.33                      1.60  -0.27     1.35

SNOWFALL (IN)
  TODAY            0.0           6.1  1939   0.5   -0.5       T
  MONTH TO DATE    7.8                      13.4   -5.6     11.2
  SINCE DEC 1      9.7                      26.4  -16.7     12.7
  SINCE JUL 1     17.9                      30.2  -12.3     18.9
  SNOW DEPTH       1

DEGREE DAYS
 HEATING
  TODAY           33                        42     -9       45
  MONTH TO DATE 1196                      1251    -55     1338
  SINCE DEC 1   1993                      2389   -396     2367
  SINCE JUL 1   3101                      3803   -702     3963

 COOLING
  TODAY            0                         0      0        0
  MONTH TO DATE    0                         0      0        0
  SINCE DEC 1      0                         0      0        0
  SINCE JAN 1      0                         0      0        0
..................................................................


WIND (MPH)
  RESULTANT WIND SPEED  12   RESULTANT WIND DIRECTION   S (190)
  HIGHEST WIND SPEED    22   HIGHEST WIND DIRECTION     S (200)
  HIGHEST GUST SPEED    28   HIGHEST GUST DIRECTION     S (200)
  AVERAGE WIND SPEED    12.9


SKY COVER
  AVERAGE SKY COVER 0.0


WEATHER CONDITIONS
 THE FOLLOWING WEATHER WAS RECORDED TODAY.
  NO SIGNIFICANT WEATHER WAS OBSERVED.


RELATIVE HUMIDITY (PERCENT)
 HIGHEST    70           900 AM
 LOWEST     61           500 AM
 AVERAGE    66

..........................................................


THE LANSING MI CLIMATE NORMALS FOR TOMORROW
                         NORMAL    RECORD    YEAR
 MAXIMUM TEMPERATURE (F)   30        61      1989
 MINIMUM TEMPERATURE (F)   17       -14      1899


SUNRISE AND SUNSET
JANUARY 30 2016.......SUNRISE   755 AM EST   SUNSET   548 PM EST
JANUARY 31 2016.......SUNRISE   754 AM EST   SUNSET   550 PM EST


-  INDICATES NEGATIVE NUMBERS.
R  INDICATES RECORD WAS SET OR TIED.
MM INDICATES DATA IS MISSING.
T  INDICATES TRACE AMOUNT.




$$
