000
CDUS43 KGRR 172145
CLILAN


CLIMATE REPORT
NATIONAL WEATHER SERVICE GRAND RAPIDS, MI
543 PM EDT SUN APR 17 2016


...................................

...THE LANSING MI CLIMATE SUMMARY FOR APRIL 17 2016...
VALID TODAY AS OF 0500 PM LOCAL TIME.

CLIMATE NORMAL PERIOD 1981 TO 2010
CLIMATE RECORD PERIOD 1864 TO 2016


WEATHER ITEM   OBSERVED TIME   RECORD YEAR NORMAL DEPARTURE LAST
                VALUE   (LST)  VALUE       VALUE  FROM      YEAR
                                                  NORMAL
..................................................................
TEMPERATURE (F)
 TODAY
  MAXIMUM         78    359 PM  85    1964  59     19       76
  MINIMUM         41    641 AM   0    1875  38      3       40
  AVERAGE         60                        48     12       58

PRECIPITATION (IN)
  TODAY            0.00          1.37 1939   0.11  -0.11     0.00
  MONTH TO DATE    1.27                      1.74  -0.47     0.81
  SINCE MAR 1      5.52                      3.80   1.72     1.55
  SINCE JAN 1      8.68                      6.92   1.76     3.80

SNOWFALL (IN)
  TODAY            0.0           2.7  1983   0.0    0.0      0.0
                                      1921
  MONTH TO DATE    7.5                       1.5    6.0      0.0
  SINCE MAR 1     16.4                       8.5    7.9      1.9
  SINCE JUL 1     50.0                      50.7   -0.7     35.6
  SNOW DEPTH       0

DEGREE DAYS
 HEATING
  TODAY            5                        17    -12        7
  MONTH TO DATE  425                       343     82      280
  SINCE MAR 1   1188                      1272    -84     1271
  SINCE JUL 1   5348                      6207   -859     6765

 COOLING
  TODAY            0                         0      0        0
  MONTH TO DATE    0                         0      0        0
  SINCE MAR 1      0                         1     -1        0
  SINCE JAN 1      0                         1     -1        0
..................................................................


WIND (MPH)
  RESULTANT WIND SPEED   3   RESULTANT WIND DIRECTION  SE (140)
  HIGHEST WIND SPEED     9   HIGHEST WIND DIRECTION     E (110)
  HIGHEST GUST SPEED    12   HIGHEST GUST DIRECTION     E (110)
  AVERAGE WIND SPEED     3.4


SKY COVER
  AVERAGE SKY COVER 0.0


WEATHER CONDITIONS
 THE FOLLOWING WEATHER WAS RECORDED TODAY.
  NO SIGNIFICANT WEATHER WAS OBSERVED.


RELATIVE HUMIDITY (PERCENT)
 HIGHEST    79           600 AM
 LOWEST     23           300 PM
 AVERAGE    51

..........................................................


THE LANSING MI CLIMATE NORMALS FOR TOMORROW
                         NORMAL    RECORD    YEAR
 MAXIMUM TEMPERATURE (F)   59        86      2002
 MINIMUM TEMPERATURE (F)   38         8      1875


SUNRISE AND SUNSET
APRIL 17 2016.........SUNRISE   653 AM EDT   SUNSET   824 PM EDT
APRIL 18 2016.........SUNRISE   651 AM EDT   SUNSET   825 PM EDT


-  INDICATES NEGATIVE NUMBERS.
R  INDICATES RECORD WAS SET OR TIED.
MM INDICATES DATA IS MISSING.
T  INDICATES TRACE AMOUNT.




$$

63
