000
CDUS43 KGRR 140526
CLILAN


CLIMATE REPORT
NATIONAL WEATHER SERVICE GRAND RAPIDS, MI
126 AM EDT THU SEP 14 2017


...................................

...THE LANSING MI CLIMATE SUMMARY FOR SEPTEMBER 13 2017...

CLIMATE NORMAL PERIOD 1981 TO 2010
CLIMATE RECORD PERIOD 1864 TO 2017


WEATHER ITEM   OBSERVED TIME   RECORD YEAR NORMAL DEPARTURE LAST
                VALUE   (LST)  VALUE       VALUE  FROM      YEAR
                                                  NORMAL
..................................................................
TEMPERATURE (F)
 YESTERDAY
  MAXIMUM         79    110 PM  93    1874  74      5       82
  MINIMUM         51    340 AM  26    1873  52     -1       57
  AVERAGE         65                        63      2       70

PRECIPITATION (IN)
  YESTERDAY        0.00          2.78 1872   0.11  -0.11     0.00
  MONTH TO DATE    0.29                      1.46  -1.17     0.76
  SINCE SEP 1      0.29                      1.46  -1.17     0.76
  SINCE JAN 1     25.59                     22.55   3.04    24.24

SNOWFALL (IN)
  YESTERDAY        0.0           0.0    MM   0.0    0.0      0.0
  MONTH TO DATE    0.0                       0.0    0.0      0.0
  SINCE SEP 1      0.0                       0.0    0.0      0.0
  SINCE JUL 1      0.0                       0.0    0.0      0.0
  SNOW DEPTH       0

DEGREE DAYS
 HEATING
  YESTERDAY        0                         4     -4        0
  MONTH TO DATE   75                        36     39        6
  SINCE SEP 1     75                        36     39        6
  SINCE JUL 1    104                        71     33        9

 COOLING
  YESTERDAY        0                         2     -2        5
  MONTH TO DATE    8                        39    -31       61
  SINCE SEP 1      8                        39    -31       61
  SINCE JAN 1    642                       596     46      827
..................................................................


WIND (MPH)
  RESULTANT WIND SPEED   2   RESULTANT WIND DIRECTION   S (170)
  HIGHEST WIND SPEED    16   HIGHEST WIND DIRECTION     S (190)
  HIGHEST GUST SPEED    19   HIGHEST GUST DIRECTION     S (190)
  AVERAGE WIND SPEED     3.5


SKY COVER
  AVERAGE SKY COVER 0.5


WEATHER CONDITIONS
 THE FOLLOWING WEATHER WAS RECORDED YESTERDAY.
  FOG


RELATIVE HUMIDITY (PERCENT)
 HIGHEST    93          1100 PM
 LOWEST     45           100 PM
 AVERAGE    69

..........................................................


THE LANSING MI CLIMATE NORMALS FOR TODAY
                         NORMAL    RECORD    YEAR
 MAXIMUM TEMPERATURE (F)   74        94      1927
 MINIMUM TEMPERATURE (F)   52        28      1866


SUNRISE AND SUNSET
SEPTEMBER 14 2017.....SUNRISE   717 AM EDT   SUNSET   750 PM EDT
SEPTEMBER 15 2017.....SUNRISE   718 AM EDT   SUNSET   748 PM EDT


-  INDICATES NEGATIVE NUMBERS.
R  INDICATES RECORD WAS SET OR TIED.
MM INDICATES DATA IS MISSING.
T  INDICATES TRACE AMOUNT.




$$
