979
CDUS43 KGRR 232125
CLILAN


CLIMATE REPORT
NATIONAL WEATHER SERVICE GRAND RAPIDS, MI
525 PM EDT SAT APR 23 2016


...................................

...THE LANSING MI CLIMATE SUMMARY FOR APRIL 23 2016...
VALID TODAY AS OF 0500 PM LOCAL TIME.

CLIMATE NORMAL PERIOD 1981 TO 2010
CLIMATE RECORD PERIOD 1864 TO 2016


WEATHER ITEM   OBSERVED TIME   RECORD YEAR NORMAL DEPARTURE LAST
                VALUE   (LST)  VALUE       VALUE  FROM      YEAR
                                                  NORMAL
..................................................................
TEMPERATURE (F)
 TODAY
  MAXIMUM         58    324 PM  86    1960  61     -3       42
                                      1925
  MINIMUM         34    603 AM  21    1868  40     -6       30
  AVERAGE         46                        50     -4       36

PRECIPITATION (IN)
  TODAY            0.00          1.05 1999   0.10  -0.10      T
  MONTH TO DATE    1.53                      2.34  -0.81     1.27
  SINCE MAR 1      5.78                      4.40   1.38     2.01
  SINCE JAN 1      8.94                      7.52   1.42     4.26

SNOWFALL (IN)
  TODAY            0.0           0.9  2005   0.1   -0.1       T
                                      1963
  MONTH TO DATE    7.5                       1.8    5.7       T
  SINCE MAR 1     16.4                       8.8    7.6      1.9
  SINCE JUL 1     50.0                      51.0   -1.0     35.6
  SNOW DEPTH       0

DEGREE DAYS
 HEATING
  TODAY           19                        15      4       29
  MONTH TO DATE  490                       438     52      392
  SINCE MAR 1   1253                      1367   -114     1383
  SINCE JUL 1   5413                      6302   -889     6877

 COOLING
  TODAY            0                         0      0        0
  MONTH TO DATE    1                         0      1        0
  SINCE MAR 1      1                         1      0        0
  SINCE JAN 1      1                         1      0        0
..................................................................


WIND (MPH)
  RESULTANT WIND SPEED   5   RESULTANT WIND DIRECTION  NE (50)
  HIGHEST WIND SPEED    13   HIGHEST WIND DIRECTION    NE (40)
  HIGHEST GUST SPEED    20   HIGHEST GUST DIRECTION    NE (40)
  AVERAGE WIND SPEED     5.9


SKY COVER
  AVERAGE SKY COVER 0.0


WEATHER CONDITIONS
 THE FOLLOWING WEATHER WAS RECORDED TODAY.
  NO SIGNIFICANT WEATHER WAS OBSERVED.


RELATIVE HUMIDITY (PERCENT)
 HIGHEST    89           600 AM
 LOWEST     33           400 PM
 AVERAGE    61

..........................................................


THE LANSING MI CLIMATE NORMALS FOR TOMORROW
                         NORMAL    RECORD    YEAR
 MAXIMUM TEMPERATURE (F)   61        87      1915
 MINIMUM TEMPERATURE (F)   40        23      1999
                                             1892
                                             1883


SUNRISE AND SUNSET
APRIL 23 2016.........SUNRISE   644 AM EDT   SUNSET   830 PM EDT
APRIL 24 2016.........SUNRISE   642 AM EDT   SUNSET   832 PM EDT


-  INDICATES NEGATIVE NUMBERS.
R  INDICATES RECORD WAS SET OR TIED.
MM INDICATES DATA IS MISSING.
T  INDICATES TRACE AMOUNT.




$$
