000
CDUS43 KGRR 100555
CLILAN


CLIMATE REPORT
NATIONAL WEATHER SERVICE GRAND RAPIDS, MI
155 AM EDT THU APR 10 2014


...................................

...THE LANSING MI CLIMATE SUMMARY FOR APRIL 9 2014...

CLIMATE NORMAL PERIOD 1981 TO 2010
CLIMATE RECORD PERIOD 1864 TO 2014


WEATHER ITEM   OBSERVED TIME   RECORD YEAR NORMAL DEPARTURE LAST
                VALUE   (LST)  VALUE       VALUE  FROM      YEAR
                                                  NORMAL
..................................................................
TEMPERATURE (F)
 YESTERDAY
  MAXIMUM         58    432 PM  80    1931  55      3       49
  MINIMUM         31    616 AM  11    1868  35     -4       39
  AVERAGE         45                        45      0       44

PRECIPITATION (IN)
  YESTERDAY        0.00          1.39 2013   0.11  -0.11     1.39
  MONTH TO DATE    0.37                      0.88  -0.51     1.74
  SINCE MAR 1      2.06                      2.94  -0.88     2.70
  SINCE JAN 1      5.98                      6.06  -0.08     7.92

SNOWFALL (IN)
  YESTERDAY        0.0           5.2  1973   0.1   -0.1      0.0
  MONTH TO DATE    T                         1.0   -1.0       T
  SINCE MAR 1     10.4                       8.0    2.4      5.2
  SINCE JUL 1     68.4                      50.2   18.2     29.7
  SNOW DEPTH       0

DEGREE DAYS
 HEATING
  YESTERDAY       20                        20      0       21
  MONTH TO DATE  207                       196     11      234
  SINCE MAR 1   1417                      1125    292     1282
  SINCE JUL 1   6958                      6060    898     5960

 COOLING
  YESTERDAY        0                         0      0        0
  MONTH TO DATE    0                         0      0        0
  SINCE MAR 1      0                         1     -1        0
  SINCE JAN 1      0                         1     -1        0
..................................................................


WIND (MPH)
  RESULTANT WIND SPEED   5   RESULTANT WIND DIRECTION   W (260)
  HIGHEST WIND SPEED    20   HIGHEST WIND DIRECTION    SW (230)
  HIGHEST GUST SPEED    24   HIGHEST GUST DIRECTION    SW (230)
  AVERAGE WIND SPEED     7.9


SKY COVER
  AVERAGE SKY COVER 0.1


WEATHER CONDITIONS
 THE FOLLOWING WEATHER WAS RECORDED YESTERDAY.
  NO SIGNIFICANT WEATHER WAS OBSERVED.


RELATIVE HUMIDITY (PERCENT)
 HIGHEST    70           100 AM
 LOWEST     28           200 PM
 AVERAGE    49

..........................................................


THE LANSING MI CLIMATE NORMALS FOR TODAY
                         NORMAL    RECORD    YEAR
 MAXIMUM TEMPERATURE (F)   56        83      2011
 MINIMUM TEMPERATURE (F)   35        14      1989


SUNRISE AND SUNSET
APRIL 10 2014.........SUNRISE   705 AM EDT   SUNSET   815 PM EDT
APRIL 11 2014.........SUNRISE   704 AM EDT   SUNSET   816 PM EDT


-  INDICATES NEGATIVE NUMBERS.
R  INDICATES RECORD WAS SET OR TIED.
MM INDICATES DATA IS MISSING.
T  INDICATES TRACE AMOUNT.




$$
