000
CDUS43 KGRR 150531
CLILAN


CLIMATE REPORT
NATIONAL WEATHER SERVICE GRAND RAPIDS, MI
123 AM EDT SUN MAY 15 2016


...................................

...THE LANSING MI CLIMATE SUMMARY FOR MAY 14 2016...

CLIMATE NORMAL PERIOD 1981 TO 2010
CLIMATE RECORD PERIOD 1864 TO 2016


WEATHER ITEM   OBSERVED TIME   RECORD YEAR NORMAL DEPARTURE LAST
                VALUE   (LST)  VALUE       VALUE  FROM      YEAR
                                                  NORMAL
..................................................................
TEMPERATURE (F)
 YESTERDAY
  MAXIMUM         50   1133 AM  88    1870  68    -18       65
  MINIMUM         39   1159 PM  26    1895  46     -7       37
  AVERAGE         45                        57    -12       51

PRECIPITATION (IN)
  YESTERDAY        0.56          1.51 1945   0.11   0.45     0.00
  MONTH TO DATE    2.65                      1.46   1.19     1.21
  SINCE MAR 1      9.41                      6.55   2.86     3.24
  SINCE JAN 1     12.57                      9.67   2.90     5.49

SNOWFALL (IN)
  YESTERDAY        0.0           T    1953   0.0    0.0      0.0
  MONTH TO DATE    0.0                       0.0    0.0      0.0
  SINCE MAR 1     16.4                       8.9    7.5      1.9
  SINCE JUL 1     50.0                      51.1   -1.1     35.6
  SNOW DEPTH       0

DEGREE DAYS
 HEATING
  YESTERDAY       20                         9     11       14
  MONTH TO DATE  158                       147     11       86
  SINCE MAR 1   1523                      1610    -87     1598
  SINCE JUL 1   5683                      6545   -862     7092

 COOLING
  YESTERDAY        0                         1     -1        0
  MONTH TO DATE    0                         8     -8       18
  SINCE MAR 1      1                        15    -14       18
  SINCE JAN 1      1                        15    -14       18
..................................................................


WIND (MPH)
  RESULTANT WIND SPEED  11   RESULTANT WIND DIRECTION  NW (300)
  HIGHEST WIND SPEED    26   HIGHEST WIND DIRECTION    NW (300)
  HIGHEST GUST SPEED    35   HIGHEST GUST DIRECTION    NW (300)
  AVERAGE WIND SPEED    13.8


SKY COVER
  AVERAGE SKY COVER 1.0


WEATHER CONDITIONS
 THE FOLLOWING WEATHER WAS RECORDED YESTERDAY.
  HEAVY RAIN
  RAIN
  LIGHT RAIN
  FOG


RELATIVE HUMIDITY (PERCENT)
 HIGHEST    92           300 AM
 LOWEST     57           600 PM
 AVERAGE    75

..........................................................


THE LANSING MI CLIMATE NORMALS FOR TODAY
                         NORMAL    RECORD    YEAR
 MAXIMUM TEMPERATURE (F)   69        88      1991
 MINIMUM TEMPERATURE (F)   46        24      1895


SUNRISE AND SUNSET
MAY 15 2016...........SUNRISE   615 AM EDT   SUNSET   855 PM EDT
MAY 16 2016...........SUNRISE   614 AM EDT   SUNSET   856 PM EDT


-  INDICATES NEGATIVE NUMBERS.
R  INDICATES RECORD WAS SET OR TIED.
MM INDICATES DATA IS MISSING.
T  INDICATES TRACE AMOUNT.




$$
