000
CDUS43 KGRR 110521
CLILAN


CLIMATE REPORT
NATIONAL WEATHER SERVICE GRAND RAPIDS, MI
120 AM EDT SUN SEP 11 2016


...................................

...THE LANSING MI CLIMATE SUMMARY FOR SEPTEMBER 10 2016...

CLIMATE NORMAL PERIOD 1981 TO 2010
CLIMATE RECORD PERIOD 1864 TO 2016


WEATHER ITEM   OBSERVED TIME   RECORD YEAR NORMAL DEPARTURE LAST
                VALUE   (LST)  VALUE       VALUE  FROM      YEAR
                                                  NORMAL
..................................................................
TEMPERATURE (F)
 YESTERDAY
  MAXIMUM         73    244 PM  93    1978  75     -2       76
                                      1895
                                      1874
  MINIMUM         58   1159 PM  32    1867  54      4       52
  AVERAGE         66                        64      2       64

PRECIPITATION (IN)
  YESTERDAY        0.22          2.17 1878   0.11   0.11     0.00
  MONTH TO DATE    0.76                      1.12  -0.36     0.56
  SINCE SEP 1      0.76                      1.12  -0.36     0.56
  SINCE JAN 1     24.24                     22.21   2.03    26.89

SNOWFALL (IN)
  YESTERDAY        0.0           0.0    MM   0.0    0.0      0.0
  MONTH TO DATE    0.0                       0.0    0.0      0.0
  SINCE SEP 1      0.0                       0.0    0.0      0.0
  SINCE JUL 1      0.0                       0.0    0.0      0.0
  SNOW DEPTH       0

DEGREE DAYS
 HEATING
  YESTERDAY        0                         3     -3        1
  MONTH TO DATE    4                        24    -20        1
  SINCE SEP 1      4                        24    -20        1
  SINCE JUL 1      7                        59    -52       32

 COOLING
  YESTERDAY        1                         3     -2        0
  MONTH TO DATE   56                        33     23       89
  SINCE SEP 1     56                        33     23       89
  SINCE JAN 1    822                       590    232      582
..................................................................


WIND (MPH)
  RESULTANT WIND SPEED   8   RESULTANT WIND DIRECTION   W (260)
  HIGHEST WIND SPEED    32   HIGHEST WIND DIRECTION     W (260)
  HIGHEST GUST SPEED    39   HIGHEST GUST DIRECTION     W (270)
  AVERAGE WIND SPEED    10.7


SKY COVER
  AVERAGE SKY COVER 0.7


WEATHER CONDITIONS
 THE FOLLOWING WEATHER WAS RECORDED YESTERDAY.
  LIGHT RAIN
  FOG
  HAZE


RELATIVE HUMIDITY (PERCENT)
 HIGHEST    93           800 AM
 LOWEST     63           600 PM
 AVERAGE    78

..........................................................


THE LANSING MI CLIMATE NORMALS FOR TODAY
                         NORMAL    RECORD    YEAR
 MAXIMUM TEMPERATURE (F)   75        95      1874
 MINIMUM TEMPERATURE (F)   53        32      1898
                                             1870


SUNRISE AND SUNSET
SEPTEMBER 11 2016.....SUNRISE   714 AM EDT   SUNSET   754 PM EDT
SEPTEMBER 12 2016.....SUNRISE   715 AM EDT   SUNSET   753 PM EDT


-  INDICATES NEGATIVE NUMBERS.
R  INDICATES RECORD WAS SET OR TIED.
MM INDICATES DATA IS MISSING.
T  INDICATES TRACE AMOUNT.




$$
