000
CDUS43 KGRR 162230
CLILAN


CLIMATE REPORT
NATIONAL WEATHER SERVICE GRAND RAPIDS, MI
529 PM EST SUN NOV 16 2014


...................................

...THE LANSING MI CLIMATE SUMMARY FOR NOVEMBER 16 2014...
VALID TODAY AS OF 0500 PM LOCAL TIME.

CLIMATE NORMAL PERIOD 1981 TO 2010
CLIMATE RECORD PERIOD 1864 TO 2014


WEATHER ITEM   OBSERVED TIME   RECORD YEAR NORMAL DEPARTURE LAST
                VALUE   (LST)  VALUE       VALUE  FROM      YEAR
                                                  NORMAL
..................................................................
TEMPERATURE (F)
 TODAY
  MAXIMUM         32    312 PM  67    1896  47    -15       57
  MINIMUM         25    428 AM   5    1933  32     -7       36
  AVERAGE         29                        40    -11       47

PRECIPITATION (IN)
  TODAY            0.02          1.36 2006   0.09  -0.07     0.09
  MONTH TO DATE    0.38                      1.52  -1.14     1.17
  SINCE SEP 1      6.47                      7.55  -1.08     5.70
  SINCE JAN 1     33.69                     28.64   5.05    38.62

SNOWFALL (IN)
  TODAY            0.6           6.9  1989   0.1    0.5      0.0
  MONTH TO DATE    0.7                       1.0   -0.3      0.4
  SINCE SEP 1      0.7                       1.4   -0.7      0.4
  SINCE JUL 1      0.7                       1.4   -0.7      0.4
  SNOW DEPTH       T

DEGREE DAYS
 HEATING
  TODAY           36                        26     10       18
  MONTH TO DATE  432                       363     69      379
  SINCE SEP 1   1062                       978     84      946
  SINCE JUL 1   1102                      1013     89      981

 COOLING
  TODAY            0                         0      0        0
  MONTH TO DATE    0                         0      0        0
  SINCE SEP 1     43                        68    -25       73
  SINCE JAN 1    488                       625   -137      661
..................................................................


WIND (MPH)
  RESULTANT WIND SPEED   8   RESULTANT WIND DIRECTION  SW (210)
  HIGHEST WIND SPEED    15   HIGHEST WIND DIRECTION    SW (210)
  HIGHEST GUST SPEED    21   HIGHEST GUST DIRECTION    SE (130)
  AVERAGE WIND SPEED     8.5


SKY COVER
  AVERAGE SKY COVER 0.9


WEATHER CONDITIONS
 THE FOLLOWING WEATHER WAS RECORDED TODAY.
  LIGHT SNOW
  FOG
  HAZE


RELATIVE HUMIDITY (PERCENT)
 HIGHEST    88           100 AM
 LOWEST     68           400 AM
 AVERAGE    78

..........................................................


THE LANSING MI CLIMATE NORMALS FOR TOMORROW
                         NORMAL    RECORD    YEAR
 MAXIMUM TEMPERATURE (F)   46        69      1971
                                             1958
                                             1954
 MINIMUM TEMPERATURE (F)   32         7      1959


SUNRISE AND SUNSET
NOVEMBER 16 2014......SUNRISE   731 AM EST   SUNSET   514 PM EST
NOVEMBER 17 2014......SUNRISE   733 AM EST   SUNSET   514 PM EST


-  INDICATES NEGATIVE NUMBERS.
R  INDICATES RECORD WAS SET OR TIED.
MM INDICATES DATA IS MISSING.
T  INDICATES TRACE AMOUNT.




$$

CAS
