000
CDUS43 KGRR 101358
CLILAN


CLIMATE REPORT
NATIONAL WEATHER SERVICE GRAND RAPIDS, MI
949 AM EDT MON APR 10 2017


...................................

...THE LANSING MI CLIMATE SUMMARY FOR APRIL 10 2017...
VALID AS OF 0900 AM LOCAL TIME.

CLIMATE NORMAL PERIOD 1981 TO 2010
CLIMATE RECORD PERIOD 1864 TO 2017


WEATHER ITEM   OBSERVED TIME   RECORD YEAR NORMAL DEPARTURE LAST
                VALUE   (LST)  VALUE       VALUE  FROM      YEAR
                                                  NORMAL
..................................................................
TEMPERATURE (F)
 TODAY
  MAXIMUM         65    759 AM  83    2011  56      9       41
  MINIMUM         62    633 AM  14    1989  35     27       27
  AVERAGE         64                        45     19       34

PRECIPITATION (IN)
  TODAY            0.00          1.17 1864   0.11  -0.11     0.57
  MONTH TO DATE    2.37                      0.99   1.38     1.24
  SINCE MAR 1      6.00                      3.05   2.95     5.49
  SINCE JAN 1     12.28                      6.17   6.11     8.65

SNOWFALL (IN)
  TODAY            0.0           3.2  1942   0.0    0.0      0.7
  MONTH TO DATE    0.4                       1.0   -0.6      7.5
  SINCE MAR 1      2.6                       8.0   -5.4     16.4
  SINCE JUL 1     30.2                      50.2  -20.0     50.0
  SNOW DEPTH       0

DEGREE DAYS
 HEATING
  TODAY            1                        20    -19       31
  MONTH TO DATE  170                       216    -46      310
  SINCE MAR 1   1095                      1145    -50     1073
  SINCE JUL 1   5140                      6080   -940     5233

 COOLING
  TODAY            0                         0      0        0
  MONTH TO DATE    0                         0      0        0
  SINCE MAR 1      0                         1     -1        0
  SINCE JAN 1      0                         1     -1        0
..................................................................


WIND (MPH)
  RESULTANT WIND SPEED  14   RESULTANT WIND DIRECTION   S (200)
  HIGHEST WIND SPEED    21   HIGHEST WIND DIRECTION    SW (210)
  HIGHEST GUST SPEED    28   HIGHEST GUST DIRECTION     S (200)
  AVERAGE WIND SPEED    14.4


SKY COVER
  AVERAGE SKY COVER 0.2


WEATHER CONDITIONS
 THE FOLLOWING WEATHER WAS RECORDED TODAY.
  NO SIGNIFICANT WEATHER WAS OBSERVED.


RELATIVE HUMIDITY (PERCENT)
 HIGHEST    60           600 AM
 LOWEST     48           100 AM
 AVERAGE    54

..........................................................


THE LANSING MI CLIMATE NORMALS FOR TOMORROW
                         NORMAL    RECORD    YEAR
 MAXIMUM TEMPERATURE (F)   56        82      1977
 MINIMUM TEMPERATURE (F)   36        13      1874


SUNRISE AND SUNSET
APRIL 10 2017.........SUNRISE   705 AM EDT   SUNSET   815 PM EDT
APRIL 11 2017.........SUNRISE   703 AM EDT   SUNSET   816 PM EDT


-  INDICATES NEGATIVE NUMBERS.
R  INDICATES RECORD WAS SET OR TIED.
MM INDICATES DATA IS MISSING.
T  INDICATES TRACE AMOUNT.




$$

63
