000
CDUS43 KGRR 270515
CLILAN


CLIMATE REPORT
NATIONAL WEATHER SERVICE GRAND RAPIDS, MI
114 AM EDT SAT JUN 27 2015


...................................

...THE LANSING MI CLIMATE SUMMARY FOR JUNE 26 2015...

CLIMATE NORMAL PERIOD 1981 TO 2010
CLIMATE RECORD PERIOD 1864 TO 2015


WEATHER ITEM   OBSERVED TIME   RECORD YEAR NORMAL DEPARTURE LAST
                VALUE   (LST)  VALUE       VALUE  FROM      YEAR
                                                  NORMAL
..................................................................
TEMPERATURE (F)
 YESTERDAY
  MAXIMUM         76    124 PM  96    1870  81     -5       81
  MINIMUM         58    543 AM  40    1902  59     -1       55
  AVERAGE         67                        70     -3       68

PRECIPITATION (IN)
  YESTERDAY        0.00          1.89 1935   0.11  -0.11     0.00
  MONTH TO DATE    8.38                      3.03   5.35     6.35
  SINCE JUN 1      8.38                      3.03   5.35     6.35
  SINCE JAN 1     16.43                     14.60   1.83    17.56

SNOWFALL (IN)
  YESTERDAY        0.0           0.0    MM   0.0    0.0      0.0
  MONTH TO DATE    0.0                       0.0    0.0      0.0
  SINCE JUN 1      0.0                       0.0    0.0      0.0
  SINCE JUL 1     35.6                      51.1  -15.5     69.1
  SNOW DEPTH       0

DEGREE DAYS
 HEATING
  YESTERDAY        0                         1     -1        0
  MONTH TO DATE   32                        53    -21       24
  SINCE JUN 1     32                        53    -21       24
  SINCE JUL 1   7207                      6710    497     7543

 COOLING
  YESTERDAY        2                         6     -4        3
  MONTH TO DATE   82                       106    -24      105
  SINCE JUN 1     82                       106    -24      105
  SINCE JAN 1    141                       147     -6      144
..................................................................


WIND (MPH)
  RESULTANT WIND SPEED   7   RESULTANT WIND DIRECTION  NE (60)
  HIGHEST WIND SPEED    16   HIGHEST WIND DIRECTION     E (70)
  HIGHEST GUST SPEED    20   HIGHEST GUST DIRECTION    NE (60)
  AVERAGE WIND SPEED     7.7


SKY COVER
  AVERAGE SKY COVER 0.2


WEATHER CONDITIONS
 THE FOLLOWING WEATHER WAS RECORDED YESTERDAY.
  NO SIGNIFICANT WEATHER WAS OBSERVED.


RELATIVE HUMIDITY (PERCENT)
 HIGHEST    97           200 AM
 LOWEST     56           900 PM
 AVERAGE    77

..........................................................


THE LANSING MI CLIMATE NORMALS FOR TODAY
                         NORMAL    RECORD    YEAR
 MAXIMUM TEMPERATURE (F)   82        98      1870
 MINIMUM TEMPERATURE (F)   60        38      1866
                                             1864


SUNRISE AND SUNSET
JUNE 27 2015..........SUNRISE   602 AM EDT   SUNSET   921 PM EDT
JUNE 28 2015..........SUNRISE   602 AM EDT   SUNSET   921 PM EDT


-  INDICATES NEGATIVE NUMBERS.
R  INDICATES RECORD WAS SET OR TIED.
MM INDICATES DATA IS MISSING.
T  INDICATES TRACE AMOUNT.




$$
