000
CDUS43 KGRR 050545 CCA
CLILAN

CLIMATE REPORT
NATIONAL WEATHER SERVICE GRAND RAPIDS, MI
1224 AM EST FRI JAN 5 2018


...................................

...THE LANSING MI CLIMATE SUMMARY FOR JANUARY 4 2018...

CLIMATE NORMAL PERIOD 1981 TO 2010
CLIMATE RECORD PERIOD 1864 TO 2018


WEATHER ITEM   OBSERVED TIME   RECORD YEAR NORMAL DEPARTURE LAST
                VALUE   (LST)  VALUE       VALUE  FROM      YEAR
                                                  NORMAL
..................................................................
TEMPERATURE (F)
 YESTERDAY
  MAXIMUM         14   1209 AM  61    1997  31    -17       35
  MINIMUM         -5   1126 PM -29    1981  18    -23       15
  AVERAGE          5                        24    -19       25

PRECIPITATION (IN)
  YESTERDAY        T             2.57 1897   0.06  -0.06     0.01
  MONTH TO DATE    0.02                      0.24  -0.22     0.55
  SINCE DEC 1      1.34                      2.11  -0.77     2.31
  SINCE JAN 1      0.02                      0.24  -0.22     0.55

SNOWFALL (IN)
  YESTERDAY        T             5.0  1905   0.5   -0.5      0.4
  MONTH TO DATE    0.2                       1.8   -1.6      0.4
  SINCE DEC 1     17.6                      14.8    2.8     16.5
  SINCE JUL 1     18.0                      18.6   -0.6     16.5
  SNOW DEPTH       4

DEGREE DAYS
 HEATING
  YESTERDAY       60                        41     19       40
  MONTH TO DATE  227                       164     63      133
  SINCE DEC 1   1490                      1302    188     1275
  SINCE JUL 1   2746                      2716     30     2250

 COOLING
  YESTERDAY        0                         0      0        0
  MONTH TO DATE    0                         0      0        0
  SINCE DEC 1      0                         0      0        0
  SINCE JAN 1      0                         0      0        0
..................................................................


WIND (MPH)
  RESULTANT WIND SPEED   8   RESULTANT WIND DIRECTION  NW (330)
  HIGHEST WIND SPEED    20   HIGHEST WIND DIRECTION    NW (330)
  HIGHEST GUST SPEED    26   HIGHEST GUST DIRECTION    NW (320)
  AVERAGE WIND SPEED     7.9


SKY COVER
  AVERAGE SKY COVER 0.4


WEATHER CONDITIONS
 THE FOLLOWING WEATHER WAS RECORDED YESTERDAY.
  HAZE


RELATIVE HUMIDITY (PERCENT)
 HIGHEST    87           600 AM
 LOWEST     57           500 PM
 AVERAGE    72

..........................................................


THE LANSING MI CLIMATE NORMALS FOR TODAY
                         NORMAL    RECORD    YEAR
 MAXIMUM TEMPERATURE (F)   30        56      1890
 MINIMUM TEMPERATURE (F)   18       -11      1896
                                             1884


SUNRISE AND SUNSET
JANUARY  5 2018.......SUNRISE   809 AM EST   SUNSET   519 PM EST
JANUARY  6 2018.......SUNRISE   809 AM EST   SUNSET   520 PM EST


-  INDICATES NEGATIVE NUMBERS.
R  INDICATES RECORD WAS SET OR TIED.
MM INDICATES DATA IS MISSING.
T  INDICATES TRACE AMOUNT.




$$
