000
CDUS43 KGRR 101512
CLILAN


CLIMATE REPORT
NATIONAL WEATHER SERVICE GRAND RAPIDS, MI
1011 AM EST FRI MAR 10 2017


...................................

...THE LANSING MI CLIMATE SUMMARY FOR MARCH 10 2017...
VALID AS OF 0900 AM LOCAL TIME.

CLIMATE NORMAL PERIOD 1981 TO 2010
CLIMATE RECORD PERIOD 1864 TO 2017


WEATHER ITEM   OBSERVED TIME   RECORD YEAR NORMAL DEPARTURE LAST
                VALUE   (LST)  VALUE       VALUE  FROM      YEAR
                                                  NORMAL
..................................................................
TEMPERATURE (F)
 TODAY
  MAXIMUM         31   1240 AM  67    1878  41    -10       57
  MINIMUM         22    834 AM -15    1869  24     -2       41
  AVERAGE         27                        33     -6       49

PRECIPITATION (IN)
  TODAY            0.00          1.16 1992   0.06  -0.06      T
  MONTH TO DATE    0.51                      0.61  -0.10     0.72
  SINCE MAR 1      0.51                      0.61  -0.10     0.72
  SINCE JAN 1      6.79                      3.73   3.06     3.88

SNOWFALL (IN)
  TODAY            0.0           6.4  1992   0.3   -0.3      0.0
  MONTH TO DATE    0.6                       3.0   -2.4      8.9
  SINCE MAR 1      0.6                       3.0   -2.4      8.9
  SINCE JUL 1     28.2                      45.2  -17.0     42.5
  SNOW DEPTH       0

DEGREE DAYS
 HEATING
  TODAY           38                        32      6       16
  MONTH TO DATE  295                       341    -46      292
  SINCE MAR 1    295                       341    -46      292
  SINCE JUL 1   4340                      5276   -936     4452

 COOLING
  TODAY            0                         0      0        0
  MONTH TO DATE    0                         0      0        0
  SINCE MAR 1      0                         0      0        0
  SINCE JAN 1      0                         0      0        0
..................................................................


WIND (MPH)
  RESULTANT WIND SPEED  11   RESULTANT WIND DIRECTION   N (340)
  HIGHEST WIND SPEED    23   HIGHEST WIND DIRECTION    NW (320)
  HIGHEST GUST SPEED    29   HIGHEST GUST DIRECTION    NW (320)
  AVERAGE WIND SPEED    11.0


SKY COVER
  AVERAGE SKY COVER 0.5


WEATHER CONDITIONS
 THE FOLLOWING WEATHER WAS RECORDED TODAY.
  NO SIGNIFICANT WEATHER WAS OBSERVED.


RELATIVE HUMIDITY (PERCENT)
 HIGHEST    60           500 AM
 LOWEST     40           900 AM
 AVERAGE    50

..........................................................


THE LANSING MI CLIMATE NORMALS FOR TOMORROW
                         NORMAL    RECORD    YEAR
 MAXIMUM TEMPERATURE (F)   42        69      1977
 MINIMUM TEMPERATURE (F)   24        -6      1869


SUNRISE AND SUNSET
MARCH 10 2017.........SUNRISE   659 AM EST   SUNSET   639 PM EST
MARCH 11 2017.........SUNRISE   657 AM EST   SUNSET   640 PM EST


-  INDICATES NEGATIVE NUMBERS.
R  INDICATES RECORD WAS SET OR TIED.
MM INDICATES DATA IS MISSING.
T  INDICATES TRACE AMOUNT.




$$

jam
