000
CDUS43 KGRR 280518
CLILAN


CLIMATE REPORT
NATIONAL WEATHER SERVICE GRAND RAPIDS, MI
118 AM EDT THU APR 28 2016


...................................

...THE LANSING MI CLIMATE SUMMARY FOR APRIL 27 2016...

CLIMATE NORMAL PERIOD 1981 TO 2010
CLIMATE RECORD PERIOD 1864 TO 2016


WEATHER ITEM   OBSERVED TIME   RECORD YEAR NORMAL DEPARTURE LAST
                VALUE   (LST)  VALUE       VALUE  FROM      YEAR
                                                  NORMAL
..................................................................
TEMPERATURE (F)
 YESTERDAY
  MAXIMUM         60    427 PM  84    1990  63     -3       55
                                      1986
  MINIMUM         33    608 AM  24    1867  41     -8       36
  AVERAGE         47                        52     -5       46

PRECIPITATION (IN)
  YESTERDAY        0.00          1.08 2009   0.10  -0.10     0.00
  MONTH TO DATE    1.75                      2.73  -0.98     1.27
  SINCE MAR 1      6.00                      4.79   1.21     2.01
  SINCE JAN 1      9.16                      7.91   1.25     4.26

SNOWFALL (IN)
  YESTERDAY        0.0           2.2  1950   0.1   -0.1      0.0
  MONTH TO DATE    7.5                       1.9    5.6       T
  SINCE MAR 1     16.4                       8.9    7.5      1.9
  SINCE JUL 1     50.0                      51.1   -1.1     35.6
  SNOW DEPTH       0

DEGREE DAYS
 HEATING
  YESTERDAY       18                        14      4       19
  MONTH TO DATE  542                       495     47      474
  SINCE MAR 1   1305                      1424   -119     1465
  SINCE JUL 1   5465                      6359   -894     6959

 COOLING
  YESTERDAY        0                         0      0        0
  MONTH TO DATE    1                         0      1        0
  SINCE MAR 1      1                         1      0        0
  SINCE JAN 1      1                         1      0        0
..................................................................


WIND (MPH)
  RESULTANT WIND SPEED  10   RESULTANT WIND DIRECTION  NE (60)
  HIGHEST WIND SPEED    21   HIGHEST WIND DIRECTION     E (70)
  HIGHEST GUST SPEED    27   HIGHEST GUST DIRECTION    NE (60)
  AVERAGE WIND SPEED    10.1


SKY COVER
  AVERAGE SKY COVER 0.1


WEATHER CONDITIONS
 THE FOLLOWING WEATHER WAS RECORDED YESTERDAY.
  NO SIGNIFICANT WEATHER WAS OBSERVED.


RELATIVE HUMIDITY (PERCENT)
 HIGHEST    89          1200 AM
 LOWEST     31           300 PM
 AVERAGE    60

..........................................................


THE LANSING MI CLIMATE NORMALS FOR TODAY
                         NORMAL    RECORD    YEAR
 MAXIMUM TEMPERATURE (F)   63        82      1990
                                             1914
 MINIMUM TEMPERATURE (F)   41        20      1874


SUNRISE AND SUNSET
APRIL 28 2016.........SUNRISE   636 AM EDT   SUNSET   836 PM EDT
APRIL 29 2016.........SUNRISE   635 AM EDT   SUNSET   837 PM EDT


-  INDICATES NEGATIVE NUMBERS.
R  INDICATES RECORD WAS SET OR TIED.
MM INDICATES DATA IS MISSING.
T  INDICATES TRACE AMOUNT.




$$
