000
CDUS43 KGRR 112126
CLILAN


CLIMATE REPORT
NATIONAL WEATHER SERVICE GRAND RAPIDS, MI
526 PM EDT SUN SEP 11 2016


...................................

...THE LANSING MI CLIMATE SUMMARY FOR SEPTEMBER 11 2016...
VALID TODAY AS OF 0500 PM LOCAL TIME.

CLIMATE NORMAL PERIOD 1981 TO 2010
CLIMATE RECORD PERIOD 1864 TO 2016


WEATHER ITEM   OBSERVED TIME   RECORD YEAR NORMAL DEPARTURE LAST
                VALUE   (LST)  VALUE       VALUE  FROM      YEAR
                                                  NORMAL
..................................................................
TEMPERATURE (F)
 TODAY
  MAXIMUM         72    212 PM  95    1874  75     -3       65
  MINIMUM         53    534 AM  32    1898  53      0       54
                                      1870
  AVERAGE         63                        64     -1       60

PRECIPITATION (IN)
  TODAY            0.00          1.72 1947   0.12  -0.12     0.01
  MONTH TO DATE    0.76                      1.24  -0.48     0.57
  SINCE SEP 1      0.76                      1.24  -0.48     0.57
  SINCE JAN 1     24.24                     22.33   1.91    26.90

SNOWFALL (IN)
  TODAY            0.0           0.0    MM   0.0    0.0      0.0
  MONTH TO DATE    0.0                       0.0    0.0      0.0
  SINCE SEP 1      0.0                       0.0    0.0      0.0
  SINCE JUL 1      0.0                       0.0    0.0      0.0
  SNOW DEPTH       0

DEGREE DAYS
 HEATING
  TODAY            2                         4     -2        5
  MONTH TO DATE    6                        28    -22        6
  SINCE SEP 1      6                        28    -22        6
  SINCE JUL 1      9                        63    -54       37

 COOLING
  TODAY            0                         2     -2        0
  MONTH TO DATE   56                        35     21       89
  SINCE SEP 1     56                        35     21       89
  SINCE JAN 1    822                       592    230      582
..................................................................


WIND (MPH)
  RESULTANT WIND SPEED   4   RESULTANT WIND DIRECTION   W (290)
  HIGHEST WIND SPEED     9   HIGHEST WIND DIRECTION     W (260)
  HIGHEST GUST SPEED    12   HIGHEST GUST DIRECTION    NW (310)
  AVERAGE WIND SPEED     4.7


SKY COVER
  AVERAGE SKY COVER 0.1


WEATHER CONDITIONS
 THE FOLLOWING WEATHER WAS RECORDED TODAY.
  NO SIGNIFICANT WEATHER WAS OBSERVED.


RELATIVE HUMIDITY (PERCENT)
 HIGHEST    93           200 AM
 LOWEST     44           100 PM
 AVERAGE    69

..........................................................


THE LANSING MI CLIMATE NORMALS FOR TOMORROW
                         NORMAL    RECORD    YEAR
 MAXIMUM TEMPERATURE (F)   74        94      1874
 MINIMUM TEMPERATURE (F)   53        25      1864


SUNRISE AND SUNSET
SEPTEMBER 11 2016.....SUNRISE   714 AM EDT   SUNSET   754 PM EDT
SEPTEMBER 12 2016.....SUNRISE   715 AM EDT   SUNSET   753 PM EDT


-  INDICATES NEGATIVE NUMBERS.
R  INDICATES RECORD WAS SET OR TIED.
MM INDICATES DATA IS MISSING.
T  INDICATES TRACE AMOUNT.




$$
