335
CDUS43 KGRR 170534
CLILAN


CLIMATE REPORT
NATIONAL WEATHER SERVICE GRAND RAPIDS, MI
1233 AM EST FRI FEB 17 2017


...................................

...THE LANSING MI CLIMATE SUMMARY FOR FEBRUARY 16 2017...

CLIMATE NORMAL PERIOD 1981 TO 2010
CLIMATE RECORD PERIOD 1864 TO 2017


WEATHER ITEM   OBSERVED TIME   RECORD YEAR NORMAL DEPARTURE LAST
                VALUE   (LST)  VALUE       VALUE  FROM      YEAR
                                                  NORMAL
..................................................................
TEMPERATURE (F)
 YESTERDAY
  MAXIMUM         32    527 PM  59    1921  33     -1       29
  MINIMUM         24    845 AM -22    1896  19      5       25
                                      1866
  AVERAGE         28                        26      2       27

PRECIPITATION (IN)
  YESTERDAY        T             1.63 1954   0.05  -0.05     0.06
  MONTH TO DATE    1.04                      0.76   0.28     0.81
  SINCE DEC 1      6.45                      4.28   2.17     4.98
  SINCE JAN 1      4.69                      2.41   2.28     2.26

SNOWFALL (IN)
  YESTERDAY        T             6.5  1986   0.5   -0.5      1.2
  MONTH TO DATE    2.3                       6.9   -4.6      5.3
  SINCE DEC 1     27.5                      33.7   -6.2     15.0
  SINCE JUL 1     27.5                      37.5  -10.0     23.2
  SNOW DEPTH       0

DEGREE DAYS
 HEATING
  YESTERDAY       37                        39     -2       38
  MONTH TO DATE  582                       645    -63      637
  SINCE DEC 1   2832                      3071   -239     2645
  SINCE JUL 1   3807                      4485   -678     3753

 COOLING
  YESTERDAY        0                         0      0        0
  MONTH TO DATE    0                         0      0        0
  SINCE DEC 1      0                         0      0        0
  SINCE JAN 1      0                         0      0        0
..................................................................


WIND (MPH)
  RESULTANT WIND SPEED   4   RESULTANT WIND DIRECTION   W (290)
  HIGHEST WIND SPEED    15   HIGHEST WIND DIRECTION     W (290)
  HIGHEST GUST SPEED    19   HIGHEST GUST DIRECTION    NW (300)
  AVERAGE WIND SPEED     8.2


SKY COVER
  AVERAGE SKY COVER 0.7


WEATHER CONDITIONS
 THE FOLLOWING WEATHER WAS RECORDED YESTERDAY.
  LIGHT SNOW


RELATIVE HUMIDITY (PERCENT)
 HIGHEST    60          1200 AM
 LOWEST     43           500 PM
 AVERAGE    52

..........................................................


THE LANSING MI CLIMATE NORMALS FOR TODAY
                         NORMAL    RECORD    YEAR
 MAXIMUM TEMPERATURE (F)   34        56      1880
 MINIMUM TEMPERATURE (F)   19       -27      1875


SUNRISE AND SUNSET
FEBRUARY 17 2017......SUNRISE   732 AM EST   SUNSET   613 PM EST
FEBRUARY 18 2017......SUNRISE   731 AM EST   SUNSET   614 PM EST


-  INDICATES NEGATIVE NUMBERS.
R  INDICATES RECORD WAS SET OR TIED.
MM INDICATES DATA IS MISSING.
T  INDICATES TRACE AMOUNT.




$$
