000
CDUS43 KGRR 191333
CLILAN


CLIMATE REPORT
NATIONAL WEATHER SERVICE GRAND RAPIDS, MI
931 AM EDT SUN JUL 19 2015


...................................

...THE LANSING MI CLIMATE SUMMARY FOR JULY 19 2015...
VALID AS OF 0900 AM LOCAL TIME.

CLIMATE NORMAL PERIOD 1981 TO 2010
CLIMATE RECORD PERIOD 1864 TO 2015


WEATHER ITEM   OBSERVED TIME   RECORD YEAR NORMAL DEPARTURE LAST
                VALUE   (LST)  VALUE       VALUE  FROM      YEAR
                                                  NORMAL
..................................................................
TEMPERATURE (F)
 TODAY
  MAXIMUM         76    759 AM 102    1894  83     -7       79
  MINIMUM         69    201 AM  42    1910  61      8       58
  AVERAGE         73                        72      1       69

PRECIPITATION (IN)
  TODAY            0.00          1.11 1935   0.09  -0.09     0.00
  MONTH TO DATE    2.38                      1.73   0.65     4.40
  SINCE JUN 1     11.45                      5.18   6.27    10.80
  SINCE JAN 1     19.50                     16.75   2.75    22.01

SNOWFALL (IN)
  TODAY            0.0           0.0    MM   0.0    0.0      0.0
  MONTH TO DATE    0.0                       0.0    0.0      0.0
  SINCE JUN 1      0.0                       0.0    0.0      0.0
  SINCE JUL 1      0.0                       0.0    0.0      0.0
  SNOW DEPTH       0

DEGREE DAYS
 HEATING
  TODAY            0                         0      0        0
  MONTH TO DATE   12                         2     10       17
  SINCE JUN 1     48                        57     -9       41
  SINCE JUL 1     12                         2     10       17

 COOLING
  TODAY            8                         7      1        4
  MONTH TO DATE   75                       133    -58       63
  SINCE JUN 1    162                       265   -103      210
  SINCE JAN 1    221                       306    -85      249
..................................................................


WIND (MPH)
  RESULTANT WIND SPEED   9   RESULTANT WIND DIRECTION  SW (240)
  HIGHEST WIND SPEED    13   HIGHEST WIND DIRECTION     W (260)
  HIGHEST GUST SPEED    16   HIGHEST GUST DIRECTION     W (250)
  AVERAGE WIND SPEED     9.8


SKY COVER
  AVERAGE SKY COVER 0.1


WEATHER CONDITIONS
 THE FOLLOWING WEATHER WAS RECORDED TODAY.
  NO SIGNIFICANT WEATHER WAS OBSERVED.


RELATIVE HUMIDITY (PERCENT)
 HIGHEST    97           400 AM
 LOWEST     87           700 AM
 AVERAGE    92

..........................................................


THE LANSING MI CLIMATE NORMALS FOR TOMORROW
                         NORMAL    RECORD    YEAR
 MAXIMUM TEMPERATURE (F)   83        99      1930
 MINIMUM TEMPERATURE (F)   61        39      1965


SUNRISE AND SUNSET
JULY 19 2015..........SUNRISE   617 AM EDT   SUNSET   912 PM EDT
JULY 20 2015..........SUNRISE   618 AM EDT   SUNSET   911 PM EDT


-  INDICATES NEGATIVE NUMBERS.
R  INDICATES RECORD WAS SET OR TIED.
MM INDICATES DATA IS MISSING.
T  INDICATES TRACE AMOUNT.




$$
