000
CDUS43 KGRR 140514
CLILAN


CLIMATE REPORT
NATIONAL WEATHER SERVICE GRAND RAPIDS, MI
114 AM EDT TUE OCT 14 2014


...................................

...THE LANSING MI CLIMATE SUMMARY FOR OCTOBER 13 2014...

CLIMATE NORMAL PERIOD 1981 TO 2010
CLIMATE RECORD PERIOD 1864 TO 2014


WEATHER ITEM   OBSERVED TIME   RECORD YEAR NORMAL DEPARTURE LAST
                VALUE   (LST)  VALUE       VALUE  FROM      YEAR
                                                  NORMAL
..................................................................
TEMPERATURE (F)
 YESTERDAY
  MAXIMUM         70   1120 PM  83    1975  61      9       65
                                      1899
  MINIMUM         50    149 AM  16    1874  41      9       41
  AVERAGE         60                        51      9       53

PRECIPITATION (IN)
  YESTERDAY        0.13          0.82 2012   0.08   0.05     0.00
  MONTH TO DATE    2.56                      1.13   1.43     1.01
  SINCE SEP 1      5.10                      4.63   0.47     1.99
  SINCE JAN 1     32.32                     25.72   6.60    34.91

SNOWFALL (IN)
  YESTERDAY        0.0           T    2006   0.0    0.0      0.0
                                      1937
                                      1932
  MONTH TO DATE    0.0                       0.1   -0.1      0.0
  SINCE SEP 1      0.0                       0.1   -0.1      0.0
  SINCE JUL 1      0.0                       0.1   -0.1      0.0
  SNOW DEPTH       0

DEGREE DAYS
 HEATING
  YESTERDAY        5                        14     -9       12
  MONTH TO DATE  174                       156     18       67
  SINCE SEP 1    334                       309     25      223
  SINCE JUL 1    374                       344     30      258

 COOLING
  YESTERDAY        0                         0      0        0
  MONTH TO DATE    0                         4     -4       10
  SINCE SEP 1     43                        65    -22       73
  SINCE JAN 1    488                       622   -134      661
..................................................................


WIND (MPH)
  RESULTANT WIND SPEED   9   RESULTANT WIND DIRECTION  SE (150)
  HIGHEST WIND SPEED    21   HIGHEST WIND DIRECTION     S (160)
  HIGHEST GUST SPEED    25   HIGHEST GUST DIRECTION     S (160)
  AVERAGE WIND SPEED    10.0


SKY COVER
  AVERAGE SKY COVER 0.7


WEATHER CONDITIONS
 THE FOLLOWING WEATHER WAS RECORDED YESTERDAY.
  RAIN
  LIGHT RAIN
  FOG


RELATIVE HUMIDITY (PERCENT)
 HIGHEST   100           900 AM
 LOWEST     74          1200 AM
 AVERAGE    87

..........................................................


THE LANSING MI CLIMATE NORMALS FOR TODAY
                         NORMAL    RECORD    YEAR
 MAXIMUM TEMPERATURE (F)   61        83      1989
                                             1956
 MINIMUM TEMPERATURE (F)   41        20      1894


SUNRISE AND SUNSET
OCTOBER 14 2014.......SUNRISE   750 AM EDT   SUNSET   658 PM EDT
OCTOBER 15 2014.......SUNRISE   752 AM EDT   SUNSET   656 PM EDT


-  INDICATES NEGATIVE NUMBERS.
R  INDICATES RECORD WAS SET OR TIED.
MM INDICATES DATA IS MISSING.
T  INDICATES TRACE AMOUNT.




$$
