000
CDUS43 KGRR 180521
CLILAN


CLIMATE REPORT
NATIONAL WEATHER SERVICE GRAND RAPIDS, MI
117 AM EDT WED MAR 18 2015


...................................

...THE LANSING MI CLIMATE SUMMARY FOR MARCH 17 2015...

CLIMATE NORMAL PERIOD 1981 TO 2010
CLIMATE RECORD PERIOD 1864 TO 2015


WEATHER ITEM   OBSERVED TIME   RECORD YEAR NORMAL DEPARTURE LAST
                VALUE   (LST)  VALUE       VALUE  FROM      YEAR
                                                  NORMAL
..................................................................
TEMPERATURE (F)
 YESTERDAY
  MAXIMUM         47   1203 AM  78    2012  44      3       31
  MINIMUM         25   1159 PM -10    1877  26     -1        6
  AVERAGE         36                        35      1       19

PRECIPITATION (IN)
  YESTERDAY        0.00          1.44 1876   0.06  -0.06     0.00
  MONTH TO DATE    0.25                      1.03  -0.78     0.97
  SINCE MAR 1      0.25                      1.03  -0.78     0.97
  SINCE JAN 1      2.50                      4.15  -1.65     4.89

SNOWFALL (IN)
  YESTERDAY        0.0          13.9  1973   0.2   -0.2      0.0
  MONTH TO DATE    1.9                       4.7   -2.8     10.2
  SINCE MAR 1      1.9                       4.7   -2.8     10.2
  SINCE JUL 1     35.6                      46.9  -11.3     68.2
  SNOW DEPTH       0

DEGREE DAYS
 HEATING
  YESTERDAY       29                        30     -1       46
  MONTH TO DATE  556                       558     -2      739
  SINCE MAR 1    556                       558     -2      739
  SINCE JUL 1   6050                      5493    557     6280

 COOLING
  YESTERDAY        0                         0      0        0
  MONTH TO DATE    0                         0      0        0
  SINCE MAR 1      0                         0      0        0
  SINCE JAN 1      0                         0      0        0
..................................................................


WIND (MPH)
  RESULTANT WIND SPEED  12   RESULTANT WIND DIRECTION  NW (330)
  HIGHEST WIND SPEED    25   HIGHEST WIND DIRECTION     W (280)
  HIGHEST GUST SPEED    36   HIGHEST GUST DIRECTION     N (350)
  AVERAGE WIND SPEED    13.2


SKY COVER
  AVERAGE SKY COVER 0.2


WEATHER CONDITIONS
 THE FOLLOWING WEATHER WAS RECORDED YESTERDAY.
  NO SIGNIFICANT WEATHER WAS OBSERVED.


RELATIVE HUMIDITY (PERCENT)
 HIGHEST    83           100 AM
 LOWEST     27           500 PM
 AVERAGE    55

..........................................................


THE LANSING MI CLIMATE NORMALS FOR TODAY
                         NORMAL    RECORD    YEAR
 MAXIMUM TEMPERATURE (F)   45        75      1894
 MINIMUM TEMPERATURE (F)   27        -3      1885


SUNRISE AND SUNSET
MARCH 18 2015.........SUNRISE   746 AM EDT   SUNSET   748 PM EDT
MARCH 19 2015.........SUNRISE   744 AM EDT   SUNSET   749 PM EDT


-  INDICATES NEGATIVE NUMBERS.
R  INDICATES RECORD WAS SET OR TIED.
MM INDICATES DATA IS MISSING.
T  INDICATES TRACE AMOUNT.




$$
