000
CDUS43 KGRR 162123
CLILAN


CLIMATE REPORT
NATIONAL WEATHER SERVICE GRAND RAPIDS, MI
523 PM EDT SUN APR 16 2017


...................................

...THE LANSING MI CLIMATE SUMMARY FOR APRIL 16 2017...
VALID TODAY AS OF 0500 PM LOCAL TIME.

CLIMATE NORMAL PERIOD 1981 TO 2010
CLIMATE RECORD PERIOD 1864 TO 2017


WEATHER ITEM   OBSERVED TIME   RECORD YEAR NORMAL DEPARTURE LAST
                VALUE   (LST)  VALUE       VALUE  FROM      YEAR
                                                  NORMAL
..................................................................
TEMPERATURE (F)
 TODAY
  MAXIMUM         69    241 AM  86    2002  58     11       76
                                      1896
  MINIMUM         62    835 AM  10    1875  37     25       40
  AVERAGE         66                        48     18       58

PRECIPITATION (IN)
  TODAY            0.00          2.06 1972   0.11  -0.11     0.00
  MONTH TO DATE    2.67                      1.63   1.04     1.27
  SINCE MAR 1      6.30                      3.69   2.61     5.52
  SINCE JAN 1     12.58                      6.81   5.77     8.68

SNOWFALL (IN)
  TODAY            0.0           4.0  1961   0.1   -0.1      0.0
  MONTH TO DATE    0.4                       1.5   -1.1      7.5
  SINCE MAR 1      2.6                       8.5   -5.9     16.4
  SINCE JUL 1     30.2                      50.7  -20.5     50.0
  SNOW DEPTH       0

DEGREE DAYS
 HEATING
  TODAY            0                        17    -17        7
  MONTH TO DATE  229                       326    -97      420
  SINCE MAR 1   1154                      1255   -101     1183
  SINCE JUL 1   5199                      6190   -991     5343

 COOLING
  TODAY            1                         0      1        0
  MONTH TO DATE    3                         0      3        0
  SINCE MAR 1      3                         1      2        0
  SINCE JAN 1      3                         1      2        0
..................................................................


WIND (MPH)
  RESULTANT WIND SPEED  16   RESULTANT WIND DIRECTION   W (250)
  HIGHEST WIND SPEED    28   HIGHEST WIND DIRECTION     W (270)
  HIGHEST GUST SPEED    33   HIGHEST GUST DIRECTION     W (280)
  AVERAGE WIND SPEED    16.6


SKY COVER
  AVERAGE SKY COVER 0.6


WEATHER CONDITIONS
 THE FOLLOWING WEATHER WAS RECORDED TODAY.
  NO SIGNIFICANT WEATHER WAS OBSERVED.


RELATIVE HUMIDITY (PERCENT)
 HIGHEST    78           100 PM
 LOWEST     47          1200 AM
 AVERAGE    63

..........................................................


THE LANSING MI CLIMATE NORMALS FOR TOMORROW
                         NORMAL    RECORD    YEAR
 MAXIMUM TEMPERATURE (F)   59        85      1964
 MINIMUM TEMPERATURE (F)   38         0      1875


SUNRISE AND SUNSET
APRIL 16 2017.........SUNRISE   655 AM EDT   SUNSET   822 PM EDT
APRIL 17 2017.........SUNRISE   653 AM EDT   SUNSET   823 PM EDT


-  INDICATES NEGATIVE NUMBERS.
R  INDICATES RECORD WAS SET OR TIED.
MM INDICATES DATA IS MISSING.
T  INDICATES TRACE AMOUNT.




$$
