000
CDUS43 KGRR 100521
CLILAN


CLIMATE REPORT
NATIONAL WEATHER SERVICE GRAND RAPIDS, MI
121 AM EDT MON APR 10 2017


...................................

...THE LANSING MI CLIMATE SUMMARY FOR APRIL 9 2017...

CLIMATE NORMAL PERIOD 1981 TO 2010
CLIMATE RECORD PERIOD 1864 TO 2017


WEATHER ITEM   OBSERVED TIME   RECORD YEAR NORMAL DEPARTURE LAST
                VALUE   (LST)  VALUE       VALUE  FROM      YEAR
                                                  NORMAL
..................................................................
TEMPERATURE (F)
 YESTERDAY
  MAXIMUM         75    428 PM  80    1931  55     20       32
  MINIMUM         50    311 AM  11    1868  35     15       23
  AVERAGE         63                        45     18       28

PRECIPITATION (IN)
  YESTERDAY        0.00          1.39 2013   0.11  -0.11     0.02
  MONTH TO DATE    2.37                      0.88   1.49     0.67
  SINCE MAR 1      6.00                      2.94   3.06     4.92
  SINCE JAN 1     12.28                      6.06   6.22     8.08

SNOWFALL (IN)
  YESTERDAY        0.0           5.2  1973   0.1   -0.1      0.2
  MONTH TO DATE    0.4                       1.0   -0.6      6.8
  SINCE MAR 1      2.6                       8.0   -5.4     15.7
  SINCE JUL 1     30.2                      50.2  -20.0     49.3
  SNOW DEPTH       0

DEGREE DAYS
 HEATING
  YESTERDAY        2                        20    -18       37
  MONTH TO DATE  169                       196    -27      279
  SINCE MAR 1   1094                      1125    -31     1042
  SINCE JUL 1   5139                      6060   -921     5202

 COOLING
  YESTERDAY        0                         0      0        0
  MONTH TO DATE    0                         0      0        0
  SINCE MAR 1      0                         1     -1        0
  SINCE JAN 1      0                         1     -1        0
..................................................................


WIND (MPH)
  RESULTANT WIND SPEED  15   RESULTANT WIND DIRECTION   S (200)
  HIGHEST WIND SPEED    29   HIGHEST WIND DIRECTION    SW (210)
  HIGHEST GUST SPEED    37   HIGHEST GUST DIRECTION    SW (210)
  AVERAGE WIND SPEED    15.5


SKY COVER
  AVERAGE SKY COVER 0.1


WEATHER CONDITIONS
 THE FOLLOWING WEATHER WAS RECORDED YESTERDAY.
  NO SIGNIFICANT WEATHER WAS OBSERVED.


RELATIVE HUMIDITY (PERCENT)
 HIGHEST    45           700 AM
 LOWEST     37          1000 AM
 AVERAGE    41

..........................................................


THE LANSING MI CLIMATE NORMALS FOR TODAY
                         NORMAL    RECORD    YEAR
 MAXIMUM TEMPERATURE (F)   56        83      2011
 MINIMUM TEMPERATURE (F)   35        14      1989


SUNRISE AND SUNSET
APRIL 10 2017.........SUNRISE   705 AM EDT   SUNSET   815 PM EDT
APRIL 11 2017.........SUNRISE   703 AM EDT   SUNSET   816 PM EDT


-  INDICATES NEGATIVE NUMBERS.
R  INDICATES RECORD WAS SET OR TIED.
MM INDICATES DATA IS MISSING.
T  INDICATES TRACE AMOUNT.




$$
