000
CDUS43 KGRR 300521
CLILAN


CLIMATE REPORT
NATIONAL WEATHER SERVICE GRAND RAPIDS, MI
1221 AM EST SAT JAN 30 2016


...................................

...THE LANSING MI CLIMATE SUMMARY FOR JANUARY 29 2016...

CLIMATE NORMAL PERIOD 1981 TO 2010
CLIMATE RECORD PERIOD 1864 TO 2016


WEATHER ITEM   OBSERVED TIME   RECORD YEAR NORMAL DEPARTURE LAST
                VALUE   (LST)  VALUE       VALUE  FROM      YEAR
                                                  NORMAL
..................................................................
TEMPERATURE (F)
 YESTERDAY
  MAXIMUM         29   1159 PM  57    2013  30     -1       32
  MINIMUM         20    851 AM -28    1867  17      3       23
  AVERAGE         25                        23      2       28

PRECIPITATION (IN)
  YESTERDAY        T             0.90 1909   0.04  -0.04     0.05
  MONTH TO DATE    1.33                      1.56  -0.23     1.35
  SINCE DEC 1      4.05                      3.43   0.62     2.91
  SINCE JAN 1      1.33                      1.56  -0.23     1.35

SNOWFALL (IN)
  YESTERDAY        T             9.0  1909   0.4   -0.4      0.5
  MONTH TO DATE    7.8                      12.9   -5.1     11.2
  SINCE DEC 1      9.7                      25.9  -16.2     12.7
  SINCE JUL 1     17.9                      29.7  -11.8     18.9
  SNOW DEPTH       1

DEGREE DAYS
 HEATING
  YESTERDAY       40                        42     -2       37
  MONTH TO DATE 1163                      1209    -46     1293
  SINCE DEC 1   1960                      2347   -387     2322
  SINCE JUL 1   3068                      3761   -693     3918

 COOLING
  YESTERDAY        0                         0      0        0
  MONTH TO DATE    0                         0      0        0
  SINCE DEC 1      0                         0      0        0
  SINCE JAN 1      0                         0      0        0
..................................................................


WIND (MPH)
  RESULTANT WIND SPEED   7   RESULTANT WIND DIRECTION  NW (300)
  HIGHEST WIND SPEED    22   HIGHEST WIND DIRECTION    NW (310)
  HIGHEST GUST SPEED    31   HIGHEST GUST DIRECTION    NW (310)
  AVERAGE WIND SPEED    10.7


SKY COVER
  AVERAGE SKY COVER 0.6


WEATHER CONDITIONS
 THE FOLLOWING WEATHER WAS RECORDED YESTERDAY.
  LIGHT SNOW


RELATIVE HUMIDITY (PERCENT)
 HIGHEST    68          1200 AM
 LOWEST     50           200 PM
 AVERAGE    59

..........................................................


THE LANSING MI CLIMATE NORMALS FOR TODAY
                         NORMAL    RECORD    YEAR
 MAXIMUM TEMPERATURE (F)   30        56      2013
 MINIMUM TEMPERATURE (F)   17       -22      1867


SUNRISE AND SUNSET
JANUARY 30 2016.......SUNRISE   755 AM EST   SUNSET   548 PM EST
JANUARY 31 2016.......SUNRISE   754 AM EST   SUNSET   550 PM EST


-  INDICATES NEGATIVE NUMBERS.
R  INDICATES RECORD WAS SET OR TIED.
MM INDICATES DATA IS MISSING.
T  INDICATES TRACE AMOUNT.




$$
