000
CDUS43 KGRR 082123
CLILAN


CLIMATE REPORT
NATIONAL WEATHER SERVICE GRAND RAPIDS, MI
523 PM EDT THU SEP 8 2016


...................................

...THE LANSING MI CLIMATE SUMMARY FOR SEPTEMBER 8 2016...
VALID TODAY AS OF 0500 PM LOCAL TIME.

CLIMATE NORMAL PERIOD 1981 TO 2010
CLIMATE RECORD PERIOD 1864 TO 2016


WEATHER ITEM   OBSERVED TIME   RECORD YEAR NORMAL DEPARTURE LAST
                VALUE   (LST)  VALUE       VALUE  FROM      YEAR
                                                  NORMAL
..................................................................
TEMPERATURE (F)
 TODAY
  MAXIMUM         79    255 PM  95    1874  76      3       85
  MINIMUM         73    727 AM  28    1883  54     19       70
  AVERAGE         76                        65     11       78

PRECIPITATION (IN)
  TODAY            0.27          1.30 1865   0.12   0.15     0.08
  MONTH TO DATE    0.50                      0.90  -0.40     0.56
  SINCE SEP 1      0.50                      0.90  -0.40     0.56
  SINCE JAN 1     23.98                     21.99   1.99    26.89

SNOWFALL (IN)
  TODAY            0.0           0.0    MM   0.0    0.0      0.0
  MONTH TO DATE    0.0                       0.0    0.0      0.0
  SINCE SEP 1      0.0                       0.0    0.0      0.0
  SINCE JUL 1      0.0                       0.0    0.0      0.0
  SNOW DEPTH       0

DEGREE DAYS
 HEATING
  TODAY            0                         3     -3        0
  MONTH TO DATE    4                        18    -14        0
  SINCE SEP 1      4                        18    -14        0
  SINCE JUL 1      7                        53    -46       31

 COOLING
  TODAY           11                         3      8       13
  MONTH TO DATE   49                        27     22       88
  SINCE SEP 1     49                        27     22       88
  SINCE JAN 1    815                       584    231      581
..................................................................


WIND (MPH)
  RESULTANT WIND SPEED  10   RESULTANT WIND DIRECTION  SW (240)
  HIGHEST WIND SPEED    23   HIGHEST WIND DIRECTION     W (260)
  HIGHEST GUST SPEED    28   HIGHEST GUST DIRECTION     W (280)
  AVERAGE WIND SPEED    10.6


SKY COVER
  AVERAGE SKY COVER 0.9


WEATHER CONDITIONS
 THE FOLLOWING WEATHER WAS RECORDED TODAY.
  RAIN
  LIGHT RAIN
  FOG


RELATIVE HUMIDITY (PERCENT)
 HIGHEST    87          1200 AM
 LOWEST     74           100 PM
 AVERAGE    81

..........................................................


THE LANSING MI CLIMATE NORMALS FOR TOMORROW
                         NORMAL    RECORD    YEAR
 MAXIMUM TEMPERATURE (F)   75        94      1897
                                             1874
 MINIMUM TEMPERATURE (F)   54        30      1879


SUNRISE AND SUNSET
SEPTEMBER  8 2016.....SUNRISE   711 AM EDT   SUNSET   800 PM EDT
SEPTEMBER  9 2016.....SUNRISE   712 AM EDT   SUNSET   758 PM EDT


-  INDICATES NEGATIVE NUMBERS.
R  INDICATES RECORD WAS SET OR TIED.
MM INDICATES DATA IS MISSING.
T  INDICATES TRACE AMOUNT.




$$
