000
CDUS43 KGRR 150542
CLILAN


CLIMATE REPORT
NATIONAL WEATHER SERVICE GRAND RAPIDS, MI
140 AM EDT TUE JUL 15 2014


...................................

...THE LANSING MI CLIMATE SUMMARY FOR JULY 14 2014...

CLIMATE NORMAL PERIOD 1981 TO 2010
CLIMATE RECORD PERIOD 1864 TO 2014


WEATHER ITEM   OBSERVED TIME   RECORD YEAR NORMAL DEPARTURE LAST
                VALUE   (LST)  VALUE       VALUE  FROM      YEAR
                                                  NORMAL
..................................................................
TEMPERATURE (F)
 YESTERDAY
  MAXIMUM         77   1044 AM 101    1936  83     -6       89
  MINIMUM         59   1029 PM  46    2001  61     -2       64
                                      1950
                                      1926
  AVERAGE         68                        72     -4       77

PRECIPITATION (IN)
  YESTERDAY        0.23          1.28 1949   0.09   0.14     0.00
  MONTH TO DATE    4.32                      1.29   3.03     0.54
  SINCE JUN 1     10.72                      4.74   5.98     8.94
  SINCE JAN 1     21.93                     16.31   5.62    26.94

SNOWFALL (IN)
  YESTERDAY        0.0           0.0    MM   0.0    0.0      0.0
  MONTH TO DATE    0.0                       0.0    0.0      0.0
  SINCE JUN 1      0.0                       0.0    0.0      0.0
  SINCE JUL 1      0.0                       0.0    0.0      0.0
  SNOW DEPTH       0

DEGREE DAYS
 HEATING
  YESTERDAY        0                         0      0        0
  MONTH TO DATE    6                         2      4        2
  SINCE JUN 1     30                        57    -27       52
  SINCE JUL 1      6                         2      4        2

 COOLING
  YESTERDAY        3                         7     -4       12
  MONTH TO DATE   59                        98    -39       94
  SINCE JUN 1    206                       230    -24      227
  SINCE JAN 1    245                       271    -26      300
..................................................................


WIND (MPH)
  RESULTANT WIND SPEED   2   RESULTANT WIND DIRECTION   W (260)
  HIGHEST WIND SPEED    13   HIGHEST WIND DIRECTION     W (280)
  HIGHEST GUST SPEED    15   HIGHEST GUST DIRECTION     W (250)
  AVERAGE WIND SPEED     3.7


SKY COVER
  AVERAGE SKY COVER 0.6


WEATHER CONDITIONS
 THE FOLLOWING WEATHER WAS RECORDED YESTERDAY.
  LIGHT RAIN
  FOG


RELATIVE HUMIDITY (PERCENT)
 HIGHEST    93           100 AM
 LOWEST     46          1000 AM
 AVERAGE    70

..........................................................


THE LANSING MI CLIMATE NORMALS FOR TODAY
                         NORMAL    RECORD    YEAR
 MAXIMUM TEMPERATURE (F)   83        99      1977
 MINIMUM TEMPERATURE (F)   61        31      1863


SUNRISE AND SUNSET
JULY 15 2014..........SUNRISE   614 AM EDT   SUNSET   915 PM EDT
JULY 16 2014..........SUNRISE   614 AM EDT   SUNSET   914 PM EDT


-  INDICATES NEGATIVE NUMBERS.
R  INDICATES RECORD WAS SET OR TIED.
MM INDICATES DATA IS MISSING.
T  INDICATES TRACE AMOUNT.




$$
