000
CDUS43 KGRR 290516
CLILAN


CLIMATE REPORT
NATIONAL WEATHER SERVICE GRAND RAPIDS, MI
116 AM EDT SAT APR 29 2017


...................................

...THE LANSING MI CLIMATE SUMMARY FOR APRIL 28 2017...

CLIMATE NORMAL PERIOD 1981 TO 2010
CLIMATE RECORD PERIOD 1864 TO 2017


WEATHER ITEM   OBSERVED TIME   RECORD YEAR NORMAL DEPARTURE LAST
                VALUE   (LST)  VALUE       VALUE  FROM      YEAR
                                                  NORMAL
..................................................................
TEMPERATURE (F)
 YESTERDAY
  MAXIMUM         64    233 PM  82    1990  63      1       47
                                      1914
  MINIMUM         45    649 AM  20    1874  41      4       38
  AVERAGE         55                        52      3       43

PRECIPITATION (IN)
  YESTERDAY        0.00          2.51 1878   0.10  -0.10     0.31
  MONTH TO DATE    3.73                      2.83   0.90     2.06
  SINCE MAR 1      7.36                      4.89   2.47     6.31
  SINCE JAN 1     13.64                      8.01   5.63     9.47

SNOWFALL (IN)
  YESTERDAY        0.0           T    1961   0.0    0.0      0.0
                                      1926
                                      1920
  MONTH TO DATE    0.4                       1.9   -1.5      7.5
  SINCE MAR 1      2.6                       8.9   -6.3     16.4
  SINCE JUL 1     30.2                      51.1  -20.9     50.0
  SNOW DEPTH       0

DEGREE DAYS
 HEATING
  YESTERDAY       10                        13     -3       22
  MONTH TO DATE  338                       508   -170      564
  SINCE MAR 1   1263                      1437   -174     1327
  SINCE JUL 1   5308                      6372  -1064     5487

 COOLING
  YESTERDAY        0                         0      0        0
  MONTH TO DATE    8                         0      8        1
  SINCE MAR 1      8                         1      7        1
  SINCE JAN 1      8                         1      7        1
..................................................................


WIND (MPH)
  RESULTANT WIND SPEED  11   RESULTANT WIND DIRECTION  SW (220)
  HIGHEST WIND SPEED    25   HIGHEST WIND DIRECTION     W (250)
  HIGHEST GUST SPEED    30   HIGHEST GUST DIRECTION    SW (230)
  AVERAGE WIND SPEED    11.1


SKY COVER
  AVERAGE SKY COVER 0.9


WEATHER CONDITIONS
 THE FOLLOWING WEATHER WAS RECORDED YESTERDAY.
  NO SIGNIFICANT WEATHER WAS OBSERVED.


RELATIVE HUMIDITY (PERCENT)
 HIGHEST    71           800 AM
 LOWEST     43           200 PM
 AVERAGE    57

..........................................................


THE LANSING MI CLIMATE NORMALS FOR TODAY
                         NORMAL    RECORD    YEAR
 MAXIMUM TEMPERATURE (F)   63        86      1899
 MINIMUM TEMPERATURE (F)   41        22      1908


SUNRISE AND SUNSET
APRIL 29 2017.........SUNRISE   635 AM EDT   SUNSET   837 PM EDT
APRIL 30 2017.........SUNRISE   634 AM EDT   SUNSET   838 PM EDT


-  INDICATES NEGATIVE NUMBERS.
R  INDICATES RECORD WAS SET OR TIED.
MM INDICATES DATA IS MISSING.
T  INDICATES TRACE AMOUNT.




$$
