000
CDUS43 KGRR 252127
CLILAN


CLIMATE REPORT
NATIONAL WEATHER SERVICE GRAND RAPIDS, MI
527 PM EDT WED MAR 25 2015


...................................

...THE LANSING MI CLIMATE SUMMARY FOR MARCH 25 2015...
VALID TODAY AS OF 0500 PM LOCAL TIME.

CLIMATE NORMAL PERIOD 1981 TO 2010
CLIMATE RECORD PERIOD 1864 TO 2015


WEATHER ITEM   OBSERVED TIME   RECORD YEAR NORMAL DEPARTURE LAST
                VALUE   (LST)  VALUE       VALUE  FROM      YEAR
                                                  NORMAL
..................................................................
TEMPERATURE (F)
 TODAY
  MAXIMUM         48    346 PM  77    1945  48      0       29
  MINIMUM         29    128 AM  -3    1983  29      0       14
  AVERAGE         39                        39      0       22

PRECIPITATION (IN)
  TODAY            0.19          1.43 1954   0.07   0.12     0.02
  MONTH TO DATE    0.44                      1.58  -1.14     1.45
  SINCE MAR 1      0.44                      1.58  -1.14     1.45
  SINCE JAN 1      2.69                      4.70  -2.01     5.37

SNOWFALL (IN)
  TODAY            0.0           6.0  1876   0.1   -0.1      0.2
                                      1873
  MONTH TO DATE    1.9                       6.1   -4.2     10.4
  SINCE MAR 1      1.9                       6.1   -4.2     10.4
  SINCE JUL 1     35.6                      48.3  -12.7     68.4
  SNOW DEPTH       0

DEGREE DAYS
 HEATING
  TODAY           26                        26      0       43
  MONTH TO DATE  803                       780     23     1033
  SINCE MAR 1    803                       780     23     1033
  SINCE JUL 1   6297                      5715    582     6574

 COOLING
  TODAY            0                         0      0        0
  MONTH TO DATE    0                         0      0        0
  SINCE MAR 1      0                         0      0        0
  SINCE JAN 1      0                         0      0        0
..................................................................


WIND (MPH)
  RESULTANT WIND SPEED   8   RESULTANT WIND DIRECTION   S (200)
  HIGHEST WIND SPEED    26   HIGHEST WIND DIRECTION    SW (240)
  HIGHEST GUST SPEED    33   HIGHEST GUST DIRECTION     W (250)
  AVERAGE WIND SPEED    14.7


SKY COVER
  AVERAGE SKY COVER 0.8


WEATHER CONDITIONS
 THE FOLLOWING WEATHER WAS RECORDED TODAY.
  RAIN
  LIGHT RAIN
  FOG


RELATIVE HUMIDITY (PERCENT)
 HIGHEST    93          1100 AM
 LOWEST     49           200 AM
 AVERAGE    71

..........................................................


THE LANSING MI CLIMATE NORMALS FOR TOMORROW
                         NORMAL    RECORD    YEAR
 MAXIMUM TEMPERATURE (F)   49        76      2007
 MINIMUM TEMPERATURE (F)   30         2      2001


SUNRISE AND SUNSET
MARCH 25 2015.........SUNRISE   733 AM EDT   SUNSET   756 PM EDT
MARCH 26 2015.........SUNRISE   732 AM EDT   SUNSET   757 PM EDT


-  INDICATES NEGATIVE NUMBERS.
R  INDICATES RECORD WAS SET OR TIED.
MM INDICATES DATA IS MISSING.
T  INDICATES TRACE AMOUNT.




$$
