000
CDUS43 KGRR 130523
CLILAN


CLIMATE REPORT
NATIONAL WEATHER SERVICE GRAND RAPIDS, MI
1219 AM EST SAT FEB 13 2016


...................................

...THE LANSING MI CLIMATE SUMMARY FOR FEBRUARY 12 2016...

CLIMATE NORMAL PERIOD 1981 TO 2010
CLIMATE RECORD PERIOD 1864 TO 2016


WEATHER ITEM   OBSERVED TIME   RECORD YEAR NORMAL DEPARTURE LAST
                VALUE   (LST)  VALUE       VALUE  FROM      YEAR
                                                  NORMAL
..................................................................
TEMPERATURE (F)
 YESTERDAY
  MAXIMUM         22    207 PM  60    1869  32    -10       24
  MINIMUM          6   1159 PM -24    1967  18    -12        2
                                      1899
  AVERAGE         14                        25    -11       13

PRECIPITATION (IN)
  YESTERDAY        0.02          2.35 1938   0.05  -0.03      T
  MONTH TO DATE    0.73                      0.56   0.17     0.73
  SINCE DEC 1      4.90                      4.08   0.82     3.64
  SINCE JAN 1      2.18                      2.21  -0.03     2.08

SNOWFALL (IN)
  YESTERDAY        0.4           5.0  1897   0.5   -0.1       T
                                      1894
  MONTH TO DATE    3.9                       5.2   -1.3     11.0
  SINCE DEC 1     13.6                      32.0  -18.4     23.7
  SINCE JUL 1     21.8                      35.8  -14.0     29.9
  SNOW DEPTH       1

DEGREE DAYS
 HEATING
  YESTERDAY       51                        40     11       52
  MONTH TO DATE  443                       488    -45      558
  SINCE DEC 1   2451                      2914   -463     2965
  SINCE JUL 1   3559                      4328   -769     4561

 COOLING
  YESTERDAY        0                         0      0        0
  MONTH TO DATE    0                         0      0        0
  SINCE DEC 1      0                         0      0        0
  SINCE JAN 1      0                         0      0        0
..................................................................


WIND (MPH)
  RESULTANT WIND SPEED  10   RESULTANT WIND DIRECTION   W (270)
  HIGHEST WIND SPEED    25   HIGHEST WIND DIRECTION    NW (310)
  HIGHEST GUST SPEED    33   HIGHEST GUST DIRECTION    NW (310)
  AVERAGE WIND SPEED    14.5


SKY COVER
  AVERAGE SKY COVER 0.8


WEATHER CONDITIONS
 THE FOLLOWING WEATHER WAS RECORDED YESTERDAY.
  SNOW
  LIGHT SNOW
  HAZE
  BLOWING SNOW


RELATIVE HUMIDITY (PERCENT)
 HIGHEST    84          1100 AM
 LOWEST     55          1000 PM
 AVERAGE    70

..........................................................


THE LANSING MI CLIMATE NORMALS FOR TODAY
                         NORMAL    RECORD    YEAR
 MAXIMUM TEMPERATURE (F)   33        59      1876
 MINIMUM TEMPERATURE (F)   18       -25      1875


SUNRISE AND SUNSET
FEBRUARY 13 2016......SUNRISE   739 AM EST   SUNSET   607 PM EST
FEBRUARY 14 2016......SUNRISE   738 AM EST   SUNSET   608 PM EST


-  INDICATES NEGATIVE NUMBERS.
R  INDICATES RECORD WAS SET OR TIED.
MM INDICATES DATA IS MISSING.
T  INDICATES TRACE AMOUNT.




$$

63
