000
CDUS43 KGRR 220512
CLILAN


CLIMATE REPORT
NATIONAL WEATHER SERVICE GRAND RAPIDS, MI
112 AM EDT WED OCT 22 2014


...................................

...THE LANSING MI CLIMATE SUMMARY FOR OCTOBER 21 2014...

CLIMATE NORMAL PERIOD 1981 TO 2010
CLIMATE RECORD PERIOD 1864 TO 2014


WEATHER ITEM   OBSERVED TIME   RECORD YEAR NORMAL DEPARTURE LAST
                VALUE   (LST)  VALUE       VALUE  FROM      YEAR
                                                  NORMAL
..................................................................
TEMPERATURE (F)
 YESTERDAY
  MAXIMUM         48    107 AM  82    1953  58    -10       56
                                      1920
  MINIMUM         35   1147 PM  10    1895  39     -4       39
  AVERAGE         42                        49     -7       48

PRECIPITATION (IN)
  YESTERDAY        0.01          2.08 1933   0.08  -0.07     0.17
  MONTH TO DATE    3.28                      1.74   1.54     1.82
  SINCE SEP 1      5.82                      5.24   0.58     2.80
  SINCE JAN 1     33.04                     26.33   6.71    35.72

SNOWFALL (IN)
  YESTERDAY       MM             2.0  1873   0.0   MM        0.0
  MONTH TO DATE    0.0                       0.2   -0.2      0.0
  SINCE SEP 1      0.0                       0.2   -0.2      0.0
  SINCE JUL 1      0.0                       0.2   -0.2      0.0
  SNOW DEPTH       0

DEGREE DAYS
 HEATING
  YESTERDAY       23                        16      7       17
  MONTH TO DATE  288                       279      9      193
  SINCE SEP 1    448                       432     16      349
  SINCE JUL 1    488                       467     21      384

 COOLING
  YESTERDAY        0                         0      0        0
  MONTH TO DATE    0                         4     -4       10
  SINCE SEP 1     43                        65    -22       73
  SINCE JAN 1    488                       622   -134      661
..................................................................


WIND (MPH)
  RESULTANT WIND SPEED   7   RESULTANT WIND DIRECTION   N (0)
  HIGHEST WIND SPEED    16   HIGHEST WIND DIRECTION     N (360)
  HIGHEST GUST SPEED    23   HIGHEST GUST DIRECTION     N (10)
  AVERAGE WIND SPEED     8.1


SKY COVER
  AVERAGE SKY COVER 0.8


WEATHER CONDITIONS
 THE FOLLOWING WEATHER WAS RECORDED YESTERDAY.
  LIGHT RAIN
  FOG


RELATIVE HUMIDITY (PERCENT)
 HIGHEST    86           200 AM
 LOWEST     65           100 PM
 AVERAGE    76

..........................................................


THE LANSING MI CLIMATE NORMALS FOR TODAY
                         NORMAL    RECORD    YEAR
 MAXIMUM TEMPERATURE (F)   58        82      1963
                                             1920
 MINIMUM TEMPERATURE (F)   39        10      1868


SUNRISE AND SUNSET
OCTOBER 22 2014.......SUNRISE   800 AM EDT   SUNSET   645 PM EDT
OCTOBER 23 2014.......SUNRISE   801 AM EDT   SUNSET   644 PM EDT


-  INDICATES NEGATIVE NUMBERS.
R  INDICATES RECORD WAS SET OR TIED.
MM INDICATES DATA IS MISSING.
T  INDICATES TRACE AMOUNT.




$$
