000
CDUS43 KGRR 211315
CLILAN


CLIMATE REPORT...CORRECTED FOR SNOWFALL
NATIONAL WEATHER SERVICE GRAND RAPIDS, MI
914 AM EDT TUE OCT 21 2014


...................................

...THE LANSING MI CLIMATE SUMMARY FOR OCTOBER 20 2014...

CLIMATE NORMAL PERIOD 1981 TO 2010
CLIMATE RECORD PERIOD 1864 TO 2014


WEATHER ITEM   OBSERVED TIME   RECORD YEAR NORMAL DEPARTURE LAST
                VALUE   (LST)  VALUE       VALUE  FROM      YEAR
                                                  NORMAL
..................................................................
TEMPERATURE (F)
 YESTERDAY
  MAXIMUM         59    335 PM  82    1953  58      1       58
                                      1920
  MINIMUM         46    723 AM  17    1972  40      6       38
  AVERAGE         53                        49      4       48

PRECIPITATION (IN)
  YESTERDAY        0.05          2.61 1877   0.08  -0.03     0.05
  MONTH TO DATE    3.27                      1.66   1.61     1.65
  SINCE SEP 1      5.81                      5.16   0.65     2.63
  SINCE JAN 1     33.03                     26.25   6.78    35.55

SNOWFALL (IN)
  YESTERDAY        0.0           1.2  1992   0.0    0.0      0.0
  MONTH TO DATE    0.0                       0.2   -0.2      0.0
  SINCE SEP 1      0.0                       0.2   -0.2      0.0
  SINCE JUL 1      0.0                       0.2   -0.2      0.0
  SNOW DEPTH       0

DEGREE DAYS
 HEATING
  YESTERDAY       12                        16     -4       17
  MONTH TO DATE  265                       263      2      176
  SINCE SEP 1    425                       416      9      332
  SINCE JUL 1    465                       451     14      367

 COOLING
  YESTERDAY        0                         0      0        0
  MONTH TO DATE    0                         4     -4       10
  SINCE SEP 1     43                        65    -22       73
  SINCE JAN 1    488                       622   -134      661
..................................................................


WIND (MPH)
  RESULTANT WIND SPEED   6   RESULTANT WIND DIRECTION  SW (240)
  HIGHEST WIND SPEED    15   HIGHEST WIND DIRECTION     N (360)
  HIGHEST GUST SPEED    21   HIGHEST GUST DIRECTION     N (360)
  AVERAGE WIND SPEED     8.7


SKY COVER
  AVERAGE SKY COVER 0.8


WEATHER CONDITIONS
 THE FOLLOWING WEATHER WAS RECORDED YESTERDAY.
  RAIN
  LIGHT RAIN
  FOG
  HAZE


RELATIVE HUMIDITY (PERCENT)
 HIGHEST    86           600 AM
 LOWEST     66          1200 AM
 AVERAGE    76

..........................................................


THE LANSING MI CLIMATE NORMALS FOR TODAY
                         NORMAL    RECORD    YEAR
 MAXIMUM TEMPERATURE (F)   58        82      1953
                                             1920
 MINIMUM TEMPERATURE (F)   39        10      1895


SUNRISE AND SUNSET
OCTOBER 21 2014.......SUNRISE   759 AM EDT   SUNSET   647 PM EDT
OCTOBER 22 2014.......SUNRISE   800 AM EDT   SUNSET   645 PM EDT


-  INDICATES NEGATIVE NUMBERS.
R  INDICATES RECORD WAS SET OR TIED.
MM INDICATES DATA IS MISSING.
T  INDICATES TRACE AMOUNT.




$$
