000
CDUS43 KGRR 182226
CLILAN


CLIMATE REPORT
NATIONAL WEATHER SERVICE GRAND RAPIDS, MI
524 PM EST SUN FEB 18 2018


...................................

...THE LANSING MI CLIMATE SUMMARY FOR FEBRUARY 18 2018...
VALID TODAY AS OF 0500 PM LOCAL TIME.

CLIMATE NORMAL PERIOD 1981 TO 2010
CLIMATE RECORD PERIOD 1864 TO 2018


WEATHER ITEM   OBSERVED TIME   RECORD YEAR NORMAL DEPARTURE LAST
                VALUE   (LST)  VALUE       VALUE  FROM      YEAR
                                                  NORMAL
..................................................................
TEMPERATURE (F)
 TODAY
  MAXIMUM         38    237 PM  65    2017  34      4       65
  MINIMUM         25   1241 AM -26    1875  19      6       43
  AVERAGE         32                        26      6       54

PRECIPITATION (IN)
  TODAY            0.00          0.84 1926   0.05  -0.05     0.00
  MONTH TO DATE    1.40                      0.87   0.53     1.04
  SINCE DEC 1      4.70                      4.39   0.31     6.45
  SINCE JAN 1      3.38                      2.52   0.86     4.69

SNOWFALL (IN)
  TODAY            0.0           8.5  1926   0.4   -0.4      0.0
  MONTH TO DATE   15.3                       7.7    7.6      2.3
  SINCE DEC 1     44.9                      34.5   10.4     27.5
  SINCE JUL 1     45.3                      38.3    7.0     27.5
  SNOW DEPTH       3

DEGREE DAYS
 HEATING
  TODAY           33                        39     -6       11
  MONTH TO DATE  782                       723     59      618
  SINCE DEC 1   3301                      3149    152     2868
  SINCE JUL 1   4557                      4563     -6     3843

 COOLING
  TODAY            0                         0      0        0
  MONTH TO DATE    0                         0      0        0
  SINCE DEC 1      0                         0      0        0
  SINCE JAN 1      0                         0      0        0
..................................................................


WIND (MPH)
  RESULTANT WIND SPEED   8   RESULTANT WIND DIRECTION  SW (220)
  HIGHEST WIND SPEED    18   HIGHEST WIND DIRECTION     S (170)
  HIGHEST GUST SPEED    23   HIGHEST GUST DIRECTION     W (270)
  AVERAGE WIND SPEED    10.2


SKY COVER
  AVERAGE SKY COVER 0.6


WEATHER CONDITIONS
 THE FOLLOWING WEATHER WAS RECORDED TODAY.
  FOG


RELATIVE HUMIDITY (PERCENT)
 HIGHEST   100          1200 AM
 LOWEST     59           100 PM
 AVERAGE    80

..........................................................


THE LANSING MI CLIMATE NORMALS FOR TOMORROW
                         NORMAL    RECORD    YEAR
 MAXIMUM TEMPERATURE (F)   34        62      2017
 MINIMUM TEMPERATURE (F)   19       -21      1978


SUNRISE AND SUNSET
FEBRUARY 18 2018......SUNRISE   731 AM EST   SUNSET   614 PM EST
FEBRUARY 19 2018......SUNRISE   730 AM EST   SUNSET   615 PM EST


-  INDICATES NEGATIVE NUMBERS.
R  INDICATES RECORD WAS SET OR TIED.
MM INDICATES DATA IS MISSING.
T  INDICATES TRACE AMOUNT.




$$

63
