000
CDUS43 KGRR 011331
CLILAN


CLIMATE REPORT
NATIONAL WEATHER SERVICE GRAND RAPIDS, MI
931 AM EDT SAT OCT 1 2016


...................................

...THE LANSING MI CLIMATE SUMMARY FOR OCTOBER 1 2016...
VALID AS OF 0900 AM LOCAL TIME.

CLIMATE NORMAL PERIOD 1981 TO 2010
CLIMATE RECORD PERIOD 1864 TO 2016


WEATHER ITEM   OBSERVED TIME   RECORD YEAR NORMAL DEPARTURE LAST
                VALUE   (LST)  VALUE       VALUE  FROM      YEAR
                                                  NORMAL
..................................................................
TEMPERATURE (F)
 TODAY
  MAXIMUM         59   1221 AM  89    1897  66     -7       60
  MINIMUM         56    536 AM  27    1960  45     11       42
  AVERAGE         58                        56      2       51

PRECIPITATION (IN)
  TODAY            0.23          1.91 1911   0.09   0.14     0.00
  MONTH TO DATE    0.23                      0.09   0.14     0.00
  SINCE SEP 1      3.58                      3.59  -0.01     1.34
  SINCE JAN 1     27.06                     24.68   2.38    27.67

SNOWFALL (IN)
  TODAY            0.0           T    2003   0.0    0.0      0.0
                                      1974
  MONTH TO DATE    0.0                       0.0    0.0      0.0
  SINCE SEP 1      0.0                       0.0    0.0      0.0
  SINCE JUL 1      0.0                       0.0    0.0      0.0
  SNOW DEPTH       0

DEGREE DAYS
 HEATING
  TODAY            7                        10     -3       14
  MONTH TO DATE    7                        10     -3       14
  SINCE SEP 1     57                       163   -106       83
  SINCE JUL 1     60                       198   -138      114

 COOLING
  TODAY            0                         1     -1        0
  MONTH TO DATE    0                         1     -1        0
  SINCE SEP 1     89                        62     27      122
  SINCE JAN 1    855                       619    236      615
..................................................................


WIND (MPH)
  RESULTANT WIND SPEED   9   RESULTANT WIND DIRECTION   E (70)
  HIGHEST WIND SPEED    14   HIGHEST WIND DIRECTION     E (80)
  HIGHEST GUST SPEED    17   HIGHEST GUST DIRECTION     E (90)
  AVERAGE WIND SPEED     9.0


SKY COVER
  AVERAGE SKY COVER 1.0


WEATHER CONDITIONS
 THE FOLLOWING WEATHER WAS RECORDED TODAY.
  RAIN
  LIGHT RAIN
  FOG


RELATIVE HUMIDITY (PERCENT)
 HIGHEST    93           100 AM
 LOWEST     86           200 AM
 AVERAGE    90

..........................................................


THE LANSING MI CLIMATE NORMALS FOR TOMORROW
                         NORMAL    RECORD    YEAR
 MAXIMUM TEMPERATURE (F)   66        86      1922
 MINIMUM TEMPERATURE (F)   45        25      1974


SUNRISE AND SUNSET
OCTOBER  1 2016.......SUNRISE   736 AM EDT   SUNSET   719 PM EDT
OCTOBER  2 2016.......SUNRISE   737 AM EDT   SUNSET   717 PM EDT


-  INDICATES NEGATIVE NUMBERS.
R  INDICATES RECORD WAS SET OR TIED.
MM INDICATES DATA IS MISSING.
T  INDICATES TRACE AMOUNT.




$$
