000
CDUS43 KGRR 231329
CLILAN


CLIMATE REPORT
NATIONAL WEATHER SERVICE GRAND RAPIDS, MI
927 AM EDT MON OCT 23 2017


...................................

...THE LANSING MI CLIMATE SUMMARY FOR OCTOBER 23 2017...
VALID AS OF 0900 AM LOCAL TIME.

CLIMATE NORMAL PERIOD 1981 TO 2010
CLIMATE RECORD PERIOD 1864 TO 2017


WEATHER ITEM   OBSERVED TIME   RECORD YEAR NORMAL DEPARTURE LAST
                VALUE   (LST)  VALUE       VALUE  FROM      YEAR
                                                  NORMAL
..................................................................
TEMPERATURE (F)
 TODAY
  MAXIMUM         68    105 AM  84    1963  57     11       68
  MINIMUM         61    759 AM  11    1868  39     22       40
  AVERAGE         65                        48     17       54

PRECIPITATION (IN)
  TODAY            0.01          1.83 1951   0.07  -0.06     0.00
  MONTH TO DATE    5.88                      1.89   3.99     2.33
  SINCE SEP 1      6.82                      5.39   1.43     5.68
  SINCE JAN 1     32.12                     26.48   5.64    29.16

SNOWFALL (IN)
  TODAY            0.0           3.0  1863   0.0    0.0      0.0
  MONTH TO DATE    0.0                       0.2   -0.2      0.0
  SINCE SEP 1      0.0                       0.2   -0.2      0.0
  SINCE JUL 1      0.0                       0.2   -0.2      0.0
  SNOW DEPTH       0

DEGREE DAYS
 HEATING
  TODAY            0                        17    -17       11
  MONTH TO DATE  117                       313   -196      181
  SINCE SEP 1    220                       466   -246      231
  SINCE JUL 1    249                       501   -252      234

 COOLING
  TODAY            0                         0      0        0
  MONTH TO DATE   18                         4     14       14
  SINCE SEP 1    148                        65     83      103
  SINCE JAN 1    782                       622    160      869
..................................................................


WIND (MPH)
  RESULTANT WIND SPEED   5   RESULTANT WIND DIRECTION   S (170)
  HIGHEST WIND SPEED    14   HIGHEST WIND DIRECTION     S (190)
  HIGHEST GUST SPEED    18   HIGHEST GUST DIRECTION    SW (210)
  AVERAGE WIND SPEED     6.8


SKY COVER
  AVERAGE SKY COVER 0.9


WEATHER CONDITIONS
 THE FOLLOWING WEATHER WAS RECORDED TODAY.
  LIGHT RAIN


RELATIVE HUMIDITY (PERCENT)
 HIGHEST    67           600 AM
 LOWEST     55          1200 AM
 AVERAGE    61

..........................................................


THE LANSING MI CLIMATE NORMALS FOR TOMORROW
                         NORMAL    RECORD    YEAR
 MAXIMUM TEMPERATURE (F)   57        84      1963
 MINIMUM TEMPERATURE (F)   39        15      1869


SUNRISE AND SUNSET
OCTOBER 23 2017.......SUNRISE   802 AM EDT   SUNSET   643 PM EDT
OCTOBER 24 2017.......SUNRISE   803 AM EDT   SUNSET   642 PM EDT


-  INDICATES NEGATIVE NUMBERS.
R  INDICATES RECORD WAS SET OR TIED.
MM INDICATES DATA IS MISSING.
T  INDICATES TRACE AMOUNT.




$$

63
