000
CDUS43 KGRR 300530
CLILAN


CLIMATE REPORT
NATIONAL WEATHER SERVICE GRAND RAPIDS, MI
128 AM EDT WED JUL 30 2014


...................................

...THE LANSING MI CLIMATE SUMMARY FOR JULY 29 2014...

CLIMATE NORMAL PERIOD 1981 TO 2010
CLIMATE RECORD PERIOD 1864 TO 2014


WEATHER ITEM   OBSERVED TIME   RECORD YEAR NORMAL DEPARTURE LAST
                VALUE   (LST)  VALUE       VALUE  FROM      YEAR
                                                  NORMAL
..................................................................
TEMPERATURE (F)
 YESTERDAY
  MAXIMUM         75        MM 102    1916  82     -7       71
  MINIMUM         49        MM  44    1971  61    -12       55
  AVERAGE         62                        71     -9       63

PRECIPITATION (IN)
  YESTERDAY        0.02          1.57 1870   0.10  -0.08     0.01
  MONTH TO DATE    4.78                      2.65   2.13     1.37
  SINCE JUN 1     11.18                      6.10   5.08     9.77
  SINCE JAN 1     22.39                     17.67   4.72    27.77

SNOWFALL (IN)
  YESTERDAY        0.0           0.0    MM   0.0    0.0      0.0
  MONTH TO DATE    0.0                       0.0    0.0      0.0
  SINCE JUN 1      0.0                       0.0    0.0      0.0
  SINCE JUL 1      0.0                       0.0    0.0      0.0
  SNOW DEPTH       0

DEGREE DAYS
 HEATING
  YESTERDAY        3                         0      3        2
  MONTH TO DATE   28                         2     26       16
  SINCE JUN 1     52                        57     -5       66
  SINCE JUL 1     28                         2     26       16

 COOLING
  YESTERDAY        0                         7     -7        0
  MONTH TO DATE  104                       203    -99      225
  SINCE JUN 1    251                       335    -84      358
  SINCE JAN 1    290                       376    -86      431
..................................................................


WIND (MPH)
  RESULTANT WIND SPEED   5   RESULTANT WIND DIRECTION   W (260)
  HIGHEST WIND SPEED    13   HIGHEST WIND DIRECTION     W (250)
  HIGHEST GUST SPEED    20   HIGHEST GUST DIRECTION     W (250)
  AVERAGE WIND SPEED     5.6


SKY COVER
  AVERAGE SKY COVER 0.4


WEATHER CONDITIONS
 THE FOLLOWING WEATHER WAS RECORDED YESTERDAY.
  LIGHT RAIN


RELATIVE HUMIDITY (PERCENT)
 HIGHEST    93           500 AM
 LOWEST     53           400 PM
 AVERAGE    73

..........................................................


THE LANSING MI CLIMATE NORMALS FOR TODAY
                         NORMAL    RECORD    YEAR
 MAXIMUM TEMPERATURE (F)   82       101      1916
 MINIMUM TEMPERATURE (F)   61        41      1965
                                             1895


SUNRISE AND SUNSET
JULY 30 2014..........SUNRISE   628 AM EDT   SUNSET   901 PM EDT
JULY 31 2014..........SUNRISE   629 AM EDT   SUNSET   900 PM EDT


-  INDICATES NEGATIVE NUMBERS.
R  INDICATES RECORD WAS SET OR TIED.
MM INDICATES DATA IS MISSING.
T  INDICATES TRACE AMOUNT.




$$
