000
CDUS43 KGRR 010516
CLILAN


CLIMATE REPORT
NATIONAL WEATHER SERVICE GRAND RAPIDS, MI
116 AM EDT SAT AUG 1 2015


...................................

...THE LANSING MI CLIMATE SUMMARY FOR JULY 31 2015...

CLIMATE NORMAL PERIOD 1981 TO 2010
CLIMATE RECORD PERIOD 1864 TO 2015


WEATHER ITEM   OBSERVED TIME   RECORD YEAR NORMAL DEPARTURE LAST
                VALUE   (LST)  VALUE       VALUE  FROM      YEAR
                                                  NORMAL
..................................................................
TEMPERATURE (F)
 YESTERDAY
  MAXIMUM         86    215 PM  96    1955  82      4       79
                                      1917
  MINIMUM         64    557 AM  42    1918  61      3       51
  AVERAGE         75                        71      4       65

PRECIPITATION (IN)
  YESTERDAY        0.00          1.78 1873   0.10  -0.10     0.00
  MONTH TO DATE    2.39                      2.84  -0.45     4.86
  SINCE JUN 1     11.46                      6.29   5.17    11.26
  SINCE JAN 1     19.51                     17.86   1.65    22.47

SNOWFALL (IN)
  YESTERDAY        0.0           0.0    MM   0.0    0.0      0.0
  MONTH TO DATE    0.0                       0.0    0.0      0.0
  SINCE JUN 1      0.0                       0.0    0.0      0.0
  SINCE JUL 1      0.0                       0.0    0.0      0.0
  SNOW DEPTH       0

DEGREE DAYS
 HEATING
  YESTERDAY        0                         0      0        0
  MONTH TO DATE   12                         2     10       29
  SINCE JUN 1     48                        66    -18       53
  SINCE JUL 1     12                        11      1       29

 COOLING
  YESTERDAY       10                         7      3        0
  MONTH TO DATE  180                       213    -33      104
  SINCE JUN 1    267                       345    -78      251
  SINCE JAN 1    326                       386    -60      290
..................................................................


WIND (MPH)
  RESULTANT WIND SPEED  11   RESULTANT WIND DIRECTION   W (270)
  HIGHEST WIND SPEED    25   HIGHEST WIND DIRECTION     W (270)
  HIGHEST GUST SPEED    34   HIGHEST GUST DIRECTION     W (260)
  AVERAGE WIND SPEED    11.5


SKY COVER
  AVERAGE SKY COVER 0.1


WEATHER CONDITIONS
 THE FOLLOWING WEATHER WAS RECORDED YESTERDAY.
  NO SIGNIFICANT WEATHER WAS OBSERVED.


RELATIVE HUMIDITY (PERCENT)
 HIGHEST    78           400 AM
 LOWEST     28           500 PM
 AVERAGE    53

..........................................................


THE LANSING MI CLIMATE NORMALS FOR TODAY
                         NORMAL    RECORD    YEAR
 MAXIMUM TEMPERATURE (F)   82       100      1988
 MINIMUM TEMPERATURE (F)   61        38      1895


SUNRISE AND SUNSET
AUGUST  1 2015........SUNRISE   630 AM EDT   SUNSET   859 PM EDT
AUGUST  2 2015........SUNRISE   631 AM EDT   SUNSET   858 PM EDT


-  INDICATES NEGATIVE NUMBERS.
R  INDICATES RECORD WAS SET OR TIED.
MM INDICATES DATA IS MISSING.
T  INDICATES TRACE AMOUNT.




$$
