000
CDUS43 KGRR 260537
CLILAN


CLIMATE REPORT
NATIONAL WEATHER SERVICE GRAND RAPIDS, MI
136 AM EDT THU MAY 26 2016


...................................

...THE LANSING MI CLIMATE SUMMARY FOR MAY 25 2016...

CLIMATE NORMAL PERIOD 1981 TO 2010
CLIMATE RECORD PERIOD 1864 TO 2016


WEATHER ITEM   OBSERVED TIME   RECORD YEAR NORMAL DEPARTURE LAST
                VALUE   (LST)  VALUE       VALUE  FROM      YEAR
                                                  NORMAL
..................................................................
TEMPERATURE (F)
 YESTERDAY
  MAXIMUM         85    238 PM  89    1977  72     13       81
                                      1875
  MINIMUM         64    516 AM  29    1992  50     14       65
  AVERAGE         75                        61     14       73

PRECIPITATION (IN)
  YESTERDAY        0.00          1.19 1950   0.11  -0.11     0.11
  MONTH TO DATE    2.66                      2.68  -0.02     2.27
  SINCE MAR 1      9.42                      7.77   1.65     4.30
  SINCE JAN 1     12.58                     10.89   1.69     6.55

SNOWFALL (IN)
  YESTERDAY        0.0           T    1979   0.0    0.0      0.0
  MONTH TO DATE    T                         0.0    0.0      0.0
  SINCE MAR 1     16.4                       8.9    7.5      1.9
  SINCE JUL 1     50.0                      51.1   -1.1     35.6
  SNOW DEPTH       0

DEGREE DAYS
 HEATING
  YESTERDAY        0                         6     -6        0
  MONTH TO DATE  247                       228     19      150
  SINCE MAR 1   1612                      1691    -79     1662
  SINCE JUL 1   5772                      6626   -854     7156

 COOLING
  YESTERDAY       10                         2      8        8
  MONTH TO DATE   12                        22    -10       39
  SINCE MAR 1     13                        29    -16       39
  SINCE JAN 1     13                        29    -16       39
..................................................................


WIND (MPH)
  RESULTANT WIND SPEED   8   RESULTANT WIND DIRECTION   S (200)
  HIGHEST WIND SPEED    15   HIGHEST WIND DIRECTION     S (170)
  HIGHEST GUST SPEED    22   HIGHEST GUST DIRECTION    SW (210)
  AVERAGE WIND SPEED     8.8


SKY COVER
  AVERAGE SKY COVER 0.2


WEATHER CONDITIONS
 THE FOLLOWING WEATHER WAS RECORDED YESTERDAY.
  THUNDERSTORM


RELATIVE HUMIDITY (PERCENT)
 HIGHEST    67           600 AM
 LOWEST     45           700 PM
 AVERAGE    56

..........................................................


THE LANSING MI CLIMATE NORMALS FOR TODAY
                         NORMAL    RECORD    YEAR
 MAXIMUM TEMPERATURE (F)   72        90      1911
 MINIMUM TEMPERATURE (F)   50        31      1891


SUNRISE AND SUNSET
MAY 26 2016...........SUNRISE   606 AM EDT   SUNSET   906 PM EDT
MAY 27 2016...........SUNRISE   605 AM EDT   SUNSET   906 PM EDT


-  INDICATES NEGATIVE NUMBERS.
R  INDICATES RECORD WAS SET OR TIED.
MM INDICATES DATA IS MISSING.
T  INDICATES TRACE AMOUNT.




$$
