000
CDUS43 KGRR 220523
CLILAN


CLIMATE REPORT
NATIONAL WEATHER SERVICE GRAND RAPIDS, MI
122 AM EDT FRI AUG 22 2014


...................................

...THE LANSING MI CLIMATE SUMMARY FOR AUGUST 21 2014...

CLIMATE NORMAL PERIOD 1981 TO 2010
CLIMATE RECORD PERIOD 1864 TO 2014


WEATHER ITEM   OBSERVED TIME   RECORD YEAR NORMAL DEPARTURE LAST
                VALUE   (LST)  VALUE       VALUE  FROM      YEAR
                                                  NORMAL
..................................................................
TEMPERATURE (F)
 YESTERDAY
  MAXIMUM         79    342 PM  99    1955  80     -1       87
  MINIMUM         60    621 AM  38    1894  59      1       66
  AVERAGE         70                        69      1       77

PRECIPITATION (IN)
  YESTERDAY        0.01          3.08 1975   0.11  -0.10     0.00
  MONTH TO DATE    3.93                      2.22   1.71     1.30
  SINCE JUN 1     15.19                      8.51   6.68    11.45
  SINCE JAN 1     26.40                     20.08   6.32    29.45

SNOWFALL (IN)
  YESTERDAY        0.0           0.0    MM   0.0    0.0      0.0
  MONTH TO DATE    0.0                       0.0    0.0      0.0
  SINCE JUN 1      0.0                       0.0    0.0      0.0
  SINCE JUL 1      0.0                       0.0    0.0      0.0
  SNOW DEPTH       0

DEGREE DAYS
 HEATING
  YESTERDAY        0                         1     -1        0
  MONTH TO DATE   10                        17     -7       19
  SINCE JUN 1     63                        83    -20       85
  SINCE JUL 1     39                        28     11       35

 COOLING
  YESTERDAY        5                         5      0       12
  MONTH TO DATE   80                       122    -42       65
  SINCE JUN 1    331                       467   -136      424
  SINCE JAN 1    370                       508   -138      497
..................................................................


WIND (MPH)
  RESULTANT WIND SPEED   1   RESULTANT WIND DIRECTION   E (70)
  HIGHEST WIND SPEED     8   HIGHEST WIND DIRECTION     E (100)
  HIGHEST GUST SPEED    11   HIGHEST GUST DIRECTION    NE (30)
  AVERAGE WIND SPEED     2.0


SKY COVER
  AVERAGE SKY COVER 0.4


WEATHER CONDITIONS
 THE FOLLOWING WEATHER WAS RECORDED YESTERDAY.
  RAIN
  FOG


RELATIVE HUMIDITY (PERCENT)
 HIGHEST    97           500 AM
 LOWEST     67           300 PM
 AVERAGE    82

..........................................................


THE LANSING MI CLIMATE NORMALS FOR TODAY
                         NORMAL    RECORD    YEAR
 MAXIMUM TEMPERATURE (F)   80        94      1936
 MINIMUM TEMPERATURE (F)   59        35      1875


SUNRISE AND SUNSET
AUGUST 22 2014........SUNRISE   652 AM EDT   SUNSET   829 PM EDT
AUGUST 23 2014........SUNRISE   653 AM EDT   SUNSET   828 PM EDT


-  INDICATES NEGATIVE NUMBERS.
R  INDICATES RECORD WAS SET OR TIED.
MM INDICATES DATA IS MISSING.
T  INDICATES TRACE AMOUNT.




$$
