000
CDUS43 KGRR 200525
CLILAN


CLIMATE REPORT
NATIONAL WEATHER SERVICE GRAND RAPIDS, MI
1224 AM EST FRI JAN 20 2017


...................................

...THE LANSING MI CLIMATE SUMMARY FOR JANUARY 19 2017...

CLIMATE NORMAL PERIOD 1981 TO 2010
CLIMATE RECORD PERIOD 1864 TO 2017


WEATHER ITEM   OBSERVED TIME   RECORD YEAR NORMAL DEPARTURE LAST
                VALUE   (LST)  VALUE       VALUE  FROM      YEAR
                                                  NORMAL
..................................................................
TEMPERATURE (F)
 YESTERDAY
  MAXIMUM         41    434 PM  53    1949  30     11       21
  MINIMUM         33   1031 AM -20    1892  16     17        5
  AVERAGE         37                        23     14       13

PRECIPITATION (IN)
  YESTERDAY        0.00          1.16 1907   0.05  -0.05      T
  MONTH TO DATE    2.64                      1.09   1.55     1.15
  SINCE DEC 1      4.40                      2.96   1.44     3.87
  SINCE JAN 1      2.64                      1.09   1.55     1.15

SNOWFALL (IN)
  YESTERDAY        0.0           4.5  1963   0.4   -0.4       T
  MONTH TO DATE    3.7                       8.6   -4.9      5.9
  SINCE DEC 1     19.8                      21.6   -1.8      7.8
  SINCE JUL 1     19.8                      25.4   -5.6     16.0
  SNOW DEPTH       0

DEGREE DAYS
 HEATING
  YESTERDAY       28                        42    -14       52
  MONTH TO DATE  731                       789    -58      770
  SINCE DEC 1   1873                      1927    -54     1567
  SINCE JUL 1   2848                      3341   -493     2675

 COOLING
  YESTERDAY        0                         0      0        0
  MONTH TO DATE    0                         0      0        0
  SINCE DEC 1      0                         0      0        0
  SINCE JAN 1      0                         0      0        0
..................................................................


WIND (MPH)
  RESULTANT WIND SPEED   5   RESULTANT WIND DIRECTION  SW (210)
  HIGHEST WIND SPEED    16   HIGHEST WIND DIRECTION    SW (240)
  HIGHEST GUST SPEED    20   HIGHEST GUST DIRECTION     W (250)
  AVERAGE WIND SPEED     7.7


SKY COVER
  AVERAGE SKY COVER 0.6


WEATHER CONDITIONS
 THE FOLLOWING WEATHER WAS RECORDED YESTERDAY.
  FOG
  HAZE


RELATIVE HUMIDITY (PERCENT)
 HIGHEST    89          1100 PM
 LOWEST     70           200 PM
 AVERAGE    80

..........................................................


THE LANSING MI CLIMATE NORMALS FOR TODAY
                         NORMAL    RECORD    YEAR
 MAXIMUM TEMPERATURE (F)   30        62      1906
 MINIMUM TEMPERATURE (F)   16       -16      1888


SUNRISE AND SUNSET
JANUARY 20 2017.......SUNRISE   803 AM EST   SUNSET   536 PM EST
JANUARY 21 2017.......SUNRISE   802 AM EST   SUNSET   538 PM EST


-  INDICATES NEGATIVE NUMBERS.
R  INDICATES RECORD WAS SET OR TIED.
MM INDICATES DATA IS MISSING.
T  INDICATES TRACE AMOUNT.




$$
