000
CDUS43 KGRR 260517
CLILAN


CLIMATE REPORT
NATIONAL WEATHER SERVICE GRAND RAPIDS, MI
1217 AM EST SUN FEB 26 2017


...................................

...THE LANSING MI CLIMATE SUMMARY FOR FEBRUARY 25 2017...

CLIMATE NORMAL PERIOD 1981 TO 2010
CLIMATE RECORD PERIOD 1864 TO 2017


WEATHER ITEM   OBSERVED TIME   RECORD YEAR NORMAL DEPARTURE LAST
                VALUE   (LST)  VALUE       VALUE  FROM      YEAR
                                                  NORMAL
..................................................................
TEMPERATURE (F)
 YESTERDAY
  MAXIMUM         42   1204 AM  63    1976  36      6       34
  MINIMUM         22    844 PM -16    1993  20      2       24
  AVERAGE         32                        28      4       29

PRECIPITATION (IN)
  YESTERDAY        T             1.26 1926   0.06  -0.06     0.12
  MONTH TO DATE    2.18                      1.28   0.90     1.58
  SINCE DEC 1      7.59                      4.80   2.79     5.75
  SINCE JAN 1      5.83                      2.93   2.90     3.03

SNOWFALL (IN)
  YESTERDAY        0.1           8.0  1965   0.4   -0.3      3.4
  MONTH TO DATE    2.4                      10.5   -8.1     15.7
  SINCE DEC 1     27.6                      37.3   -9.7     25.4
  SINCE JUL 1     27.6                      41.1  -13.5     33.6
  SNOW DEPTH       T

DEGREE DAYS
 HEATING
  YESTERDAY       33                        37     -4       36
  MONTH TO DATE  745                       986   -241      924
  SINCE DEC 1   2995                      3412   -417     2932
  SINCE JUL 1   3970                      4826   -856     4040

 COOLING
  YESTERDAY        0                         0      0        0
  MONTH TO DATE    0                         0      0        0
  SINCE DEC 1      0                         0      0        0
  SINCE JAN 1      0                         0      0        0
..................................................................


WIND (MPH)
  RESULTANT WIND SPEED  18   RESULTANT WIND DIRECTION   W (260)
  HIGHEST WIND SPEED    31   HIGHEST WIND DIRECTION     W (260)
  HIGHEST GUST SPEED    39   HIGHEST GUST DIRECTION     W (280)
  AVERAGE WIND SPEED    18.6


SKY COVER
  AVERAGE SKY COVER 0.9


WEATHER CONDITIONS
 THE FOLLOWING WEATHER WAS RECORDED YESTERDAY.
  LIGHT SNOW
  HAZE


RELATIVE HUMIDITY (PERCENT)
 HIGHEST    82          1200 AM
 LOWEST     58          1100 AM
 AVERAGE    70

..........................................................


THE LANSING MI CLIMATE NORMALS FOR TODAY
                         NORMAL    RECORD    YEAR
 MAXIMUM TEMPERATURE (F)   37        61      1944
 MINIMUM TEMPERATURE (F)   21       -12      1994
                                             1963


SUNRISE AND SUNSET
FEBRUARY 26 2017......SUNRISE   719 AM EST   SUNSET   624 PM EST
FEBRUARY 27 2017......SUNRISE   717 AM EST   SUNSET   626 PM EST


-  INDICATES NEGATIVE NUMBERS.
R  INDICATES RECORD WAS SET OR TIED.
MM INDICATES DATA IS MISSING.
T  INDICATES TRACE AMOUNT.




$$
