000
CDUS43 KGRR 080556
CLILAN


CLIMATE REPORT
NATIONAL WEATHER SERVICE GRAND RAPIDS, MI
1256 AM EST THU DEC 8 2016


...................................

...THE LANSING MI CLIMATE SUMMARY FOR DECEMBER 7 2016...

CLIMATE NORMAL PERIOD 1981 TO 2010
CLIMATE RECORD PERIOD 1864 TO 2016


WEATHER ITEM   OBSERVED TIME   RECORD YEAR NORMAL DEPARTURE LAST
                VALUE   (LST)  VALUE       VALUE  FROM      YEAR
                                                  NORMAL
..................................................................
TEMPERATURE (F)
 YESTERDAY
  MAXIMUM         38    231 PM  63    1951  37      1       37
  MINIMUM         30   1159 PM  -5    1885  25      5       26
  AVERAGE         34                        31      3       32

PRECIPITATION (IN)
  YESTERDAY        0.00          1.02 1927   0.07  -0.07     0.00
  MONTH TO DATE    0.37                      0.48  -0.11     0.10
  SINCE DEC 1      0.37                      0.48  -0.11     0.10
  SINCE JAN 1     33.56                     30.38   3.18    31.90

SNOWFALL (IN)
  YESTERDAY        0.0           5.0  1909   0.4   -0.4      0.0
  MONTH TO DATE    2.5                       2.4    0.1       T
  SINCE DEC 1      2.5                       2.4    0.1       T
  SINCE JUL 1      2.5                       6.2   -3.7      8.2
  SNOW DEPTH       0

DEGREE DAYS
 HEATING
  YESTERDAY       31                        34     -3       33
  MONTH TO DATE  208                       231    -23      196
  SINCE DEC 1    208                       231    -23      196
  SINCE JUL 1   1183                      1645   -462     1304

 COOLING
  YESTERDAY        0                         0      0        0
  MONTH TO DATE    0                         0      0        0
  SINCE DEC 1      0                         0      0        0
  SINCE JAN 1    869                       625    244      615
..................................................................


WIND (MPH)
  RESULTANT WIND SPEED  17   RESULTANT WIND DIRECTION   W (250)
  HIGHEST WIND SPEED    25   HIGHEST WIND DIRECTION     W (270)
  HIGHEST GUST SPEED    35   HIGHEST GUST DIRECTION     W (260)
  AVERAGE WIND SPEED    17.1


SKY COVER
  AVERAGE SKY COVER 0.8


WEATHER CONDITIONS
 THE FOLLOWING WEATHER WAS RECORDED YESTERDAY.
  NO SIGNIFICANT WEATHER WAS OBSERVED.


RELATIVE HUMIDITY (PERCENT)
 HIGHEST    69          1200 AM
 LOWEST     48           300 PM
 AVERAGE    59

..........................................................


THE LANSING MI CLIMATE NORMALS FOR TODAY
                         NORMAL    RECORD    YEAR
 MAXIMUM TEMPERATURE (F)   37        65      1966
 MINIMUM TEMPERATURE (F)   25       -25      1864


SUNRISE AND SUNSET
DECEMBER  8 2016......SUNRISE   757 AM EST   SUNSET   504 PM EST
DECEMBER  9 2016......SUNRISE   758 AM EST   SUNSET   504 PM EST


-  INDICATES NEGATIVE NUMBERS.
R  INDICATES RECORD WAS SET OR TIED.
MM INDICATES DATA IS MISSING.
T  INDICATES TRACE AMOUNT.




$$
