000
CDUS43 KGRR 200559
CLILAN


CLIMATE REPORT
NATIONAL WEATHER SERVICE GRAND RAPIDS, MI
157 AM EDT THU JUL 20 2017


...................................

...THE LANSING MI CLIMATE SUMMARY FOR JULY 19 2017...

CLIMATE NORMAL PERIOD 1981 TO 2010
CLIMATE RECORD PERIOD 1864 TO 2017


WEATHER ITEM   OBSERVED TIME   RECORD YEAR NORMAL DEPARTURE LAST
                VALUE   (LST)  VALUE       VALUE  FROM      YEAR
                                                  NORMAL
..................................................................
TEMPERATURE (F)
 YESTERDAY
  MAXIMUM         88    544 PM 102    1894  83      5       84
  MINIMUM         67   1222 AM  42    1910  61      6       62
  AVERAGE         78                        72      6       73

PRECIPITATION (IN)
  YESTERDAY        0.00          1.11 1935   0.09  -0.09      T
  MONTH TO DATE    2.65                      1.73   0.92     1.87
  SINCE JUN 1      6.40                      5.18   1.22     2.46
  SINCE JAN 1     23.46                     16.75   6.71    15.37

SNOWFALL (IN)
  YESTERDAY        0.0           0.0    MM   0.0    0.0      0.0
  MONTH TO DATE    0.0                       0.0    0.0      0.0
  SINCE JUN 1      0.0                       0.0    0.0      0.0
  SINCE JUL 1      0.0                       0.0    0.0      0.0
  SNOW DEPTH       0

DEGREE DAYS
 HEATING
  YESTERDAY        0                         0      0        0
  MONTH TO DATE    0                         2     -2        3
  SINCE JUN 1     13                        57    -44       37
  SINCE JUL 1      0                         2     -2        3

 COOLING
  YESTERDAY       13                         7      6        8
  MONTH TO DATE  179                       133     46      143
  SINCE JUN 1    384                       265    119      291
  SINCE JAN 1    419                       306    113      353
..................................................................


WIND (MPH)
  RESULTANT WIND SPEED   2   RESULTANT WIND DIRECTION   W (270)
  HIGHEST WIND SPEED    13   HIGHEST WIND DIRECTION    NW (300)
  HIGHEST GUST SPEED    15   HIGHEST GUST DIRECTION    NW (300)
  AVERAGE WIND SPEED     4.6


SKY COVER
  AVERAGE SKY COVER 0.3


WEATHER CONDITIONS
 THE FOLLOWING WEATHER WAS RECORDED YESTERDAY.
  NO SIGNIFICANT WEATHER WAS OBSERVED.


RELATIVE HUMIDITY (PERCENT)
 HIGHEST    81           100 AM
 LOWEST     51           100 PM
 AVERAGE    66

..........................................................


THE LANSING MI CLIMATE NORMALS FOR TODAY
                         NORMAL    RECORD    YEAR
 MAXIMUM TEMPERATURE (F)   83        99      1930
 MINIMUM TEMPERATURE (F)   61        39      1965


SUNRISE AND SUNSET
JULY 20 2017..........SUNRISE   618 AM EDT   SUNSET   911 PM EDT
JULY 21 2017..........SUNRISE   619 AM EDT   SUNSET   910 PM EDT


-  INDICATES NEGATIVE NUMBERS.
R  INDICATES RECORD WAS SET OR TIED.
MM INDICATES DATA IS MISSING.
T  INDICATES TRACE AMOUNT.




$$
