000
CDUS43 KGRR 170534
CLILAN


CLIMATE REPORT
NATIONAL WEATHER SERVICE GRAND RAPIDS, MI
1234 AM EST WED DEC 17 2014


...................................

...THE LANSING MI CLIMATE SUMMARY FOR DECEMBER 16 2014...

CLIMATE NORMAL PERIOD 1981 TO 2010
CLIMATE RECORD PERIOD 1864 TO 2014


WEATHER ITEM   OBSERVED TIME   RECORD YEAR NORMAL DEPARTURE LAST
                VALUE   (LST)  VALUE       VALUE  FROM      YEAR
                                                  NORMAL
..................................................................
TEMPERATURE (F)
 YESTERDAY
  MAXIMUM         45    431 PM  61    1984  34     11       19
  MINIMUM         34   1159 PM -11    1876  22     12       -1
  AVERAGE         40                        28     12        9

PRECIPITATION (IN)
  YESTERDAY        0.16          0.69 1921   0.05   0.11     0.06
  MONTH TO DATE    0.35                      1.02  -0.67     0.51
  SINCE DEC 1      0.35                      1.02  -0.67     0.51
  SINCE JAN 1     36.27                     30.92   5.35    40.09

SNOWFALL (IN)
  YESTERDAY        T             6.2  2007   0.5   -0.5      0.9
  MONTH TO DATE    0.7                       6.1   -5.4      8.6
  SINCE DEC 1      0.7                       6.1   -5.4      8.6
  SINCE JUL 1      6.9                       9.9   -3.0      9.3
  SNOW DEPTH       0

DEGREE DAYS
 HEATING
  YESTERDAY       25                        37    -12       56
  MONTH TO DATE  515                       552    -37      661
  SINCE DEC 1    515                       552    -37      661
  SINCE JUL 1   2111                      1966    145     2107

 COOLING
  YESTERDAY        0                         0      0        0
  MONTH TO DATE    0                         0      0        0
  SINCE DEC 1      0                         0      0        0
  SINCE JAN 1    488                       625   -137      661
..................................................................


WIND (MPH)
  RESULTANT WIND SPEED   5   RESULTANT WIND DIRECTION  SW (230)
  HIGHEST WIND SPEED    23   HIGHEST WIND DIRECTION     W (270)
  HIGHEST GUST SPEED    29   HIGHEST GUST DIRECTION     W (270)
  AVERAGE WIND SPEED     9.6


SKY COVER
  AVERAGE SKY COVER 0.9


WEATHER CONDITIONS
 THE FOLLOWING WEATHER WAS RECORDED YESTERDAY.
  RAIN
  LIGHT RAIN
  LIGHT SNOW
  FOG


RELATIVE HUMIDITY (PERCENT)
 HIGHEST   100           700 AM
 LOWEST     89           700 PM
 AVERAGE    95

..........................................................


THE LANSING MI CLIMATE NORMALS FOR TODAY
                         NORMAL    RECORD    YEAR
 MAXIMUM TEMPERATURE (F)   34        53      1921
 MINIMUM TEMPERATURE (F)   22       -14      1884


SUNRISE AND SUNSET
DECEMBER 17 2014......SUNRISE   803 AM EST   SUNSET   506 PM EST
DECEMBER 18 2014......SUNRISE   804 AM EST   SUNSET   506 PM EST


-  INDICATES NEGATIVE NUMBERS.
R  INDICATES RECORD WAS SET OR TIED.
MM INDICATES DATA IS MISSING.
T  INDICATES TRACE AMOUNT.




$$
