000
CDUS43 KGRR 010521
CLILAN


CLIMATE REPORT
NATIONAL WEATHER SERVICE GRAND RAPIDS, MI
119 AM EDT SUN MAY 1 2016


...................................

...THE LANSING MI CLIMATE SUMMARY FOR APRIL 30 2016...

CLIMATE NORMAL PERIOD 1981 TO 2010
CLIMATE RECORD PERIOD 1864 TO 2016


WEATHER ITEM   OBSERVED TIME   RECORD YEAR NORMAL DEPARTURE LAST
                VALUE   (LST)  VALUE       VALUE  FROM      YEAR
                                                  NORMAL
..................................................................
TEMPERATURE (F)
 YESTERDAY
  MAXIMUM         56    211 PM  84    1942  64     -8       63
  MINIMUM         36    447 AM  22    1876  42     -6       35
  AVERAGE         46                        53     -7       49

PRECIPITATION (IN)
  YESTERDAY        0.43          1.45 1909   0.10   0.33     0.00
  MONTH TO DATE    2.51                      3.03  -0.52     1.29
  SINCE MAR 1      6.76                      5.09   1.67     2.03
  SINCE JAN 1      9.92                      8.21   1.71     4.28

SNOWFALL (IN)
  YESTERDAY        0.0           0.7  1963   0.0    0.0      0.0
  MONTH TO DATE    7.5                       1.9    5.6       T
  SINCE MAR 1     16.4                       8.9    7.5      1.9
  SINCE JUL 1     50.0                      51.1   -1.1     35.6
  SNOW DEPTH       0

DEGREE DAYS
 HEATING
  YESTERDAY       19                        13      6       16
  MONTH TO DATE  602                       534     68      521
  SINCE MAR 1   1365                      1463    -98     1512
  SINCE JUL 1   5525                      6398   -873     7006

 COOLING
  YESTERDAY        0                         0      0        0
  MONTH TO DATE    1                         6     -5        0
  SINCE MAR 1      1                         7     -6        0
  SINCE JAN 1      1                         7     -6        0
..................................................................


WIND (MPH)
  RESULTANT WIND SPEED   7   RESULTANT WIND DIRECTION   E (80)
  HIGHEST WIND SPEED    16   HIGHEST WIND DIRECTION    NE (50)
  HIGHEST GUST SPEED    24   HIGHEST GUST DIRECTION    SE (120)
  AVERAGE WIND SPEED     8.1


SKY COVER
  AVERAGE SKY COVER 0.5


WEATHER CONDITIONS
 THE FOLLOWING WEATHER WAS RECORDED YESTERDAY.
  RAIN
  LIGHT RAIN
  FOG


RELATIVE HUMIDITY (PERCENT)
 HIGHEST    93           900 PM
 LOWEST     41           100 PM
 AVERAGE    67

..........................................................


THE LANSING MI CLIMATE NORMALS FOR TODAY
                         NORMAL    RECORD    YEAR
 MAXIMUM TEMPERATURE (F)   64        84      1992
                                             1942
 MINIMUM TEMPERATURE (F)   42        23      1903


SUNRISE AND SUNSET
MAY  1 2016...........SUNRISE   632 AM EDT   SUNSET   839 PM EDT
MAY  2 2016...........SUNRISE   631 AM EDT   SUNSET   841 PM EDT


-  INDICATES NEGATIVE NUMBERS.
R  INDICATES RECORD WAS SET OR TIED.
MM INDICATES DATA IS MISSING.
T  INDICATES TRACE AMOUNT.




$$
