000
CDUS43 KGRR 270515
CLILAN


CLIMATE REPORT
NATIONAL WEATHER SERVICE GRAND RAPIDS, MI
115 AM EDT MON OCT 27 2014


...................................

...THE LANSING MI CLIMATE SUMMARY FOR OCTOBER 26 2014...

CLIMATE NORMAL PERIOD 1981 TO 2010
CLIMATE RECORD PERIOD 1864 TO 2014


WEATHER ITEM   OBSERVED TIME   RECORD YEAR NORMAL DEPARTURE LAST
                VALUE   (LST)  VALUE       VALUE  FROM      YEAR
                                                  NORMAL
..................................................................
TEMPERATURE (F)
 YESTERDAY
  MAXIMUM         60    357 PM  82    1963  56      4       51
  MINIMUM         36   1151 PM  14    1887  38     -2       35
  AVERAGE         48                        47      1       43

PRECIPITATION (IN)
  YESTERDAY        0.00          0.99 1932   0.08  -0.08     0.16
  MONTH TO DATE    3.28                      2.12   1.16     2.00
  SINCE SEP 1      5.82                      5.62   0.20     2.98
  SINCE JAN 1     33.04                     26.71   6.33    35.90

SNOWFALL (IN)
  YESTERDAY        0.0           5.5  1869   0.0    0.0      0.0
  MONTH TO DATE    0.0                       0.3   -0.3       T
  SINCE SEP 1      0.0                       0.3   -0.3       T
  SINCE JUL 1      0.0                       0.3   -0.3       T
  SNOW DEPTH       0

DEGREE DAYS
 HEATING
  YESTERDAY       17                        18     -1       22
  MONTH TO DATE  376                       366     10      318
  SINCE SEP 1    536                       519     17      474
  SINCE JUL 1    576                       554     22      509

 COOLING
  YESTERDAY        0                         0      0        0
  MONTH TO DATE    0                         4     -4       10
  SINCE SEP 1     43                        65    -22       73
  SINCE JAN 1    488                       622   -134      661
..................................................................


WIND (MPH)
  RESULTANT WIND SPEED   7   RESULTANT WIND DIRECTION   W (280)
  HIGHEST WIND SPEED    17   HIGHEST WIND DIRECTION     W (270)
  HIGHEST GUST SPEED    21   HIGHEST GUST DIRECTION     W (280)
  AVERAGE WIND SPEED     7.2


SKY COVER
  AVERAGE SKY COVER 0.0


WEATHER CONDITIONS
 THE FOLLOWING WEATHER WAS RECORDED YESTERDAY.
  NO SIGNIFICANT WEATHER WAS OBSERVED.


RELATIVE HUMIDITY (PERCENT)
 HIGHEST    79          1100 PM
 LOWEST     33           200 PM
 AVERAGE    56

..........................................................


THE LANSING MI CLIMATE NORMALS FOR TODAY
                         NORMAL    RECORD    YEAR
 MAXIMUM TEMPERATURE (F)   56        80      1927
 MINIMUM TEMPERATURE (F)   38        13      1869


SUNRISE AND SUNSET
OCTOBER 27 2014.......SUNRISE   806 AM EDT   SUNSET   638 PM EDT
OCTOBER 28 2014.......SUNRISE   807 AM EDT   SUNSET   636 PM EDT


-  INDICATES NEGATIVE NUMBERS.
R  INDICATES RECORD WAS SET OR TIED.
MM INDICATES DATA IS MISSING.
T  INDICATES TRACE AMOUNT.




$$
