413
CDUS43 KGRR 230518
CLILAN


CLIMATE REPORT
NATIONAL WEATHER SERVICE GRAND RAPIDS, MI
118 AM EDT FRI SEP 23 2016


...................................

...THE LANSING MI CLIMATE SUMMARY FOR SEPTEMBER 22 2016...

CLIMATE NORMAL PERIOD 1981 TO 2010
CLIMATE RECORD PERIOD 1864 TO 2016


WEATHER ITEM   OBSERVED TIME   RECORD YEAR NORMAL DEPARTURE LAST
                VALUE   (LST)  VALUE       VALUE  FROM      YEAR
                                                  NORMAL
..................................................................
TEMPERATURE (F)
 YESTERDAY
  MAXIMUM         83    236 PM  94    1895  70     13       77
  MINIMUM         61    315 AM  22    1896  49     12       45
  AVERAGE         72                        59     13       61

PRECIPITATION (IN)
  YESTERDAY        0.00          1.92 1988   0.12  -0.12     0.00
  MONTH TO DATE    1.48                      2.57  -1.09     1.31
  SINCE SEP 1      1.48                      2.57  -1.09     1.31
  SINCE JAN 1     24.96                     23.66   1.30    27.64

SNOWFALL (IN)
  YESTERDAY        0.0           0.0    MM   0.0    0.0      0.0
  MONTH TO DATE    0.0                       0.0    0.0      0.0
  SINCE SEP 1      0.0                       0.0    0.0      0.0
  SINCE JUL 1      0.0                       0.0    0.0      0.0
  SNOW DEPTH       0

DEGREE DAYS
 HEATING
  YESTERDAY        0                         7     -7        4
  MONTH TO DATE   10                        86    -76       50
  SINCE SEP 1     10                        86    -76       50
  SINCE JUL 1     13                       121   -108       81

 COOLING
  YESTERDAY        7                         1      6        0
  MONTH TO DATE   89                        54     35      111
  SINCE SEP 1     89                        54     35      111
  SINCE JAN 1    855                       611    244      604
..................................................................


WIND (MPH)
  RESULTANT WIND SPEED   3   RESULTANT WIND DIRECTION  SW (220)
  HIGHEST WIND SPEED    13   HIGHEST WIND DIRECTION    SW (220)
  HIGHEST GUST SPEED    15   HIGHEST GUST DIRECTION    SW (220)
  AVERAGE WIND SPEED     3.6


SKY COVER
  AVERAGE SKY COVER 0.1


WEATHER CONDITIONS
 THE FOLLOWING WEATHER WAS RECORDED YESTERDAY.
  FOG
  FOG W/VISIBILITY <= 1/4 MILE
  HAZE


RELATIVE HUMIDITY (PERCENT)
 HIGHEST    93          1200 AM
 LOWEST     47           200 PM
 AVERAGE    70

..........................................................


THE LANSING MI CLIMATE NORMALS FOR TODAY
                         NORMAL    RECORD    YEAR
 MAXIMUM TEMPERATURE (F)   70        90      1891
 MINIMUM TEMPERATURE (F)   48        26      1995
                                             1887


SUNRISE AND SUNSET
SEPTEMBER 23 2016.....SUNRISE   727 AM EDT   SUNSET   733 PM EDT
SEPTEMBER 24 2016.....SUNRISE   728 AM EDT   SUNSET   731 PM EDT


-  INDICATES NEGATIVE NUMBERS.
R  INDICATES RECORD WAS SET OR TIED.
MM INDICATES DATA IS MISSING.
T  INDICATES TRACE AMOUNT.




$$
