000
CDUS43 KGRR 251335
CLILAN


CLIMATE REPORT
NATIONAL WEATHER SERVICE GRAND RAPIDS, MI
933 AM EDT MON JUL 25 2016


...................................

...THE LANSING MI CLIMATE SUMMARY FOR JULY 25 2016...
VALID AS OF 0900 AM LOCAL TIME.

CLIMATE NORMAL PERIOD 1981 TO 2010
CLIMATE RECORD PERIOD 1864 TO 2016


WEATHER ITEM   OBSERVED TIME   RECORD YEAR NORMAL DEPARTURE LAST
                VALUE   (LST)  VALUE       VALUE  FROM      YEAR
                                                  NORMAL
..................................................................
TEMPERATURE (F)
 TODAY
  MAXIMUM         82    129 AM  97    1966  82      0       86
                                      1940
                                      1934
  MINIMUM         74    636 AM  45    1913  61     13       67
                                      1895
  AVERAGE         78                        71      7       77

PRECIPITATION (IN)
  TODAY            0.00          2.07 1993   0.09  -0.09     0.00
  MONTH TO DATE    3.16                      2.26   0.90     2.39
  SINCE JUN 1      3.75                      5.71  -1.96    11.46
  SINCE JAN 1     16.66                     17.28  -0.62    19.51

SNOWFALL (IN)
  TODAY            0.0           0.0    MM   0.0    0.0      0.0
  MONTH TO DATE    0.0                       0.0    0.0      0.0
  SINCE JUN 1      0.0                       0.0    0.0      0.0
  SINCE JUL 1      0.0                       0.0    0.0      0.0
  SNOW DEPTH       0

DEGREE DAYS
 HEATING
  TODAY            0                         0      0        0
  MONTH TO DATE    3                         2      1       12
  SINCE JUN 1     37                        57    -20       48
  SINCE JUL 1      3                         2      1       12

 COOLING
  TODAY           13                         7      6       12
  MONTH TO DATE  228                       175     53      116
  SINCE JUN 1    376                       307     69      203
  SINCE JAN 1    438                       348     90      262
..................................................................


WIND (MPH)
  RESULTANT WIND SPEED  10   RESULTANT WIND DIRECTION   W (250)
  HIGHEST WIND SPEED    17   HIGHEST WIND DIRECTION     W (270)
  HIGHEST GUST SPEED    22   HIGHEST GUST DIRECTION     W (270)
  AVERAGE WIND SPEED    10.5


SKY COVER
  AVERAGE SKY COVER 0.5


WEATHER CONDITIONS
 THE FOLLOWING WEATHER WAS RECORDED TODAY.
  NO SIGNIFICANT WEATHER WAS OBSERVED.


RELATIVE HUMIDITY (PERCENT)
 HIGHEST    79          1200 AM
 LOWEST     71           300 AM
 AVERAGE    75

..........................................................


THE LANSING MI CLIMATE NORMALS FOR TOMORROW
                         NORMAL    RECORD    YEAR
 MAXIMUM TEMPERATURE (F)   82        97      1966
 MINIMUM TEMPERATURE (F)   61        42      1891


SUNRISE AND SUNSET
JULY 25 2016..........SUNRISE   623 AM EDT   SUNSET   906 PM EDT
JULY 26 2016..........SUNRISE   624 AM EDT   SUNSET   905 PM EDT


-  INDICATES NEGATIVE NUMBERS.
R  INDICATES RECORD WAS SET OR TIED.
MM INDICATES DATA IS MISSING.
T  INDICATES TRACE AMOUNT.




$$

63
