000
CDUS43 KGRR 310522
CLILAN


CLIMATE REPORT
NATIONAL WEATHER SERVICE GRAND RAPIDS, MI
121 AM EDT SUN AUG 31 2014


...................................

...THE LANSING MI CLIMATE SUMMARY FOR AUGUST 30 2014...

CLIMATE NORMAL PERIOD 1981 TO 2010
CLIMATE RECORD PERIOD 1864 TO 2014


WEATHER ITEM   OBSERVED TIME   RECORD YEAR NORMAL DEPARTURE LAST
                VALUE   (LST)  VALUE       VALUE  FROM      YEAR
                                                  NORMAL
..................................................................
TEMPERATURE (F)
 YESTERDAY
  MAXIMUM         83    356 PM  97    1881  78      5       87
  MINIMUM         69    405 AM  30    1863  57     12       69
  AVERAGE         76                        68      8       78

PRECIPITATION (IN)
  YESTERDAY        0.16          1.55 1891   0.11   0.05     0.04
  MONTH TO DATE    4.65                      3.12   1.53     4.77
  SINCE JUN 1     15.91                      9.41   6.50    14.92
  SINCE JAN 1     27.12                     20.98   6.14    32.92

SNOWFALL (IN)
  YESTERDAY        0.0           0.0    MM   0.0    0.0      0.0
  MONTH TO DATE    0.0                       0.0    0.0      0.0
  SINCE JUN 1      0.0                       0.0    0.0      0.0
  SINCE JUL 1      0.0                       0.0    0.0      0.0
  SNOW DEPTH       0

DEGREE DAYS
 HEATING
  YESTERDAY        0                         1     -1        0
  MONTH TO DATE   11                        26    -15       19
  SINCE JUN 1     64                        92    -28       85
  SINCE JUL 1     40                        37      3       35

 COOLING
  YESTERDAY       11                         4      7       13
  MONTH TO DATE  146                       163    -17      148
  SINCE JUN 1    397                       508   -111      507
  SINCE JAN 1    436                       549   -113      580
..................................................................


WIND (MPH)
  RESULTANT WIND SPEED  11   RESULTANT WIND DIRECTION   S (200)
  HIGHEST WIND SPEED    26   HIGHEST WIND DIRECTION     W (260)
  HIGHEST GUST SPEED    38   HIGHEST GUST DIRECTION     W (270)
  AVERAGE WIND SPEED    12.3


SKY COVER
  AVERAGE SKY COVER 0.3


WEATHER CONDITIONS
 THE FOLLOWING WEATHER WAS RECORDED YESTERDAY.
  HEAVY RAIN
  LIGHT RAIN
  HAZE


RELATIVE HUMIDITY (PERCENT)
 HIGHEST    84           600 AM
 LOWEST     63           400 PM
 AVERAGE    74

..........................................................


THE LANSING MI CLIMATE NORMALS FOR TODAY
                         NORMAL    RECORD    YEAR
 MAXIMUM TEMPERATURE (F)   78        96      1953
                                             1879
 MINIMUM TEMPERATURE (F)   57        30      1869


SUNRISE AND SUNSET
AUGUST 31 2014........SUNRISE   702 AM EDT   SUNSET   815 PM EDT
SEPTEMBER  1 2014.....SUNRISE   703 AM EDT   SUNSET   813 PM EDT


-  INDICATES NEGATIVE NUMBERS.
R  INDICATES RECORD WAS SET OR TIED.
MM INDICATES DATA IS MISSING.
T  INDICATES TRACE AMOUNT.




$$
