000
CDUS43 KGRR 232124
CLILAN


CLIMATE REPORT
NATIONAL WEATHER SERVICE GRAND RAPIDS, MI
523 PM EDT SAT MAY 23 2015


...................................

...THE LANSING MI CLIMATE SUMMARY FOR MAY 23 2015...
VALID TODAY AS OF 0500 PM LOCAL TIME.

CLIMATE NORMAL PERIOD 1981 TO 2010
CLIMATE RECORD PERIOD 1864 TO 2015


WEATHER ITEM   OBSERVED TIME   RECORD YEAR NORMAL DEPARTURE LAST
                VALUE   (LST)  VALUE       VALUE  FROM      YEAR
                                                  NORMAL
..................................................................
TEMPERATURE (F)
 TODAY
  MAXIMUM         76    359 PM  91    1977  71      5       71
  MINIMUM         41    509 AM  26    1866  49     -8       46
  AVERAGE         59                        60     -1       59

PRECIPITATION (IN)
  TODAY            0.00          2.14 1952   0.12  -0.12     0.00
  MONTH TO DATE    2.16                      2.45  -0.29     4.13
  SINCE MAR 1      4.19                      7.54  -3.35     7.18
  SINCE JAN 1      6.44                     10.66  -4.22    11.10

SNOWFALL (IN)
  TODAY            0.0           T    1917   0.0    0.0      0.0
  MONTH TO DATE    0.0                       0.0    0.0      0.0
  SINCE MAR 1      1.9                       8.9   -7.0     11.1
  SINCE JUL 1     35.6                      51.1  -15.5     69.1
  SNOW DEPTH       0

DEGREE DAYS
 HEATING
  TODAY            6                         7     -1        6
  MONTH TO DATE  150                       216    -66      224
  SINCE MAR 1   1662                      1679    -17     1968
  SINCE JUL 1   7156                      6614    542     7509

 COOLING
  TODAY            0                         2     -2        0
  MONTH TO DATE   31                        18     13       14
  SINCE MAR 1     31                        25      6       14
  SINCE JAN 1     31                        25      6       14
..................................................................


WIND (MPH)
  RESULTANT WIND SPEED   5   RESULTANT WIND DIRECTION   S (190)
  HIGHEST WIND SPEED    14   HIGHEST WIND DIRECTION    SW (210)
  HIGHEST GUST SPEED    19   HIGHEST GUST DIRECTION    SW (230)
  AVERAGE WIND SPEED     6.7


SKY COVER
  AVERAGE SKY COVER 0.0


WEATHER CONDITIONS
 THE FOLLOWING WEATHER WAS RECORDED TODAY.
  NO SIGNIFICANT WEATHER WAS OBSERVED.


RELATIVE HUMIDITY (PERCENT)
 HIGHEST    73           500 AM
 LOWEST     21           300 PM
 AVERAGE    47

..........................................................


THE LANSING MI CLIMATE NORMALS FOR TOMORROW
                         NORMAL    RECORD    YEAR
 MAXIMUM TEMPERATURE (F)   71        88      1975
 MINIMUM TEMPERATURE (F)   49        30      1897


SUNRISE AND SUNSET
MAY 23 2015...........SUNRISE   609 AM EDT   SUNSET   902 PM EDT
MAY 24 2015...........SUNRISE   608 AM EDT   SUNSET   903 PM EDT


-  INDICATES NEGATIVE NUMBERS.
R  INDICATES RECORD WAS SET OR TIED.
MM INDICATES DATA IS MISSING.
T  INDICATES TRACE AMOUNT.




$$
