000
CDUS43 KGRR 311333
CLILAN


CLIMATE REPORT
NATIONAL WEATHER SERVICE GRAND RAPIDS, MI
933 AM EDT MON AUG 31 2015


...................................

...THE LANSING MI CLIMATE SUMMARY FOR AUGUST 31 2015...
VALID AS OF 0900 AM LOCAL TIME.

CLIMATE NORMAL PERIOD 1981 TO 2010
CLIMATE RECORD PERIOD 1864 TO 2015


WEATHER ITEM   OBSERVED TIME   RECORD YEAR NORMAL DEPARTURE LAST
                VALUE   (LST)  VALUE       VALUE  FROM      YEAR
                                                  NORMAL
..................................................................
TEMPERATURE (F)
 TODAY
  MAXIMUM         64    755 AM  96    1953  78    -14       83
                                      1879
  MINIMUM         61    247 AM  30    1869  57      4       65
  AVERAGE         63                        67     -4       74

PRECIPITATION (IN)
  TODAY            0.00          1.66 1945   0.11  -0.11     0.10
  MONTH TO DATE    6.82                      3.23   3.59     4.75
  SINCE JUN 1     18.28                      9.52   8.76    16.01
  SINCE JAN 1     26.33                     21.09   5.24    27.22

SNOWFALL (IN)
  TODAY            0.0           0.0    MM   0.0    0.0      0.0
  MONTH TO DATE    0.0                       0.0    0.0      0.0
  SINCE JUN 1      0.0                       0.0    0.0      0.0
  SINCE JUL 1      0.0                       0.0    0.0      0.0
  SNOW DEPTH       0

DEGREE DAYS
 HEATING
  TODAY            2                         2      0        0
  MONTH TO DATE   21                        28     -7       11
  SINCE JUN 1     69                        90    -21       64
  SINCE JUL 1     33                        35     -2       40

 COOLING
  TODAY            0                         4     -4        9
  MONTH TO DATE  161                       171    -10      155
  SINCE JUN 1    428                       516    -88      406
  SINCE JAN 1    487                       557    -70      445
..................................................................


WIND (MPH)
  RESULTANT WIND SPEED   4   RESULTANT WIND DIRECTION   W (260)
  HIGHEST WIND SPEED    10   HIGHEST WIND DIRECTION     W (280)
  HIGHEST GUST SPEED    13   HIGHEST GUST DIRECTION     W (280)
  AVERAGE WIND SPEED     4.1


SKY COVER
  AVERAGE SKY COVER 0.7


WEATHER CONDITIONS
 THE FOLLOWING WEATHER WAS RECORDED TODAY.
  FOG
  FOG W/VISIBILITY <= 1/4 MILE


RELATIVE HUMIDITY (PERCENT)
 HIGHEST   100           100 AM
 LOWEST     93          1200 AM
 AVERAGE    97

..........................................................


THE LANSING MI CLIMATE NORMALS FOR TOMORROW
                         NORMAL    RECORD    YEAR
 MAXIMUM TEMPERATURE (F)   78        96      1953
                                             1898
 MINIMUM TEMPERATURE (F)   57        30      1867


SUNRISE AND SUNSET
AUGUST 31 2015........SUNRISE   702 AM EDT   SUNSET   815 PM EDT
SEPTEMBER  1 2015.....SUNRISE   703 AM EDT   SUNSET   813 PM EDT


-  INDICATES NEGATIVE NUMBERS.
R  INDICATES RECORD WAS SET OR TIED.
MM INDICATES DATA IS MISSING.
T  INDICATES TRACE AMOUNT.




$$
