000
CDUS43 KGRR 180533
CLILAN


CLIMATE REPORT
NATIONAL WEATHER SERVICE GRAND RAPIDS, MI
1232 AM EST WED JAN 18 2017


...................................

...THE LANSING MI CLIMATE SUMMARY FOR JANUARY 17 2017...

CLIMATE NORMAL PERIOD 1981 TO 2010
CLIMATE RECORD PERIOD 1864 TO 2017


WEATHER ITEM   OBSERVED TIME   RECORD YEAR NORMAL DEPARTURE LAST
                VALUE   (LST)  VALUE       VALUE  FROM      YEAR
                                                  NORMAL
..................................................................
TEMPERATURE (F)
 YESTERDAY
  MAXIMUM         39    526 PM  59    1952  30      9       26
  MINIMUM         33   1233 AM -18    1976  16     17        9
  AVERAGE         36                        23     13       18

PRECIPITATION (IN)
  YESTERDAY        0.47          1.10 1885   0.05   0.42      T
  MONTH TO DATE    2.64                      0.99   1.65     1.14
  SINCE DEC 1      4.40                      2.86   1.54     3.86
  SINCE JAN 1      2.64                      0.99   1.65     1.14

SNOWFALL (IN)
  YESTERDAY        0.0          11.0  1885   0.4   -0.4       T
  MONTH TO DATE    3.7                       7.7   -4.0      5.7
  SINCE DEC 1     19.8                      20.7   -0.9      7.6
  SINCE JUL 1     19.8                      24.5   -4.7     15.8
  SNOW DEPTH       0

DEGREE DAYS
 HEATING
  YESTERDAY       29                        42    -13       47
  MONTH TO DATE  674                       705    -31      664
  SINCE DEC 1   1816                      1843    -27     1461
  SINCE JUL 1   2791                      3257   -466     2569

 COOLING
  YESTERDAY        0                         0      0        0
  MONTH TO DATE    0                         0      0        0
  SINCE DEC 1      0                         0      0        0
  SINCE JAN 1      0                         0      0        0
..................................................................


WIND (MPH)
  RESULTANT WIND SPEED   1   RESULTANT WIND DIRECTION  SW (210)
  HIGHEST WIND SPEED    17   HIGHEST WIND DIRECTION     W (260)
  HIGHEST GUST SPEED    24   HIGHEST GUST DIRECTION     W (260)
  AVERAGE WIND SPEED     7.6


SKY COVER
  AVERAGE SKY COVER 1.0


WEATHER CONDITIONS
 THE FOLLOWING WEATHER WAS RECORDED YESTERDAY.
  HEAVY RAIN
  RAIN
  LIGHT RAIN
  FOG
  FOG W/VISIBILITY <= 1/4 MILE


RELATIVE HUMIDITY (PERCENT)
 HIGHEST    96           300 AM
 LOWEST     85           200 PM
 AVERAGE    91

..........................................................


THE LANSING MI CLIMATE NORMALS FOR TODAY
                         NORMAL    RECORD    YEAR
 MAXIMUM TEMPERATURE (F)   30        60      1996
 MINIMUM TEMPERATURE (F)   16       -25      1976


SUNRISE AND SUNSET
JANUARY 18 2017.......SUNRISE   804 AM EST   SUNSET   534 PM EST
JANUARY 19 2017.......SUNRISE   804 AM EST   SUNSET   535 PM EST


-  INDICATES NEGATIVE NUMBERS.
R  INDICATES RECORD WAS SET OR TIED.
MM INDICATES DATA IS MISSING.
T  INDICATES TRACE AMOUNT.




$$
