000
CDUS43 KGRR 212129
CLILAN


CLIMATE REPORT
NATIONAL WEATHER SERVICE GRAND RAPIDS, MI
529 PM EDT THU JUL 21 2016


...................................

...THE LANSING MI CLIMATE SUMMARY FOR JULY 21 2016...
VALID TODAY AS OF 0500 PM LOCAL TIME.

CLIMATE NORMAL PERIOD 1981 TO 2010
CLIMATE RECORD PERIOD 1864 TO 2016


WEATHER ITEM   OBSERVED TIME   RECORD YEAR NORMAL DEPARTURE LAST
                VALUE   (LST)  VALUE       VALUE  FROM      YEAR
                                                  NORMAL
..................................................................
TEMPERATURE (F)
 TODAY
  MAXIMUM         89   1144 AM  97    1934  82      7       79
  MINIMUM         68    522 AM  38    1974  61      7       60
                                      1869
                                      1864
  AVERAGE         79                        72      7       70

PRECIPITATION (IN)
  TODAY            0.41          1.60 1883   0.09   0.32     0.00
  MONTH TO DATE    2.28                      1.90   0.38     2.39
  SINCE JUN 1      2.87                      5.35  -2.48    11.46
  SINCE JAN 1     15.78                     16.92  -1.14    19.51

SNOWFALL (IN)
  TODAY            0.0           0.0    MM   0.0    0.0      0.0
  MONTH TO DATE    0.0                       0.0    0.0      0.0
  SINCE JUN 1      0.0                       0.0    0.0      0.0
  SINCE JUL 1      0.0                       0.0    0.0      0.0
  SNOW DEPTH       0

DEGREE DAYS
 HEATING
  TODAY            0                         0      0        0
  MONTH TO DATE    3                         2      1       12
  SINCE JUN 1     37                        57    -20       48
  SINCE JUL 1      3                         2      1       12

 COOLING
  TODAY           14                         7      7        5
  MONTH TO DATE  169                       147     22       88
  SINCE JUN 1    317                       279     38      175
  SINCE JAN 1    379                       320     59      234
..................................................................


WIND (MPH)
  RESULTANT WIND SPEED   9   RESULTANT WIND DIRECTION  SW (220)
  HIGHEST WIND SPEED    30   HIGHEST WIND DIRECTION    NW (300)
  HIGHEST GUST SPEED    40   HIGHEST GUST DIRECTION    NW (320)
  AVERAGE WIND SPEED     9.3


SKY COVER
  AVERAGE SKY COVER 0.2


WEATHER CONDITIONS
 THE FOLLOWING WEATHER WAS RECORDED TODAY.
  THUNDERSTORM
  HEAVY RAIN
  RAIN
  LIGHT RAIN
  FOG


RELATIVE HUMIDITY (PERCENT)
 HIGHEST    84           600 AM
 LOWEST     55          1100 AM
 AVERAGE    70

..........................................................


THE LANSING MI CLIMATE NORMALS FOR TOMORROW
                         NORMAL    RECORD    YEAR
 MAXIMUM TEMPERATURE (F)   82        95      1914
 MINIMUM TEMPERATURE (F)   61        41      1863


SUNRISE AND SUNSET
JULY 21 2016..........SUNRISE   619 AM EDT   SUNSET   910 PM EDT
JULY 22 2016..........SUNRISE   620 AM EDT   SUNSET   909 PM EDT


-  INDICATES NEGATIVE NUMBERS.
R  INDICATES RECORD WAS SET OR TIED.
MM INDICATES DATA IS MISSING.
T  INDICATES TRACE AMOUNT.




$$
