000
CDUS43 KGRR 200517
CLILAN


CLIMATE REPORT
NATIONAL WEATHER SERVICE GRAND RAPIDS, MI
117 AM EDT WED JUL 20 2016


...................................

...THE LANSING MI CLIMATE SUMMARY FOR JULY 19 2016...

CLIMATE NORMAL PERIOD 1981 TO 2010
CLIMATE RECORD PERIOD 1864 TO 2016


WEATHER ITEM   OBSERVED TIME   RECORD YEAR NORMAL DEPARTURE LAST
                VALUE   (LST)  VALUE       VALUE  FROM      YEAR
                                                  NORMAL
..................................................................
TEMPERATURE (F)
 YESTERDAY
  MAXIMUM         84    541 PM 102    1894  83      1       84
  MINIMUM         62    518 AM  42    1910  61      1       64
  AVERAGE         73                        72      1       74

PRECIPITATION (IN)
  YESTERDAY        T             1.11 1935   0.09  -0.09     0.00
  MONTH TO DATE    1.87                      1.73   0.14     2.38
  SINCE JUN 1      2.46                      5.18  -2.72    11.45
  SINCE JAN 1     15.37                     16.75  -1.38    19.50

SNOWFALL (IN)
  YESTERDAY        0.0           0.0    MM   0.0    0.0      0.0
  MONTH TO DATE    0.0                       0.0    0.0      0.0
  SINCE JUN 1      0.0                       0.0    0.0      0.0
  SINCE JUL 1      0.0                       0.0    0.0      0.0
  SNOW DEPTH       0

DEGREE DAYS
 HEATING
  YESTERDAY        0                         0      0        0
  MONTH TO DATE    3                         2      1       12
  SINCE JUN 1     37                        57    -20       48
  SINCE JUL 1      3                         2      1       12

 COOLING
  YESTERDAY        8                         7      1        9
  MONTH TO DATE  143                       133     10       76
  SINCE JUN 1    291                       265     26      163
  SINCE JAN 1    353                       306     47      222
..................................................................


WIND (MPH)
  RESULTANT WIND SPEED   3   RESULTANT WIND DIRECTION   N (350)
  HIGHEST WIND SPEED    14   HIGHEST WIND DIRECTION     N (10)
  HIGHEST GUST SPEED    19   HIGHEST GUST DIRECTION     N (10)
  AVERAGE WIND SPEED     5.6


SKY COVER
  AVERAGE SKY COVER 0.2


WEATHER CONDITIONS
 THE FOLLOWING WEATHER WAS RECORDED YESTERDAY.
  NO SIGNIFICANT WEATHER WAS OBSERVED.


RELATIVE HUMIDITY (PERCENT)
 HIGHEST    93           600 AM
 LOWEST     37           300 PM
 AVERAGE    65

..........................................................


THE LANSING MI CLIMATE NORMALS FOR TODAY
                         NORMAL    RECORD    YEAR
 MAXIMUM TEMPERATURE (F)   83        99      1930
 MINIMUM TEMPERATURE (F)   61        39      1965


SUNRISE AND SUNSET
JULY 20 2016..........SUNRISE   618 AM EDT   SUNSET   911 PM EDT
JULY 21 2016..........SUNRISE   619 AM EDT   SUNSET   910 PM EDT


-  INDICATES NEGATIVE NUMBERS.
R  INDICATES RECORD WAS SET OR TIED.
MM INDICATES DATA IS MISSING.
T  INDICATES TRACE AMOUNT.




$$
