000
CDUS43 KGRR 260520
CLILAN


CLIMATE REPORT
NATIONAL WEATHER SERVICE GRAND RAPIDS, MI
1220 AM EST THU FEB 26 2015


...................................

...THE LANSING MI CLIMATE SUMMARY FOR FEBRUARY 25 2015...

CLIMATE NORMAL PERIOD 1981 TO 2010
CLIMATE RECORD PERIOD 1864 TO 2015


WEATHER ITEM   OBSERVED TIME   RECORD YEAR NORMAL DEPARTURE LAST
                VALUE   (LST)  VALUE       VALUE  FROM      YEAR
                                                  NORMAL
..................................................................
TEMPERATURE (F)
 YESTERDAY
  MAXIMUM         21   1211 AM  63    1976  36    -15       22
  MINIMUM          0    740 AM -16    1993  20    -20        9
  AVERAGE         11                        28    -17       16

PRECIPITATION (IN)
  YESTERDAY        T             1.26 1926   0.06  -0.06      T
  MONTH TO DATE    0.87                      1.28  -0.41     1.70
  SINCE DEC 1      3.78                      4.80  -1.02     5.74
  SINCE JAN 1      2.22                      2.93  -0.71     3.86

SNOWFALL (IN)
  YESTERDAY        T             8.0  1965   0.4   -0.4      0.2
  MONTH TO DATE   14.5                      10.5    4.0     17.2
  SINCE DEC 1     27.2                      37.3  -10.1     56.5
  SINCE JUL 1     33.4                      41.1   -7.7     57.2
  SNOW DEPTH       8

DEGREE DAYS
 HEATING
  YESTERDAY       54                        37     17       49
  MONTH TO DATE 1315                       986    329     1168
  SINCE DEC 1   3722                      3412    310     3914
  SINCE JUL 1   5318                      4826    492     5360

 COOLING
  YESTERDAY        0                         0      0        0
  MONTH TO DATE    0                         0      0        0
  SINCE DEC 1      0                         0      0        0
  SINCE JAN 1      0                         0      0        0
..................................................................


WIND (MPH)
  RESULTANT WIND SPEED   3   RESULTANT WIND DIRECTION  NW (330)
  HIGHEST WIND SPEED    18   HIGHEST WIND DIRECTION     N (340)
  HIGHEST GUST SPEED    26   HIGHEST GUST DIRECTION     N (350)
  AVERAGE WIND SPEED     5.1


SKY COVER
  AVERAGE SKY COVER 0.4


WEATHER CONDITIONS
 THE FOLLOWING WEATHER WAS RECORDED YESTERDAY.
  LIGHT SNOW
  FOG
  HAZE
  BLOWING SNOW


RELATIVE HUMIDITY (PERCENT)
 HIGHEST    91           900 AM
 LOWEST     47           300 PM
 AVERAGE    69

..........................................................


THE LANSING MI CLIMATE NORMALS FOR TODAY
                         NORMAL    RECORD    YEAR
 MAXIMUM TEMPERATURE (F)   37        61      1944
 MINIMUM TEMPERATURE (F)   21       -12      1994
                                             1963


SUNRISE AND SUNSET
FEBRUARY 26 2015......SUNRISE   719 AM EST   SUNSET   624 PM EST
FEBRUARY 27 2015......SUNRISE   718 AM EST   SUNSET   625 PM EST


-  INDICATES NEGATIVE NUMBERS.
R  INDICATES RECORD WAS SET OR TIED.
MM INDICATES DATA IS MISSING.
T  INDICATES TRACE AMOUNT.




$$
