000
CDUS43 KGRR 240522
CLILAN


CLIMATE REPORT
NATIONAL WEATHER SERVICE GRAND RAPIDS, MI
122 AM EDT MON APR 24 2017


...................................

...THE LANSING MI CLIMATE SUMMARY FOR APRIL 23 2017...

CLIMATE NORMAL PERIOD 1981 TO 2010
CLIMATE RECORD PERIOD 1864 TO 2017


WEATHER ITEM   OBSERVED TIME   RECORD YEAR NORMAL DEPARTURE LAST
                VALUE   (LST)  VALUE       VALUE  FROM      YEAR
                                                  NORMAL
..................................................................
TEMPERATURE (F)
 YESTERDAY
  MAXIMUM         70    516 PM  86    1960  61      9       58
                                      1925
  MINIMUM         35    604 AM  21    1868  40     -5       34
  AVERAGE         53                        50      3       46

PRECIPITATION (IN)
  YESTERDAY        0.00          1.05 1999   0.10  -0.10     0.00
  MONTH TO DATE    3.73                      2.34   1.39     1.53
  SINCE MAR 1      7.36                      4.40   2.96     5.78
  SINCE JAN 1     13.64                      7.52   6.12     8.94

SNOWFALL (IN)
  YESTERDAY        0.0           0.9  2005   0.1   -0.1      0.0
                                      1963
  MONTH TO DATE    0.4                       1.8   -1.4      7.5
  SINCE MAR 1      2.6                       8.8   -6.2     16.4
  SINCE JUL 1     30.2                      51.0  -20.8     50.0
  SNOW DEPTH       0

DEGREE DAYS
 HEATING
  YESTERDAY       12                        15     -3       19
  MONTH TO DATE  310                       438   -128      490
  SINCE MAR 1   1235                      1367   -132     1253
  SINCE JUL 1   5280                      6302  -1022     5413

 COOLING
  YESTERDAY        0                         0      0        0
  MONTH TO DATE    2                         0      2        1
  SINCE MAR 1      2                         1      1        1
  SINCE JAN 1      2                         1      1        1
..................................................................


WIND (MPH)
  RESULTANT WIND SPEED   1   RESULTANT WIND DIRECTION  NW (300)
  HIGHEST WIND SPEED    14   HIGHEST WIND DIRECTION     W (290)
  HIGHEST GUST SPEED    17   HIGHEST GUST DIRECTION     W (290)
  AVERAGE WIND SPEED     4.1


SKY COVER
  AVERAGE SKY COVER 0.0


WEATHER CONDITIONS
 THE FOLLOWING WEATHER WAS RECORDED YESTERDAY.
  NO SIGNIFICANT WEATHER WAS OBSERVED.


RELATIVE HUMIDITY (PERCENT)
 HIGHEST    85           400 AM
 LOWEST     20           600 PM
 AVERAGE    53

..........................................................


THE LANSING MI CLIMATE NORMALS FOR TODAY
                         NORMAL    RECORD    YEAR
 MAXIMUM TEMPERATURE (F)   61        87      1915
 MINIMUM TEMPERATURE (F)   40        23      1999
                                             1892
                                             1883


SUNRISE AND SUNSET
APRIL 24 2017.........SUNRISE   642 AM EDT   SUNSET   831 PM EDT
APRIL 25 2017.........SUNRISE   641 AM EDT   SUNSET   832 PM EDT


-  INDICATES NEGATIVE NUMBERS.
R  INDICATES RECORD WAS SET OR TIED.
MM INDICATES DATA IS MISSING.
T  INDICATES TRACE AMOUNT.




$$
