353
CDUS43 KGRR 220517
CLILAN


CLIMATE REPORT
NATIONAL WEATHER SERVICE GRAND RAPIDS, MI
116 AM EDT THU SEP 22 2016


...................................

...THE LANSING MI CLIMATE SUMMARY FOR SEPTEMBER 21 2016...

CLIMATE NORMAL PERIOD 1981 TO 2010
CLIMATE RECORD PERIOD 1864 TO 2016


WEATHER ITEM   OBSERVED TIME   RECORD YEAR NORMAL DEPARTURE LAST
                VALUE   (LST)  VALUE       VALUE  FROM      YEAR
                                                  NORMAL
..................................................................
TEMPERATURE (F)
 YESTERDAY
  MAXIMUM         81    357 PM  94    1895  71     10       73
  MINIMUM         54    421 AM  19    1863  49      5       46
  AVERAGE         68                        60      8       60

PRECIPITATION (IN)
  YESTERDAY        0.05          2.02 1947   0.13  -0.08     0.00
  MONTH TO DATE    1.48                      2.45  -0.97     1.31
  SINCE SEP 1      1.48                      2.45  -0.97     1.31
  SINCE JAN 1     24.96                     23.54   1.42    27.64

SNOWFALL (IN)
  YESTERDAY        0.0           0.0    MM   0.0    0.0      0.0
  MONTH TO DATE    0.0                       0.0    0.0      0.0
  SINCE SEP 1      0.0                       0.0    0.0      0.0
  SINCE JUL 1      0.0                       0.0    0.0      0.0
  SNOW DEPTH       0

DEGREE DAYS
 HEATING
  YESTERDAY        0                         6     -6        5
  MONTH TO DATE   10                        79    -69       46
  SINCE SEP 1     10                        79    -69       46
  SINCE JUL 1     13                       114   -101       77

 COOLING
  YESTERDAY        3                         1      2        0
  MONTH TO DATE   82                        53     29      111
  SINCE SEP 1     82                        53     29      111
  SINCE JAN 1    848                       610    238      604
..................................................................


WIND (MPH)
  RESULTANT WIND SPEED   2   RESULTANT WIND DIRECTION   S (190)
  HIGHEST WIND SPEED    28   HIGHEST WIND DIRECTION     W (290)
  HIGHEST GUST SPEED    36   HIGHEST GUST DIRECTION     W (290)
  AVERAGE WIND SPEED     4.1


SKY COVER
  AVERAGE SKY COVER 0.1


WEATHER CONDITIONS
 THE FOLLOWING WEATHER WAS RECORDED YESTERDAY.
  THUNDERSTORM
  RAIN
  LIGHT RAIN
  FOG
  FOG W/VISIBILITY <= 1/4 MILE


RELATIVE HUMIDITY (PERCENT)
 HIGHEST    93           200 AM
 LOWEST     54           400 PM
 AVERAGE    74

..........................................................


THE LANSING MI CLIMATE NORMALS FOR TODAY
                         NORMAL    RECORD    YEAR
 MAXIMUM TEMPERATURE (F)   70        94      1895
 MINIMUM TEMPERATURE (F)   49        22      1896


SUNRISE AND SUNSET
SEPTEMBER 22 2016.....SUNRISE   726 AM EDT   SUNSET   735 PM EDT
SEPTEMBER 23 2016.....SUNRISE   727 AM EDT   SUNSET   733 PM EDT


-  INDICATES NEGATIVE NUMBERS.
R  INDICATES RECORD WAS SET OR TIED.
MM INDICATES DATA IS MISSING.
T  INDICATES TRACE AMOUNT.




$$
