434
CDUS43 KGRR 220525
CLILAN


CLIMATE REPORT
NATIONAL WEATHER SERVICE GRAND RAPIDS, MI
125 AM EDT THU JUN 22 2017


...................................

...THE LANSING MI CLIMATE SUMMARY FOR JUNE 21 2017...

CLIMATE NORMAL PERIOD 1981 TO 2010
CLIMATE RECORD PERIOD 1864 TO 2017


WEATHER ITEM   OBSERVED TIME   RECORD YEAR NORMAL DEPARTURE LAST
                VALUE   (LST)  VALUE       VALUE  FROM      YEAR
                                                  NORMAL
..................................................................
TEMPERATURE (F)
 YESTERDAY
  MAXIMUM         80    238 PM  98    1988  80      0       81
  MINIMUM         51    451 AM  37    1868  58     -7       53
  AVERAGE         66                        69     -3       67

PRECIPITATION (IN)
  YESTERDAY        0.00          1.81 1987   0.12  -0.12     0.00
  MONTH TO DATE    2.58                      2.47   0.11     0.58
  SINCE JUN 1      2.58                      2.47   0.11     0.58
  SINCE JAN 1     19.64                     14.04   5.60    13.49

SNOWFALL (IN)
  YESTERDAY        0.0           0.0    MM   0.0    0.0      0.0
  MONTH TO DATE    0.0                       0.0    0.0      0.0
  SINCE JUN 1      0.0                       0.0    0.0      0.0
  SINCE JUL 1     30.2                      51.1  -20.9     50.0
  SNOW DEPTH       0

DEGREE DAYS
 HEATING
  YESTERDAY        0                         1     -1        0
  MONTH TO DATE    7                        48    -41       28
  SINCE JUN 1      7                        48    -41       28
  SINCE JUL 1   5596                      6705  -1109     5800

 COOLING
  YESTERDAY        1                         5     -4        2
  MONTH TO DATE  158                        77     81       97
  SINCE JUN 1    158                        77     81       97
  SINCE JAN 1    193                       118     75      159
..................................................................


WIND (MPH)
  RESULTANT WIND SPEED   0   RESULTANT WIND DIRECTION   W (270)
  HIGHEST WIND SPEED    10   HIGHEST WIND DIRECTION    SW (210)
  HIGHEST GUST SPEED    13   HIGHEST GUST DIRECTION     W (290)
  AVERAGE WIND SPEED     2.7


SKY COVER
  AVERAGE SKY COVER 0.1


WEATHER CONDITIONS
 THE FOLLOWING WEATHER WAS RECORDED YESTERDAY.
  FOG
  HAZE


RELATIVE HUMIDITY (PERCENT)
 HIGHEST    93           600 AM
 LOWEST     33           200 PM
 AVERAGE    63

..........................................................


THE LANSING MI CLIMATE NORMALS FOR TODAY
                         NORMAL    RECORD    YEAR
 MAXIMUM TEMPERATURE (F)   80        95      1894
 MINIMUM TEMPERATURE (F)   59        34      1992


SUNRISE AND SUNSET
JUNE 22 2017..........SUNRISE   600 AM EDT   SUNSET   921 PM EDT
JUNE 23 2017..........SUNRISE   601 AM EDT   SUNSET   921 PM EDT


-  INDICATES NEGATIVE NUMBERS.
R  INDICATES RECORD WAS SET OR TIED.
MM INDICATES DATA IS MISSING.
T  INDICATES TRACE AMOUNT.




$$
