000
CDUS43 KGRR 032228
CLILAN


CLIMATE REPORT
NATIONAL WEATHER SERVICE GRAND RAPIDS, MI
525 PM EST SUN DEC 3 2017


...................................

...THE LANSING MI CLIMATE SUMMARY FOR DECEMBER 3 2017...
VALID TODAY AS OF 0500 PM LOCAL TIME.

CLIMATE NORMAL PERIOD 1981 TO 2010
CLIMATE RECORD PERIOD 1864 TO 2017


WEATHER ITEM   OBSERVED TIME   RECORD YEAR NORMAL DEPARTURE LAST
                VALUE   (LST)  VALUE       VALUE  FROM      YEAR
                                                  NORMAL
..................................................................
TEMPERATURE (F)
 TODAY
  MAXIMUM         53    339 PM  66    1998  39     14       37
                                      1982
  MINIMUM         27    824 AM -18    2002  27      0       35
  AVERAGE         40                        32      8       36

PRECIPITATION (IN)
  TODAY            0.00          1.40 1873   0.07  -0.07      T
  MONTH TO DATE    0.00                      0.21  -0.21     0.01
  SINCE DEC 1      0.00                      0.21  -0.21     0.01
  SINCE JAN 1     38.30                     30.11   8.19    33.20

SNOWFALL (IN)
  TODAY            0.0           3.0  1990   0.4   -0.4       T
  MONTH TO DATE    0.0                       1.0   -1.0       T
  SINCE DEC 1      0.0                       1.0   -1.0       T
  SINCE JUL 1      0.4                       4.8   -4.4       T
  SNOW DEPTH       0

DEGREE DAYS
 HEATING
  TODAY           25                        33     -8       29
  MONTH TO DATE   77                        97    -20       83
  SINCE DEC 1     77                        97    -20       83
  SINCE JUL 1   1333                      1511   -178     1058

 COOLING
  TODAY            0                         0      0        0
  MONTH TO DATE    0                         0      0        0
  SINCE DEC 1      0                         0      0        0
  SINCE JAN 1    782                       625    157      869
..................................................................


WIND (MPH)
  RESULTANT WIND SPEED   4   RESULTANT WIND DIRECTION   W (250)
  HIGHEST WIND SPEED    12   HIGHEST WIND DIRECTION     W (260)
  HIGHEST GUST SPEED    14   HIGHEST GUST DIRECTION    SW (240)
  AVERAGE WIND SPEED     3.7


SKY COVER
  AVERAGE SKY COVER 0.0


WEATHER CONDITIONS
 THE FOLLOWING WEATHER WAS RECORDED TODAY.
  FOG
  HAZE


RELATIVE HUMIDITY (PERCENT)
 HIGHEST   100           600 AM
 LOWEST     38           200 PM
 AVERAGE    69

..........................................................


THE LANSING MI CLIMATE NORMALS FOR TOMORROW
                         NORMAL    RECORD    YEAR
 MAXIMUM TEMPERATURE (F)   38        64      1941
 MINIMUM TEMPERATURE (F)   26       -13      1886


SUNRISE AND SUNSET
DECEMBER  3 2017......SUNRISE   752 AM EST   SUNSET   505 PM EST
DECEMBER  4 2017......SUNRISE   753 AM EST   SUNSET   505 PM EST


-  INDICATES NEGATIVE NUMBERS.
R  INDICATES RECORD WAS SET OR TIED.
MM INDICATES DATA IS MISSING.
T  INDICATES TRACE AMOUNT.




$$

63
