524
CDUS43 KGRR 062236
CLILAN


CLIMATE REPORT
NATIONAL WEATHER SERVICE GRAND RAPIDS, MI
533 PM EST TUE DEC 6 2016


...................................

...THE LANSING MI CLIMATE SUMMARY FOR DECEMBER 6 2016...
VALID TODAY AS OF 0500 PM LOCAL TIME.

CLIMATE NORMAL PERIOD 1981 TO 2010
CLIMATE RECORD PERIOD 1864 TO 2016


WEATHER ITEM   OBSERVED TIME   RECORD YEAR NORMAL DEPARTURE LAST
                VALUE   (LST)  VALUE       VALUE  FROM      YEAR
                                                  NORMAL
..................................................................
TEMPERATURE (F)
 TODAY
  MAXIMUM         42    335 PM  65    1998  37      5       50
  MINIMUM         23    307 AM -17    1964  25     -2       27
  AVERAGE         33                        31      2       39

PRECIPITATION (IN)
  TODAY            0.00          1.50 1885   0.06  -0.06     0.00
  MONTH TO DATE    0.37                      0.41  -0.04     0.10
  SINCE DEC 1      0.37                      0.41  -0.04     0.10
  SINCE JAN 1     33.56                     30.31   3.25    31.90

SNOWFALL (IN)
  TODAY            0.0           7.0  1885   0.4   -0.4      0.0
  MONTH TO DATE    2.5                       2.0    0.5       T
  SINCE DEC 1      2.5                       2.0    0.5       T
  SINCE JUL 1      2.5                       5.8   -3.3      8.2
  SNOW DEPTH       0

DEGREE DAYS
 HEATING
  TODAY           32                        34     -2       26
  MONTH TO DATE  177                       197    -20      163
  SINCE DEC 1    177                       197    -20      163
  SINCE JUL 1   1152                      1611   -459     1271

 COOLING
  TODAY            0                         0      0        0
  MONTH TO DATE    0                         0      0        0
  SINCE DEC 1      0                         0      0        0
  SINCE JAN 1    869                       625    244      615
..................................................................


WIND (MPH)
  RESULTANT WIND SPEED   7   RESULTANT WIND DIRECTION   E (100)
  HIGHEST WIND SPEED    15   HIGHEST WIND DIRECTION     E (110)
  HIGHEST GUST SPEED    19   HIGHEST GUST DIRECTION     E (110)
  AVERAGE WIND SPEED     7.4


SKY COVER
  AVERAGE SKY COVER 0.4


WEATHER CONDITIONS
 THE FOLLOWING WEATHER WAS RECORDED TODAY.
  FOG


RELATIVE HUMIDITY (PERCENT)
 HIGHEST    92           900 AM
 LOWEST     73           300 PM
 AVERAGE    83

..........................................................


THE LANSING MI CLIMATE NORMALS FOR TOMORROW
                         NORMAL    RECORD    YEAR
 MAXIMUM TEMPERATURE (F)   37        63      1951
 MINIMUM TEMPERATURE (F)   25        -5      1885


SUNRISE AND SUNSET
DECEMBER  6 2016......SUNRISE   755 AM EST   SUNSET   504 PM EST
DECEMBER  7 2016......SUNRISE   756 AM EST   SUNSET   504 PM EST


-  INDICATES NEGATIVE NUMBERS.
R  INDICATES RECORD WAS SET OR TIED.
MM INDICATES DATA IS MISSING.
T  INDICATES TRACE AMOUNT.




$$

63
