000
CDUS43 KGRR 260520
CLILAN


CLIMATE REPORT
NATIONAL WEATHER SERVICE GRAND RAPIDS, MI
1219 AM EST SAT NOV 26 2016


...................................

...THE LANSING MI CLIMATE SUMMARY FOR NOVEMBER 25 2016...

CLIMATE NORMAL PERIOD 1981 TO 2010
CLIMATE RECORD PERIOD 1864 TO 2016


WEATHER ITEM   OBSERVED TIME   RECORD YEAR NORMAL DEPARTURE LAST
                VALUE   (LST)  VALUE       VALUE  FROM      YEAR
                                                  NORMAL
..................................................................
TEMPERATURE (F)
 YESTERDAY
  MAXIMUM         41    135 PM  63    1908  42     -1       50
  MINIMUM         37   1159 PM  -2    1950  29      8       32
  AVERAGE         39                        36      3       41

PRECIPITATION (IN)
  YESTERDAY        0.04          1.25 1987   0.08  -0.04     0.00
  MONTH TO DATE    2.44                      2.36   0.08     1.18
  SINCE SEP 1      8.99                      8.39   0.60     4.72
  SINCE JAN 1     32.47                     29.48   2.99    31.05

SNOWFALL (IN)
  YESTERDAY        0.0           5.0  1900   0.2   -0.2      0.0
  MONTH TO DATE    T                         2.3   -2.3      8.2
  SINCE SEP 1      T                         2.7   -2.7      8.2
  SINCE JUL 1      T                         2.7   -2.7      8.2
  SNOW DEPTH       0

DEGREE DAYS
 HEATING
  YESTERDAY       26                        29     -3       24
  MONTH TO DATE  473                       611   -138      471
  SINCE SEP 1    863                      1226   -363      942
  SINCE JUL 1    866                      1261   -395      973

 COOLING
  YESTERDAY        0                         0      0        0
  MONTH TO DATE    0                         0      0        0
  SINCE SEP 1    103                        68     35      122
  SINCE JAN 1    869                       625    244      615
..................................................................


WIND (MPH)
  RESULTANT WIND SPEED   9   RESULTANT WIND DIRECTION   W (260)
  HIGHEST WIND SPEED    13   HIGHEST WIND DIRECTION     W (250)
  HIGHEST GUST SPEED    16   HIGHEST GUST DIRECTION    SW (240)
  AVERAGE WIND SPEED     9.3


SKY COVER
  AVERAGE SKY COVER 0.9


WEATHER CONDITIONS
 THE FOLLOWING WEATHER WAS RECORDED YESTERDAY.
  LIGHT RAIN
  FOG


RELATIVE HUMIDITY (PERCENT)
 HIGHEST    92           500 AM
 LOWEST     73           100 PM
 AVERAGE    83

..........................................................


THE LANSING MI CLIMATE NORMALS FOR TODAY
                         NORMAL    RECORD    YEAR
 MAXIMUM TEMPERATURE (F)   42        64      1896
 MINIMUM TEMPERATURE (F)   29        -5      1949


SUNRISE AND SUNSET
NOVEMBER 26 2016......SUNRISE   744 AM EST   SUNSET   507 PM EST
NOVEMBER 27 2016......SUNRISE   745 AM EST   SUNSET   507 PM EST


-  INDICATES NEGATIVE NUMBERS.
R  INDICATES RECORD WAS SET OR TIED.
MM INDICATES DATA IS MISSING.
T  INDICATES TRACE AMOUNT.




$$
