000
CDUS43 KGRR 180532
CLILAN


CLIMATE REPORT
NATIONAL WEATHER SERVICE GRAND RAPIDS, MI
1232 AM EST SAT NOV 18 2017


...................................

...THE LANSING MI CLIMATE SUMMARY FOR NOVEMBER 17 2017...

CLIMATE NORMAL PERIOD 1981 TO 2010
CLIMATE RECORD PERIOD 1864 TO 2017


WEATHER ITEM   OBSERVED TIME   RECORD YEAR NORMAL DEPARTURE LAST
                VALUE   (LST)  VALUE       VALUE  FROM      YEAR
                                                  NORMAL
..................................................................
TEMPERATURE (F)
 YESTERDAY
  MAXIMUM         43    859 PM  69    1971  46     -3       65
                                      1958
                                      1954
  MINIMUM         26   1211 AM   7    1959  32     -6       35
  AVERAGE         35                        39     -4       50

PRECIPITATION (IN)
  YESTERDAY        0.49          1.23 1952   0.10   0.39     0.00
  MONTH TO DATE    2.51                      1.62   0.89     1.55
  SINCE SEP 1     12.18                      7.65   4.53     8.10
  SINCE JAN 1     37.48                     28.74   8.74    31.58

SNOWFALL (IN)
  YESTERDAY        0.0           2.4  1989   0.1   -0.1      0.0
  MONTH TO DATE    0.2                       1.1   -0.9      0.0
  SINCE SEP 1      0.2                       1.5   -1.3       T
  SINCE JUL 1      0.2                       1.5   -1.3       T
  SNOW DEPTH       0

DEGREE DAYS
 HEATING
  YESTERDAY       30                        26      4       15
  MONTH TO DATE  470                       389     81      256
  SINCE SEP 1    887                      1004   -117      646
  SINCE JUL 1    916                      1039   -123      649

 COOLING
  YESTERDAY        0                         0      0        0
  MONTH TO DATE    0                         0      0        0
  SINCE SEP 1    148                        68     80      103
  SINCE JAN 1    782                       625    157      869
..................................................................


WIND (MPH)
  RESULTANT WIND SPEED  10   RESULTANT WIND DIRECTION  SE (150)
  HIGHEST WIND SPEED    24   HIGHEST WIND DIRECTION     S (160)
  HIGHEST GUST SPEED    30   HIGHEST GUST DIRECTION     S (160)
  AVERAGE WIND SPEED    11.5


SKY COVER
  AVERAGE SKY COVER 0.7


WEATHER CONDITIONS
 THE FOLLOWING WEATHER WAS RECORDED YESTERDAY.
  HEAVY RAIN
  LIGHT RAIN
  FOG


RELATIVE HUMIDITY (PERCENT)
 HIGHEST    92          1200 AM
 LOWEST     65           200 PM
 AVERAGE    79

..........................................................


THE LANSING MI CLIMATE NORMALS FOR TODAY
                         NORMAL    RECORD    YEAR
 MAXIMUM TEMPERATURE (F)   46        72      2016
 MINIMUM TEMPERATURE (F)   32         3      1867


SUNRISE AND SUNSET
NOVEMBER 18 2017......SUNRISE   734 AM EST   SUNSET   513 PM EST
NOVEMBER 19 2017......SUNRISE   736 AM EST   SUNSET   512 PM EST


-  INDICATES NEGATIVE NUMBERS.
R  INDICATES RECORD WAS SET OR TIED.
MM INDICATES DATA IS MISSING.
T  INDICATES TRACE AMOUNT.




$$
