000
CDUS43 KGRR 160523
CLILAN


CLIMATE REPORT
NATIONAL WEATHER SERVICE GRAND RAPIDS, MI
1222 AM EST THU FEB 16 2017


...................................

...THE LANSING MI CLIMATE SUMMARY FOR FEBRUARY 15 2017...

CLIMATE NORMAL PERIOD 1981 TO 2010
CLIMATE RECORD PERIOD 1864 TO 2017


WEATHER ITEM   OBSERVED TIME   RECORD YEAR NORMAL DEPARTURE LAST
                VALUE   (LST)  VALUE       VALUE  FROM      YEAR
                                                  NORMAL
..................................................................
TEMPERATURE (F)
 YESTERDAY
  MAXIMUM         32   1231 AM  60    1976  33     -1       26
                                      1954
  MINIMUM         24   1159 PM -24    1866  18      6       15
  AVERAGE         28                        26      2       21

PRECIPITATION (IN)
  YESTERDAY        T             1.00 1867   0.05  -0.05     0.02
  MONTH TO DATE    1.04                      0.71   0.33     0.75
  SINCE DEC 1      6.45                      4.23   2.22     4.92
  SINCE JAN 1      4.69                      2.36   2.33     2.20

SNOWFALL (IN)
  YESTERDAY        T             4.6  1990   0.4   -0.4      0.2
  MONTH TO DATE    2.3                       6.4   -4.1      4.1
  SINCE DEC 1     27.5                      33.2   -5.7     13.8
  SINCE JUL 1     27.5                      37.0   -9.5     22.0
  SNOW DEPTH       T

DEGREE DAYS
 HEATING
  YESTERDAY       37                        39     -2       44
  MONTH TO DATE  545                       606    -61      599
  SINCE DEC 1   2795                      3032   -237     2607
  SINCE JUL 1   3770                      4446   -676     3715

 COOLING
  YESTERDAY        0                         0      0        0
  MONTH TO DATE    0                         0      0        0
  SINCE DEC 1      0                         0      0        0
  SINCE JAN 1      0                         0      0        0
..................................................................


WIND (MPH)
  RESULTANT WIND SPEED  14   RESULTANT WIND DIRECTION  NW (310)
  HIGHEST WIND SPEED    22   HIGHEST WIND DIRECTION    NW (320)
  HIGHEST GUST SPEED    28   HIGHEST GUST DIRECTION    NW (330)
  AVERAGE WIND SPEED    14.4


SKY COVER
  AVERAGE SKY COVER 0.8


WEATHER CONDITIONS
 THE FOLLOWING WEATHER WAS RECORDED YESTERDAY.
  LIGHT SNOW


RELATIVE HUMIDITY (PERCENT)
 HIGHEST    75           300 AM
 LOWEST     63           400 AM
 AVERAGE    69

..........................................................


THE LANSING MI CLIMATE NORMALS FOR TODAY
                         NORMAL    RECORD    YEAR
 MAXIMUM TEMPERATURE (F)   33        59      1921
 MINIMUM TEMPERATURE (F)   19       -22      1896
                                             1866


SUNRISE AND SUNSET
FEBRUARY 16 2017......SUNRISE   734 AM EST   SUNSET   612 PM EST
FEBRUARY 17 2017......SUNRISE   732 AM EST   SUNSET   613 PM EST


-  INDICATES NEGATIVE NUMBERS.
R  INDICATES RECORD WAS SET OR TIED.
MM INDICATES DATA IS MISSING.
T  INDICATES TRACE AMOUNT.




$$
