000
CDUS43 KGRR 152127
CLILAN


CLIMATE REPORT
NATIONAL WEATHER SERVICE GRAND RAPIDS, MI
524 PM EDT FRI SEP 15 2017


...................................

...THE LANSING MI CLIMATE SUMMARY FOR SEPTEMBER 15 2017...
VALID TODAY AS OF 0500 PM LOCAL TIME.

CLIMATE NORMAL PERIOD 1981 TO 2010
CLIMATE RECORD PERIOD 1864 TO 2017


WEATHER ITEM   OBSERVED TIME   RECORD YEAR NORMAL DEPARTURE LAST
                VALUE   (LST)  VALUE       VALUE  FROM      YEAR
                                                  NORMAL
..................................................................
TEMPERATURE (F)
 TODAY
  MAXIMUM         81    359 PM  94    1939  73      8       73
                                      1927
  MINIMUM         55    647 AM  35    1995  52      3       49
                                      1864
  AVERAGE         68                        62      6       61

PRECIPITATION (IN)
  TODAY            0.00          1.18 1970   0.11  -0.11     0.00
  MONTH TO DATE    0.29                      1.69  -1.40     0.79
  SINCE SEP 1      0.29                      1.69  -1.40     0.79
  SINCE JAN 1     25.59                     22.78   2.81    24.27

SNOWFALL (IN)
  TODAY            0.0           0.0    MM   0.0    0.0      0.0
  MONTH TO DATE    0.0                       0.0    0.0      0.0
  SINCE SEP 1      0.0                       0.0    0.0      0.0
  SINCE JUL 1      0.0                       0.0    0.0      0.0
  SNOW DEPTH       0

DEGREE DAYS
 HEATING
  TODAY            0                         5     -5        4
  MONTH TO DATE   75                        45     30       10
  SINCE SEP 1     75                        45     30       10
  SINCE JUL 1    104                        80     24       13

 COOLING
  TODAY            3                         2      1        0
  MONTH TO DATE   13                        43    -30       61
  SINCE SEP 1     13                        43    -30       61
  SINCE JAN 1    647                       600     47      827
..................................................................


WIND (MPH)
  RESULTANT WIND SPEED   3   RESULTANT WIND DIRECTION   S (190)
  HIGHEST WIND SPEED    14   HIGHEST WIND DIRECTION     S (160)
  HIGHEST GUST SPEED    18   HIGHEST GUST DIRECTION     S (190)
  AVERAGE WIND SPEED     3.5


SKY COVER
  AVERAGE SKY COVER 0.0


WEATHER CONDITIONS
 THE FOLLOWING WEATHER WAS RECORDED TODAY.
  FOG
  FOG W/VISIBILITY <= 1/4 MILE


RELATIVE HUMIDITY (PERCENT)
 HIGHEST    93           100 AM
 LOWEST     42           200 PM
 AVERAGE    68

..........................................................


THE LANSING MI CLIMATE NORMALS FOR TOMORROW
                         NORMAL    RECORD    YEAR
 MAXIMUM TEMPERATURE (F)   73        92      1939
 MINIMUM TEMPERATURE (F)   51        24      1868


SUNRISE AND SUNSET
SEPTEMBER 15 2017.....SUNRISE   718 AM EDT   SUNSET   748 PM EDT
SEPTEMBER 16 2017.....SUNRISE   719 AM EDT   SUNSET   746 PM EDT


-  INDICATES NEGATIVE NUMBERS.
R  INDICATES RECORD WAS SET OR TIED.
MM INDICATES DATA IS MISSING.
T  INDICATES TRACE AMOUNT.




$$

63
