000
CDUS43 KGRR 200513
CLILAN


CLIMATE REPORT
NATIONAL WEATHER SERVICE GRAND RAPIDS, MI
1213 AM EST TUE JAN 20 2015


...................................

...THE LANSING MI CLIMATE SUMMARY FOR JANUARY 19 2015...

CLIMATE NORMAL PERIOD 1981 TO 2010
CLIMATE RECORD PERIOD 1864 TO 2015


WEATHER ITEM   OBSERVED TIME   RECORD YEAR NORMAL DEPARTURE LAST
                VALUE   (LST)  VALUE       VALUE  FROM      YEAR
                                                  NORMAL
..................................................................
TEMPERATURE (F)
 YESTERDAY
  MAXIMUM         33    525 AM  53    1949  30      3       29
  MINIMUM         28   1159 PM -20    1892  16     12       11
  AVERAGE         31                        23      8       20

PRECIPITATION (IN)
  YESTERDAY        T             1.16 1907   0.05  -0.05      T
  MONTH TO DATE    1.07                      1.09  -0.02     1.73
  SINCE DEC 1      2.63                      2.96  -0.33     3.61
  SINCE JAN 1      1.07                      1.09  -0.02     1.73

SNOWFALL (IN)
  YESTERDAY        T             4.5  1963   0.4   -0.4       T
  MONTH TO DATE    7.7                       8.6   -0.9     16.8
  SINCE DEC 1      9.2                      21.6  -12.4     32.6
  SINCE JUL 1     15.4                      25.4  -10.0     33.3
  SNOW DEPTH       2

DEGREE DAYS
 HEATING
  YESTERDAY       34                        42     -8       45
  MONTH TO DATE  888                       789     99      877
  SINCE DEC 1   1917                      1927    -10     2094
  SINCE JUL 1   3513                      3341    172     3540

 COOLING
  YESTERDAY        0                         0      0        0
  MONTH TO DATE    0                         0      0        0
  SINCE DEC 1      0                         0      0        0
  SINCE JAN 1      0                         0      0        0
..................................................................


WIND (MPH)
  RESULTANT WIND SPEED   2   RESULTANT WIND DIRECTION   N (350)
  HIGHEST WIND SPEED     9   HIGHEST WIND DIRECTION     N (20)
  HIGHEST GUST SPEED    13   HIGHEST GUST DIRECTION     W (260)
  AVERAGE WIND SPEED     4.3


SKY COVER
  AVERAGE SKY COVER 0.9


WEATHER CONDITIONS
 THE FOLLOWING WEATHER WAS RECORDED YESTERDAY.
  LIGHT SNOW
  FOG


RELATIVE HUMIDITY (PERCENT)
 HIGHEST    85           700 AM
 LOWEST     66           300 PM
 AVERAGE    76

..........................................................


THE LANSING MI CLIMATE NORMALS FOR TODAY
                         NORMAL    RECORD    YEAR
 MAXIMUM TEMPERATURE (F)   30        62      1906
 MINIMUM TEMPERATURE (F)   16       -16      1888


SUNRISE AND SUNSET
JANUARY 20 2015.......SUNRISE   803 AM EST   SUNSET   536 PM EST
JANUARY 21 2015.......SUNRISE   803 AM EST   SUNSET   537 PM EST


-  INDICATES NEGATIVE NUMBERS.
R  INDICATES RECORD WAS SET OR TIED.
MM INDICATES DATA IS MISSING.
T  INDICATES TRACE AMOUNT.




$$
