415
CDUS43 KGRR 220525
CLILAN


CLIMATE REPORT
NATIONAL WEATHER SERVICE GRAND RAPIDS, MI
1224 AM EST WED FEB 22 2017


...................................

...THE LANSING MI CLIMATE SUMMARY FOR FEBRUARY 21 2017...

CLIMATE NORMAL PERIOD 1981 TO 2010
CLIMATE RECORD PERIOD 1864 TO 2017


WEATHER ITEM   OBSERVED TIME   RECORD YEAR NORMAL DEPARTURE LAST
                VALUE   (LST)  VALUE       VALUE  FROM      YEAR
                                                  NORMAL
..................................................................
TEMPERATURE (F)
 YESTERDAY
  MAXIMUM         61    105 PM  62    1930  35     26       41
  MINIMUM         42    311 AM -22    1870  19     23       32
  AVERAGE         52                        27     25       37

PRECIPITATION (IN)
  YESTERDAY        0.06          2.14 1997   0.06   0.00     0.00
  MONTH TO DATE    1.10                      1.04   0.06     0.81
  SINCE DEC 1      6.51                      4.56   1.95     4.98
  SINCE JAN 1      4.75                      2.69   2.06     2.26

SNOWFALL (IN)
  YESTERDAY        0.0           9.2  1912   0.4   -0.4      0.0
  MONTH TO DATE    2.3                       8.9   -6.6      5.3
  SINCE DEC 1     27.5                      35.7   -8.2     15.0
  SINCE JUL 1     27.5                      39.5  -12.0     23.2
  SNOW DEPTH       0

DEGREE DAYS
 HEATING
  YESTERDAY       13                        38    -25       28
  MONTH TO DATE  667                       837   -170      792
  SINCE DEC 1   2917                      3263   -346     2800
  SINCE JUL 1   3892                      4677   -785     3908

 COOLING
  YESTERDAY        0                         0      0        0
  MONTH TO DATE    0                         0      0        0
  SINCE DEC 1      0                         0      0        0
  SINCE JAN 1      0                         0      0        0
..................................................................


WIND (MPH)
  RESULTANT WIND SPEED   7   RESULTANT WIND DIRECTION  SW (210)
  HIGHEST WIND SPEED    18   HIGHEST WIND DIRECTION     W (250)
  HIGHEST GUST SPEED    23   HIGHEST GUST DIRECTION     W (250)
  AVERAGE WIND SPEED     9.2


SKY COVER
  AVERAGE SKY COVER 0.6


WEATHER CONDITIONS
 THE FOLLOWING WEATHER WAS RECORDED YESTERDAY.
  LIGHT RAIN
  FOG
  FOG W/VISIBILITY <= 1/4 MILE
  HAZE


RELATIVE HUMIDITY (PERCENT)
 HIGHEST    93          1000 PM
 LOWEST     62          1200 AM
 AVERAGE    78

..........................................................


THE LANSING MI CLIMATE NORMALS FOR TODAY
                         NORMAL    RECORD    YEAR
 MAXIMUM TEMPERATURE (F)   35        66      1930
 MINIMUM TEMPERATURE (F)   20       -14      1936
                                             1885


SUNRISE AND SUNSET
FEBRUARY 22 2017......SUNRISE   725 AM EST   SUNSET   619 PM EST
FEBRUARY 23 2017......SUNRISE   723 AM EST   SUNSET   621 PM EST


-  INDICATES NEGATIVE NUMBERS.
R  INDICATES RECORD WAS SET OR TIED.
MM INDICATES DATA IS MISSING.
T  INDICATES TRACE AMOUNT.




$$
