437
CDUS43 KGRR 230517
CLILAN


CLIMATE REPORT
NATIONAL WEATHER SERVICE GRAND RAPIDS, MI
116 AM EDT THU MAR 23 2017


...................................

...THE LANSING MI CLIMATE SUMMARY FOR MARCH 22 2017...

CLIMATE NORMAL PERIOD 1981 TO 2010
CLIMATE RECORD PERIOD 1864 TO 2017


WEATHER ITEM   OBSERVED TIME   RECORD YEAR NORMAL DEPARTURE LAST
                VALUE   (LST)  VALUE       VALUE  FROM      YEAR
                                                  NORMAL
..................................................................
TEMPERATURE (F)
 YESTERDAY
  MAXIMUM         36    437 PM  83    2012  47    -11       60
  MINIMUM         17    655 AM -10    1864  28    -11       33
  AVERAGE         27                        37    -10       47

PRECIPITATION (IN)
  YESTERDAY        0.00          0.72 1865   0.07  -0.07      T
  MONTH TO DATE    0.90                      1.37  -0.47     1.89
  SINCE MAR 1      0.90                      1.37  -0.47     1.89
  SINCE JAN 1      7.18                      4.49   2.69     5.05

SNOWFALL (IN)
  YESTERDAY        0.0          10.2  1916   0.1   -0.1      0.0
  MONTH TO DATE    2.2                       5.6   -3.4      8.9
  SINCE MAR 1      2.2                       5.6   -3.4      8.9
  SINCE JUL 1     29.8                      47.8  -18.0     42.5
  SNOW DEPTH       0

DEGREE DAYS
 HEATING
  YESTERDAY       38                        28     10       18
  MONTH TO DATE  729                       700     29      559
  SINCE MAR 1    729                       700     29      559
  SINCE JUL 1   4774                      5635   -861     4719

 COOLING
  YESTERDAY        0                         0      0        0
  MONTH TO DATE    0                         0      0        0
  SINCE MAR 1      0                         0      0        0
  SINCE JAN 1      0                         0      0        0
..................................................................


WIND (MPH)
  RESULTANT WIND SPEED   5   RESULTANT WIND DIRECTION  NE (30)
  HIGHEST WIND SPEED    18   HIGHEST WIND DIRECTION     N (360)
  HIGHEST GUST SPEED    18   HIGHEST GUST DIRECTION     N (360)
  AVERAGE WIND SPEED     6.7


SKY COVER
  AVERAGE SKY COVER 0.0


WEATHER CONDITIONS
 THE FOLLOWING WEATHER WAS RECORDED YESTERDAY.
  NO SIGNIFICANT WEATHER WAS OBSERVED.


RELATIVE HUMIDITY (PERCENT)
 HIGHEST    67           600 AM
 LOWEST     25           200 PM
 AVERAGE    46

..........................................................


THE LANSING MI CLIMATE NORMALS FOR TODAY
                         NORMAL    RECORD    YEAR
 MAXIMUM TEMPERATURE (F)   47        71      1994
 MINIMUM TEMPERATURE (F)   28        -5      1965


SUNRISE AND SUNSET
MARCH 23 2017.........SUNRISE   736 AM EDT   SUNSET   754 PM EDT
MARCH 24 2017.........SUNRISE   734 AM EDT   SUNSET   756 PM EDT


-  INDICATES NEGATIVE NUMBERS.
R  INDICATES RECORD WAS SET OR TIED.
MM INDICATES DATA IS MISSING.
T  INDICATES TRACE AMOUNT.




$$
