000
CDUS43 KGRR 120529
CLILAN


CLIMATE REPORT
NATIONAL WEATHER SERVICE GRAND RAPIDS, MI
1228 AM EST SUN NOV 12 2017


...................................

...THE LANSING MI CLIMATE SUMMARY FOR NOVEMBER 11 2017...

CLIMATE NORMAL PERIOD 1981 TO 2010
CLIMATE RECORD PERIOD 1864 TO 2017


WEATHER ITEM   OBSERVED TIME   RECORD YEAR NORMAL DEPARTURE LAST
                VALUE   (LST)  VALUE       VALUE  FROM      YEAR
                                                  NORMAL
..................................................................
TEMPERATURE (F)
 YESTERDAY
  MAXIMUM         34   1216 PM  71    1909  49    -15       54
  MINIMUM         17    341 AM   8    1895  34    -17       31
  AVERAGE         26                        41    -15       43

PRECIPITATION (IN)
  YESTERDAY        0.00          1.10 1995   0.09  -0.09     0.00
  MONTH TO DATE    1.44                      1.03   0.41     1.55
  SINCE SEP 1     11.11                      7.06   4.05     8.10
  SINCE JAN 1     36.41                     28.15   8.26    31.58

SNOWFALL (IN)
  YESTERDAY        0.0           2.8  1933   0.1   -0.1      0.0
  MONTH TO DATE    0.2                       0.6   -0.4      0.0
  SINCE SEP 1      0.2                       1.0   -0.8       T
  SINCE JUL 1      0.2                       1.0   -0.8       T
  SNOW DEPTH       0

DEGREE DAYS
 HEATING
  YESTERDAY       39                        24     15       22
  MONTH TO DATE  303                       239     64      142
  SINCE SEP 1    720                       854   -134      532
  SINCE JUL 1    749                       889   -140      535

 COOLING
  YESTERDAY        0                         0      0        0
  MONTH TO DATE    0                         0      0        0
  SINCE SEP 1    148                        68     80      103
  SINCE JAN 1    782                       625    157      869
..................................................................


WIND (MPH)
  RESULTANT WIND SPEED   8   RESULTANT WIND DIRECTION  SE (150)
  HIGHEST WIND SPEED    21   HIGHEST WIND DIRECTION    SE (150)
  HIGHEST GUST SPEED    25   HIGHEST GUST DIRECTION    SE (150)
  AVERAGE WIND SPEED     8.3


SKY COVER
  AVERAGE SKY COVER 0.5


WEATHER CONDITIONS
 THE FOLLOWING WEATHER WAS RECORDED YESTERDAY.
  NO SIGNIFICANT WEATHER WAS OBSERVED.


RELATIVE HUMIDITY (PERCENT)
 HIGHEST    84           700 AM
 LOWEST     35           200 PM
 AVERAGE    60

..........................................................


THE LANSING MI CLIMATE NORMALS FOR TODAY
                         NORMAL    RECORD    YEAR
 MAXIMUM TEMPERATURE (F)   49        71      1964
 MINIMUM TEMPERATURE (F)   34         7      1873


SUNRISE AND SUNSET
NOVEMBER 12 2017......SUNRISE   727 AM EST   SUNSET   518 PM EST
NOVEMBER 13 2017......SUNRISE   728 AM EST   SUNSET   517 PM EST


-  INDICATES NEGATIVE NUMBERS.
R  INDICATES RECORD WAS SET OR TIED.
MM INDICATES DATA IS MISSING.
T  INDICATES TRACE AMOUNT.




$$
