000
CDUS43 KGRR 170511
CLILAN


CLIMATE REPORT
NATIONAL WEATHER SERVICE GRAND RAPIDS, MI
111 AM EDT SUN AUG 17 2014


...................................

...THE LANSING MI CLIMATE SUMMARY FOR AUGUST 16 2014...

CLIMATE NORMAL PERIOD 1981 TO 2010
CLIMATE RECORD PERIOD 1864 TO 2014


WEATHER ITEM   OBSERVED TIME   RECORD YEAR NORMAL DEPARTURE LAST
                VALUE   (LST)  VALUE       VALUE  FROM      YEAR
                                                  NORMAL
..................................................................
TEMPERATURE (F)
 YESTERDAY
  MAXIMUM         81    225 PM  96    1913  80      1       79
  MINIMUM         55    135 AM  34    1879  60     -5       50
  AVERAGE         68                        70     -2       65

PRECIPITATION (IN)
  YESTERDAY        T             1.63 1915   0.11  -0.11     0.00
  MONTH TO DATE    2.96                      1.69   1.27     1.30
  SINCE JUN 1     14.22                      7.98   6.24    11.45
  SINCE JAN 1     25.43                     19.55   5.88    29.45

SNOWFALL (IN)
  YESTERDAY        0.0           0.0    MM   0.0    0.0      0.0
  MONTH TO DATE    0.0                       0.0    0.0      0.0
  SINCE JUN 1      0.0                       0.0    0.0      0.0
  SINCE JUL 1      0.0                       0.0    0.0      0.0
  SNOW DEPTH       0

DEGREE DAYS
 HEATING
  YESTERDAY        0                         1     -1        0
  MONTH TO DATE   10                        12     -2       19
  SINCE JUN 1     63                        78    -15       85
  SINCE JUL 1     39                        23     16       35

 COOLING
  YESTERDAY        3                         6     -3        0
  MONTH TO DATE   51                        96    -45       38
  SINCE JUN 1    302                       441   -139      397
  SINCE JAN 1    341                       482   -141      470
..................................................................


WIND (MPH)
  RESULTANT WIND SPEED  10   RESULTANT WIND DIRECTION   W (250)
  HIGHEST WIND SPEED    24   HIGHEST WIND DIRECTION     W (260)
  HIGHEST GUST SPEED    30   HIGHEST GUST DIRECTION    SW (220)
  AVERAGE WIND SPEED     9.7


SKY COVER
  AVERAGE SKY COVER 0.3


WEATHER CONDITIONS
 THE FOLLOWING WEATHER WAS RECORDED YESTERDAY.
  LIGHT RAIN
  FOG


RELATIVE HUMIDITY (PERCENT)
 HIGHEST    73           900 PM
 LOWEST     54           200 PM
 AVERAGE    64

..........................................................


THE LANSING MI CLIMATE NORMALS FOR TODAY
                         NORMAL    RECORD    YEAR
 MAXIMUM TEMPERATURE (F)   80        95      1988
 MINIMUM TEMPERATURE (F)   60        36      1864


SUNRISE AND SUNSET
AUGUST 17 2014........SUNRISE   647 AM EDT   SUNSET   837 PM EDT
AUGUST 18 2014........SUNRISE   648 AM EDT   SUNSET   836 PM EDT


-  INDICATES NEGATIVE NUMBERS.
R  INDICATES RECORD WAS SET OR TIED.
MM INDICATES DATA IS MISSING.
T  INDICATES TRACE AMOUNT.




$$
