000
CDUS43 KGRR 201339
CLILAN


CLIMATE REPORT
NATIONAL WEATHER SERVICE GRAND RAPIDS, MI
935 AM EDT WED JUL 20 2016


...................................

...THE LANSING MI CLIMATE SUMMARY FOR JULY 20 2016...
VALID AS OF 0900 AM LOCAL TIME.

CLIMATE NORMAL PERIOD 1981 TO 2010
CLIMATE RECORD PERIOD 1864 TO 2016


WEATHER ITEM   OBSERVED TIME   RECORD YEAR NORMAL DEPARTURE LAST
                VALUE   (LST)  VALUE       VALUE  FROM      YEAR
                                                  NORMAL
..................................................................
TEMPERATURE (F)
 TODAY
  MAXIMUM         72    759 AM  99    1930  83    -11       83
  MINIMUM         62    545 AM  39    1965  61      1       60
  AVERAGE         67                        72     -5       72

PRECIPITATION (IN)
  TODAY            0.00          2.20 1863   0.08  -0.08     0.01
  MONTH TO DATE    1.87                      1.81   0.06     2.39
  SINCE JUN 1      2.46                      5.26  -2.80    11.46
  SINCE JAN 1     15.37                     16.83  -1.46    19.51

SNOWFALL (IN)
  TODAY            0.0           0.0    MM   0.0    0.0      0.0
  MONTH TO DATE    0.0                       0.0    0.0      0.0
  SINCE JUN 1      0.0                       0.0    0.0      0.0
  SINCE JUL 1      0.0                       0.0    0.0      0.0
  SNOW DEPTH       0

DEGREE DAYS
 HEATING
  TODAY            0                         0      0        0
  MONTH TO DATE    3                         2      1       12
  SINCE JUN 1     37                        57    -20       48
  SINCE JUL 1      3                         2      1       12

 COOLING
  TODAY            2                         7     -5        7
  MONTH TO DATE  145                       140      5       83
  SINCE JUN 1    293                       272     21      170
  SINCE JAN 1    355                       313     42      229
..................................................................


WIND (MPH)
  RESULTANT WIND SPEED   5   RESULTANT WIND DIRECTION   S (170)
  HIGHEST WIND SPEED    10   HIGHEST WIND DIRECTION     S (190)
  HIGHEST GUST SPEED    15   HIGHEST GUST DIRECTION     S (170)
  AVERAGE WIND SPEED     5.4


SKY COVER
  AVERAGE SKY COVER 0.0


WEATHER CONDITIONS
 THE FOLLOWING WEATHER WAS RECORDED TODAY.
  NO SIGNIFICANT WEATHER WAS OBSERVED.


RELATIVE HUMIDITY (PERCENT)
 HIGHEST    78           500 AM
 LOWEST     57          1200 AM
 AVERAGE    68

..........................................................


THE LANSING MI CLIMATE NORMALS FOR TOMORROW
                         NORMAL    RECORD    YEAR
 MAXIMUM TEMPERATURE (F)   82        97      1934
 MINIMUM TEMPERATURE (F)   61        38      1974
                                             1869
                                             1864


SUNRISE AND SUNSET
JULY 20 2016..........SUNRISE   618 AM EDT   SUNSET   911 PM EDT
JULY 21 2016..........SUNRISE   619 AM EDT   SUNSET   910 PM EDT


-  INDICATES NEGATIVE NUMBERS.
R  INDICATES RECORD WAS SET OR TIED.
MM INDICATES DATA IS MISSING.
T  INDICATES TRACE AMOUNT.




$$
