000
CDUS43 KGRR 131425
CLILAN


CLIMATE REPORT
NATIONAL WEATHER SERVICE GRAND RAPIDS, MI
924 AM EST MON NOV 13 2017


...................................

...THE LANSING MI CLIMATE SUMMARY FOR NOVEMBER 13 2017...
VALID AS OF 0900 AM LOCAL TIME.

CLIMATE NORMAL PERIOD 1981 TO 2010
CLIMATE RECORD PERIOD 1864 TO 2017


WEATHER ITEM   OBSERVED TIME   RECORD YEAR NORMAL DEPARTURE LAST
                VALUE   (LST)  VALUE       VALUE  FROM      YEAR
                                                  NORMAL
..................................................................
TEMPERATURE (F)
 TODAY
  MAXIMUM         37    859 AM  75    1879  48    -11       57
  MINIMUM         33    130 AM   1    1873  33      0       35
  AVERAGE         35                        41     -6       46

PRECIPITATION (IN)
  TODAY            0.00          0.89 1978   0.10  -0.10     0.00
  MONTH TO DATE    1.61                      1.22   0.39     1.55
  SINCE SEP 1     11.28                      7.25   4.03     8.10
  SINCE JAN 1     36.58                     28.34   8.24    31.58

SNOWFALL (IN)
  TODAY            0.0           3.6  1911   0.1   -0.1      0.0
  MONTH TO DATE    0.2                       0.8   -0.6      0.0
  SINCE SEP 1      0.2                       1.2   -1.0       T
  SINCE JUL 1      0.2                       1.2   -1.0       T
  SNOW DEPTH       0

DEGREE DAYS
 HEATING
  TODAY           30                        24      6       19
  MONTH TO DATE  362                       287     75      189
  SINCE SEP 1    779                       902   -123      579
  SINCE JUL 1    808                       937   -129      582

 COOLING
  TODAY            0                         0      0        0
  MONTH TO DATE    0                         0      0        0
  SINCE SEP 1    148                        68     80      103
  SINCE JAN 1    782                       625    157      869
..................................................................


WIND (MPH)
  RESULTANT WIND SPEED   2   RESULTANT WIND DIRECTION   W (290)
  HIGHEST WIND SPEED     6   HIGHEST WIND DIRECTION     W (270)
  HIGHEST GUST SPEED     8   HIGHEST GUST DIRECTION     W (270)
  AVERAGE WIND SPEED     2.4


SKY COVER
  AVERAGE SKY COVER 1.0


WEATHER CONDITIONS
 THE FOLLOWING WEATHER WAS RECORDED TODAY.
  FOG


RELATIVE HUMIDITY (PERCENT)
 HIGHEST   100          1200 AM
 LOWEST     92           500 AM
 AVERAGE    96

..........................................................


THE LANSING MI CLIMATE NORMALS FOR TOMORROW
                         NORMAL    RECORD    YEAR
 MAXIMUM TEMPERATURE (F)   48        69      1909
 MINIMUM TEMPERATURE (F)   33         4      1873


SUNRISE AND SUNSET
NOVEMBER 13 2017......SUNRISE   728 AM EST   SUNSET   517 PM EST
NOVEMBER 14 2017......SUNRISE   729 AM EST   SUNSET   516 PM EST


-  INDICATES NEGATIVE NUMBERS.
R  INDICATES RECORD WAS SET OR TIED.
MM INDICATES DATA IS MISSING.
T  INDICATES TRACE AMOUNT.




$$
