000
CDUS43 KGRR 190523
CLILAN


CLIMATE REPORT
NATIONAL WEATHER SERVICE GRAND RAPIDS, MI
1222 AM EST THU JAN 19 2017


...................................

...THE LANSING MI CLIMATE SUMMARY FOR JANUARY 18 2017...

CLIMATE NORMAL PERIOD 1981 TO 2010
CLIMATE RECORD PERIOD 1864 TO 2017


WEATHER ITEM   OBSERVED TIME   RECORD YEAR NORMAL DEPARTURE LAST
                VALUE   (LST)  VALUE       VALUE  FROM      YEAR
                                                  NORMAL
..................................................................
TEMPERATURE (F)
 YESTERDAY
  MAXIMUM         39    400 PM  60    1996  30      9       15
  MINIMUM         33   1159 PM -25    1976  16     17        7
  AVERAGE         36                        23     13       11

PRECIPITATION (IN)
  YESTERDAY        0.00          1.58 1949   0.05  -0.05     0.01
  MONTH TO DATE    2.64                      1.04   1.60     1.15
  SINCE DEC 1      4.40                      2.91   1.49     3.87
  SINCE JAN 1      2.64                      1.04   1.60     1.15

SNOWFALL (IN)
  YESTERDAY        0.0           5.5  1913   0.5   -0.5      0.2
  MONTH TO DATE    3.7                       8.2   -4.5      5.9
  SINCE DEC 1     19.8                      21.2   -1.4      7.8
  SINCE JUL 1     19.8                      25.0   -5.2     16.0
  SNOW DEPTH       0

DEGREE DAYS
 HEATING
  YESTERDAY       29                        42    -13       54
  MONTH TO DATE  703                       747    -44      718
  SINCE DEC 1   1845                      1885    -40     1515
  SINCE JUL 1   2820                      3299   -479     2623

 COOLING
  YESTERDAY        0                         0      0        0
  MONTH TO DATE    0                         0      0        0
  SINCE DEC 1      0                         0      0        0
  SINCE JAN 1      0                         0      0        0
..................................................................


WIND (MPH)
  RESULTANT WIND SPEED  11   RESULTANT WIND DIRECTION   W (250)
  HIGHEST WIND SPEED    18   HIGHEST WIND DIRECTION    SW (240)
  HIGHEST GUST SPEED    22   HIGHEST GUST DIRECTION    SW (240)
  AVERAGE WIND SPEED    11.7


SKY COVER
  AVERAGE SKY COVER 1.0


WEATHER CONDITIONS
 THE FOLLOWING WEATHER WAS RECORDED YESTERDAY.
  FOG


RELATIVE HUMIDITY (PERCENT)
 HIGHEST    92           200 AM
 LOWEST     79           400 PM
 AVERAGE    86

..........................................................


THE LANSING MI CLIMATE NORMALS FOR TODAY
                         NORMAL    RECORD    YEAR
 MAXIMUM TEMPERATURE (F)   30        53      1949
 MINIMUM TEMPERATURE (F)   16       -20      1892


SUNRISE AND SUNSET
JANUARY 19 2017.......SUNRISE   804 AM EST   SUNSET   535 PM EST
JANUARY 20 2017.......SUNRISE   803 AM EST   SUNSET   536 PM EST


-  INDICATES NEGATIVE NUMBERS.
R  INDICATES RECORD WAS SET OR TIED.
MM INDICATES DATA IS MISSING.
T  INDICATES TRACE AMOUNT.




$$
