000
CDUS43 KGRR 042123
CLILAN


CLIMATE REPORT
NATIONAL WEATHER SERVICE GRAND RAPIDS, MI
523 PM EDT FRI JUL 4 2014


...................................

...THE LANSING MI CLIMATE SUMMARY FOR JULY 4 2014...
VALID TODAY AS OF 0500 PM LOCAL TIME.

CLIMATE NORMAL PERIOD 1981 TO 2010
CLIMATE RECORD PERIOD 1864 TO 2014


WEATHER ITEM   OBSERVED TIME   RECORD YEAR NORMAL DEPARTURE LAST
                VALUE   (LST)  VALUE       VALUE  FROM      YEAR
                                                  NORMAL
..................................................................
TEMPERATURE (F)
 TODAY
  MAXIMUM         75    357 PM 100    2012  82     -7       78
  MINIMUM         51    551 AM  37    1894  60     -9       61
  AVERAGE         63                        71     -8       70

PRECIPITATION (IN)
  TODAY            0.00          1.80 2005   0.10  -0.10     0.00
  MONTH TO DATE    0.83                      0.38   0.45     0.20
  SINCE JUN 1      7.23                      3.83   3.40     8.60
  SINCE JAN 1     18.44                     15.40   3.04    26.60

SNOWFALL (IN)
  TODAY            0.0           0.0    MM   0.0    0.0      0.0
  MONTH TO DATE    0.0                       0.0    0.0      0.0
  SINCE JUN 1      0.0                       0.0    0.0      0.0
  SINCE JUL 1      0.0                       0.0    0.0      0.0
  SNOW DEPTH       0

DEGREE DAYS
 HEATING
  TODAY            2                         0      2        0
  MONTH TO DATE    5                         2      3        2
  SINCE JUN 1     29                        57    -28       52
  SINCE JUL 1      5                         2      3        2

 COOLING
  TODAY            0                         7     -7        5
  MONTH TO DATE   13                        28    -15       10
  SINCE JUN 1    160                       160      0      143
  SINCE JAN 1    199                       201     -2      216
..................................................................


WIND (MPH)
  RESULTANT WIND SPEED   4   RESULTANT WIND DIRECTION   N (350)
  HIGHEST WIND SPEED    14   HIGHEST WIND DIRECTION     N (360)
  HIGHEST GUST SPEED    20   HIGHEST GUST DIRECTION     N (360)
  AVERAGE WIND SPEED     5.4


SKY COVER
  AVERAGE SKY COVER 0.1


WEATHER CONDITIONS
 THE FOLLOWING WEATHER WAS RECORDED TODAY.
  FOG
  FOG W/VISIBILITY <= 1/4 MILE


RELATIVE HUMIDITY (PERCENT)
 HIGHEST   100           500 AM
 LOWEST     33           200 PM
 AVERAGE    67

..........................................................


THE LANSING MI CLIMATE NORMALS FOR TOMORROW
                         NORMAL    RECORD    YEAR
 MAXIMUM TEMPERATURE (F)   83        99      2012
                                             1988
                                             1911
 MINIMUM TEMPERATURE (F)   60        37      1972


SUNRISE AND SUNSET
JULY  4 2014..........SUNRISE   606 AM EDT   SUNSET   920 PM EDT
JULY  5 2014..........SUNRISE   606 AM EDT   SUNSET   920 PM EDT


-  INDICATES NEGATIVE NUMBERS.
R  INDICATES RECORD WAS SET OR TIED.
MM INDICATES DATA IS MISSING.
T  INDICATES TRACE AMOUNT.




$$
