000
CDUS43 KGRR 141435
CLILAN


CLIMATE REPORT
NATIONAL WEATHER SERVICE GRAND RAPIDS, MI
933 AM EST SUN JAN 14 2018


...................................

...THE LANSING MI CLIMATE SUMMARY FOR JANUARY 14 2018...
VALID AS OF 0900 AM LOCAL TIME.

CLIMATE NORMAL PERIOD 1981 TO 2010
CLIMATE RECORD PERIOD 1864 TO 2018


WEATHER ITEM   OBSERVED TIME   RECORD YEAR NORMAL DEPARTURE LAST
                VALUE   (LST)  VALUE       VALUE  FROM      YEAR
                                                  NORMAL
..................................................................
TEMPERATURE (F)
 TODAY
  MAXIMUM          8   1244 AM  55    1995  30    -22       30
  MINIMUM         -1    736 AM -16    1893  17    -18       20
  AVERAGE          4                        23    -19       25

PRECIPITATION (IN)
  TODAY            0.00          0.85 1940   0.06  -0.06     0.00
  MONTH TO DATE    0.79                      0.83  -0.04     1.81
  SINCE DEC 1      2.11                      2.70  -0.59     3.57
  SINCE JAN 1      0.79                      0.83  -0.04     1.81

SNOWFALL (IN)
  TODAY            0.0           8.0  1910   0.5   -0.5      0.0
  MONTH TO DATE    4.5                       6.4   -1.9      3.7
  SINCE DEC 1     21.9                      19.4    2.5     19.8
  SINCE JUL 1     22.3                      23.2   -0.9     19.8
  SNOW DEPTH       2

DEGREE DAYS
 HEATING
  TODAY           61                        42     19       40
  MONTH TO DATE  655                       579     76      568
  SINCE DEC 1   1918                      1717    201     1710
  SINCE JUL 1   3174                      3131     43     2685

 COOLING
  TODAY            0                         0      0        0
  MONTH TO DATE    0                         0      0        0
  SINCE DEC 1      0                         0      0        0
  SINCE JAN 1      0                         0      0        0
..................................................................


WIND (MPH)
  RESULTANT WIND SPEED   0   RESULTANT WIND DIRECTION  MM
  HIGHEST WIND SPEED     3   HIGHEST WIND DIRECTION     W (280)
  HIGHEST GUST SPEED     4   HIGHEST GUST DIRECTION     W (280)
  AVERAGE WIND SPEED     0.0


SKY COVER
  AVERAGE SKY COVER 0.1


WEATHER CONDITIONS
 THE FOLLOWING WEATHER WAS RECORDED TODAY.
  NO SIGNIFICANT WEATHER WAS OBSERVED.


RELATIVE HUMIDITY (PERCENT)
 HIGHEST    95           500 AM
 LOWEST     79           700 AM
 AVERAGE    87

..........................................................


THE LANSING MI CLIMATE NORMALS FOR TOMORROW
                         NORMAL    RECORD    YEAR
 MAXIMUM TEMPERATURE (F)   30        56      1953
 MINIMUM TEMPERATURE (F)   17       -25      1984


SUNRISE AND SUNSET
JANUARY 14 2018.......SUNRISE   807 AM EST   SUNSET   529 PM EST
JANUARY 15 2018.......SUNRISE   806 AM EST   SUNSET   530 PM EST


-  INDICATES NEGATIVE NUMBERS.
R  INDICATES RECORD WAS SET OR TIED.
MM INDICATES DATA IS MISSING.
T  INDICATES TRACE AMOUNT.




$$

63
