000
CDUS43 KGRR 120517
CLILAN


CLIMATE REPORT
NATIONAL WEATHER SERVICE GRAND RAPIDS, MI
1216 AM EST FRI DEC 12 2014


...................................

...THE LANSING MI CLIMATE SUMMARY FOR DECEMBER 11 2014...

CLIMATE NORMAL PERIOD 1981 TO 2010
CLIMATE RECORD PERIOD 1864 TO 2014


WEATHER ITEM   OBSERVED TIME   RECORD YEAR NORMAL DEPARTURE LAST
                VALUE   (LST)  VALUE       VALUE  FROM      YEAR
                                                  NORMAL
..................................................................
TEMPERATURE (F)
 YESTERDAY
  MAXIMUM         39    311 PM  62    1949  35      4       20
  MINIMUM         18    410 AM -16    1868  24     -6        4
  AVERAGE         29                        30     -1       12

PRECIPITATION (IN)
  YESTERDAY        0.00          1.06 1970   0.06  -0.06     0.03
  MONTH TO DATE    0.15                      0.74  -0.59     0.20
  SINCE DEC 1      0.15                      0.74  -0.59     0.20
  SINCE JAN 1     36.07                     30.64   5.43    39.78

SNOWFALL (IN)
  YESTERDAY        0.0          14.5  2000   0.4   -0.4      1.1
  MONTH TO DATE    0.7                       3.9   -3.2      2.6
  SINCE DEC 1      0.7                       3.9   -3.2      2.6
  SINCE JUL 1      6.9                       7.7   -0.8      3.3
  SNOW DEPTH       0

DEGREE DAYS
 HEATING
  YESTERDAY       36                        35      1       53
  MONTH TO DATE  391                       370     21      414
  SINCE DEC 1    391                       370     21      414
  SINCE JUL 1   1987                      1784    203     1860

 COOLING
  YESTERDAY        0                         0      0        0
  MONTH TO DATE    0                         0      0        0
  SINCE DEC 1      0                         0      0        0
  SINCE JAN 1    488                       625   -137      661
..................................................................


WIND (MPH)
  RESULTANT WIND SPEED  10   RESULTANT WIND DIRECTION   W (280)
  HIGHEST WIND SPEED    18   HIGHEST WIND DIRECTION     W (270)
  HIGHEST GUST SPEED    24   HIGHEST GUST DIRECTION     W (270)
  AVERAGE WIND SPEED    10.4


SKY COVER
  AVERAGE SKY COVER 0.0


WEATHER CONDITIONS
 THE FOLLOWING WEATHER WAS RECORDED YESTERDAY.
  FOG


RELATIVE HUMIDITY (PERCENT)
 HIGHEST    88           900 AM
 LOWEST     52           100 PM
 AVERAGE    70

..........................................................


THE LANSING MI CLIMATE NORMALS FOR TODAY
                         NORMAL    RECORD    YEAR
 MAXIMUM TEMPERATURE (F)   35        62      1949
 MINIMUM TEMPERATURE (F)   23       -24      1895


SUNRISE AND SUNSET
DECEMBER 12 2014......SUNRISE   800 AM EST   SUNSET   505 PM EST
DECEMBER 13 2014......SUNRISE   800 AM EST   SUNSET   505 PM EST


-  INDICATES NEGATIVE NUMBERS.
R  INDICATES RECORD WAS SET OR TIED.
MM INDICATES DATA IS MISSING.
T  INDICATES TRACE AMOUNT.




$$
