488
CDUS43 KGRR 200517
CLILAN


CLIMATE REPORT
NATIONAL WEATHER SERVICE GRAND RAPIDS, MI
117 AM EDT FRI MAY 20 2016


...................................

...THE LANSING MI CLIMATE SUMMARY FOR MAY 19 2016...

CLIMATE NORMAL PERIOD 1981 TO 2010
CLIMATE RECORD PERIOD 1864 TO 2016


WEATHER ITEM   OBSERVED TIME   RECORD YEAR NORMAL DEPARTURE LAST
                VALUE   (LST)  VALUE       VALUE  FROM      YEAR
                                                  NORMAL
..................................................................
TEMPERATURE (F)
 YESTERDAY
  MAXIMUM         71    509 PM  91    1911  70      1       54
  MINIMUM         40    539 AM  26    2002  48     -8       39
                                      1868
  AVERAGE         56                        59     -3       47

PRECIPITATION (IN)
  YESTERDAY        0.00          1.60 1957   0.11  -0.11     0.00
  MONTH TO DATE    2.66                      2.00   0.66     2.16
  SINCE MAR 1      9.42                      7.09   2.33     4.19
  SINCE JAN 1     12.58                     10.21   2.37     6.44

SNOWFALL (IN)
  YESTERDAY        0.0           0.0    MM   0.0    0.0      0.0
  MONTH TO DATE    T                         0.0    0.0      0.0
  SINCE MAR 1     16.4                       8.9    7.5      1.9
  SINCE JUL 1     50.0                      51.1   -1.1     35.6
  SNOW DEPTH       0

DEGREE DAYS
 HEATING
  YESTERDAY        9                         8      1       18
  MONTH TO DATE  226                       188     38      107
  SINCE MAR 1   1591                      1651    -60     1619
  SINCE JUL 1   5751                      6586   -835     7113

 COOLING
  YESTERDAY        0                         1     -1        0
  MONTH TO DATE    0                        13    -13       31
  SINCE MAR 1      1                        20    -19       31
  SINCE JAN 1      1                        20    -19       31
..................................................................


WIND (MPH)
  RESULTANT WIND SPEED   1   RESULTANT WIND DIRECTION   N (350)
  HIGHEST WIND SPEED    10   HIGHEST WIND DIRECTION    NW (320)
  HIGHEST GUST SPEED    15   HIGHEST GUST DIRECTION     N (10)
  AVERAGE WIND SPEED     2.2


SKY COVER
  AVERAGE SKY COVER 0.0


WEATHER CONDITIONS
 THE FOLLOWING WEATHER WAS RECORDED YESTERDAY.
  FOG


RELATIVE HUMIDITY (PERCENT)
 HIGHEST    86           500 AM
 LOWEST     26           700 PM
 AVERAGE    56

..........................................................


THE LANSING MI CLIMATE NORMALS FOR TODAY
                         NORMAL    RECORD    YEAR
 MAXIMUM TEMPERATURE (F)   70        93      1977
 MINIMUM TEMPERATURE (F)   48        25      1895


SUNRISE AND SUNSET
MAY 20 2016...........SUNRISE   611 AM EDT   SUNSET   900 PM EDT
MAY 21 2016...........SUNRISE   610 AM EDT   SUNSET   901 PM EDT


-  INDICATES NEGATIVE NUMBERS.
R  INDICATES RECORD WAS SET OR TIED.
MM INDICATES DATA IS MISSING.
T  INDICATES TRACE AMOUNT.




$$
