000
CDUS43 KGRR 110517
CLILAN


CLIMATE REPORT
NATIONAL WEATHER SERVICE GRAND RAPIDS, MI
117 AM EDT THU SEP 11 2014


...................................

...THE LANSING MI CLIMATE SUMMARY FOR SEPTEMBER 10 2014...

CLIMATE NORMAL PERIOD 1981 TO 2010
CLIMATE RECORD PERIOD 1864 TO 2014


WEATHER ITEM   OBSERVED TIME   RECORD YEAR NORMAL DEPARTURE LAST
                VALUE   (LST)  VALUE       VALUE  FROM      YEAR
                                                  NORMAL
..................................................................
TEMPERATURE (F)
 YESTERDAY
  MAXIMUM         76    610 PM  93    1978  75      1       92
                                      1895
                                      1874
  MINIMUM         57   1159 PM  32    1867  54      3       74
  AVERAGE         67                        64      3       83

PRECIPITATION (IN)
  YESTERDAY        0.34          2.17 1878   0.11   0.23      T
  MONTH TO DATE    1.34                      1.12   0.22     0.56
  SINCE SEP 1      1.34                      1.12   0.22     0.56
  SINCE JAN 1     28.56                     22.21   6.35    33.48

SNOWFALL (IN)
  YESTERDAY        0.0           0.0    MM   0.0    0.0      0.0
  MONTH TO DATE    0.0                       0.0    0.0      0.0
  SINCE SEP 1      0.0                       0.0    0.0      0.0
  SINCE JUL 1      0.0                       0.0    0.0      0.0
  SNOW DEPTH       0

DEGREE DAYS
 HEATING
  YESTERDAY        0                         3     -3        0
  MONTH TO DATE    3                        24    -21        7
  SINCE SEP 1      3                        24    -21        7
  SINCE JUL 1     43                        59    -16       42

 COOLING
  YESTERDAY        2                         3     -1       18
  MONTH TO DATE   41                        33      8       41
  SINCE SEP 1     41                        33      8       41
  SINCE JAN 1    486                       590   -104      629
..................................................................


WIND (MPH)
  RESULTANT WIND SPEED   9   RESULTANT WIND DIRECTION   S (180)
  HIGHEST WIND SPEED    28   HIGHEST WIND DIRECTION     W (270)
  HIGHEST GUST SPEED    36   HIGHEST GUST DIRECTION     W (280)
  AVERAGE WIND SPEED    13.4


SKY COVER
  AVERAGE SKY COVER 0.8


WEATHER CONDITIONS
 THE FOLLOWING WEATHER WAS RECORDED YESTERDAY.
  HEAVY RAIN
  RAIN
  LIGHT RAIN
  FOG


RELATIVE HUMIDITY (PERCENT)
 HIGHEST    93          1200 PM
 LOWEST     68          1200 AM
 AVERAGE    81

..........................................................


THE LANSING MI CLIMATE NORMALS FOR TODAY
                         NORMAL    RECORD    YEAR
 MAXIMUM TEMPERATURE (F)   75        95      1874
 MINIMUM TEMPERATURE (F)   53        32      1898
                                             1870


SUNRISE AND SUNSET
SEPTEMBER 11 2014.....SUNRISE   714 AM EDT   SUNSET   755 PM EDT
SEPTEMBER 12 2014.....SUNRISE   715 AM EDT   SUNSET   754 PM EDT


-  INDICATES NEGATIVE NUMBERS.
R  INDICATES RECORD WAS SET OR TIED.
MM INDICATES DATA IS MISSING.
T  INDICATES TRACE AMOUNT.




$$
