000
CDUS43 KGRR 170516
CLILAN


CLIMATE REPORT
NATIONAL WEATHER SERVICE GRAND RAPIDS, MI
115 AM EDT SUN SEP 17 2017


...................................

...THE LANSING MI CLIMATE SUMMARY FOR SEPTEMBER 16 2017...

CLIMATE NORMAL PERIOD 1981 TO 2010
CLIMATE RECORD PERIOD 1864 TO 2017


WEATHER ITEM   OBSERVED TIME   RECORD YEAR NORMAL DEPARTURE LAST
                VALUE   (LST)  VALUE       VALUE  FROM      YEAR
                                                  NORMAL
..................................................................
TEMPERATURE (F)
 YESTERDAY
  MAXIMUM         84    438 PM  92    1939  73     11       79
  MINIMUM         59    624 AM  24    1868  51      8       53
  AVERAGE         72                        62     10       66

PRECIPITATION (IN)
  YESTERDAY        0.00          2.28 2010   0.13  -0.13     0.00
  MONTH TO DATE    0.29                      1.82  -1.53     0.79
  SINCE SEP 1      0.29                      1.82  -1.53     0.79
  SINCE JAN 1     25.59                     22.91   2.68    24.27

SNOWFALL (IN)
  YESTERDAY        0.0           0.0    MM   0.0    0.0      0.0
  MONTH TO DATE    0.0                       0.0    0.0      0.0
  SINCE SEP 1      0.0                       0.0    0.0      0.0
  SINCE JUL 1      0.0                       0.0    0.0      0.0
  SNOW DEPTH       0

DEGREE DAYS
 HEATING
  YESTERDAY        0                         5     -5        0
  MONTH TO DATE   75                        50     25       10
  SINCE SEP 1     75                        50     25       10
  SINCE JUL 1    104                        85     19       13

 COOLING
  YESTERDAY        7                         2      5        1
  MONTH TO DATE   20                        45    -25       62
  SINCE SEP 1     20                        45    -25       62
  SINCE JAN 1    654                       602     52      828
..................................................................


WIND (MPH)
  RESULTANT WIND SPEED   6   RESULTANT WIND DIRECTION   S (180)
  HIGHEST WIND SPEED    15   HIGHEST WIND DIRECTION     S (190)
  HIGHEST GUST SPEED    20   HIGHEST GUST DIRECTION     W (270)
  AVERAGE WIND SPEED     6.4


SKY COVER
  AVERAGE SKY COVER 0.0


WEATHER CONDITIONS
 THE FOLLOWING WEATHER WAS RECORDED YESTERDAY.
  NO SIGNIFICANT WEATHER WAS OBSERVED.


RELATIVE HUMIDITY (PERCENT)
 HIGHEST    90           400 AM
 LOWEST     40           300 PM
 AVERAGE    65

..........................................................


THE LANSING MI CLIMATE NORMALS FOR TODAY
                         NORMAL    RECORD    YEAR
 MAXIMUM TEMPERATURE (F)   72        93      1955
                                             1906
 MINIMUM TEMPERATURE (F)   51        26      1875
                                             1868


SUNRISE AND SUNSET
SEPTEMBER 17 2017.....SUNRISE   721 AM EDT   SUNSET   744 PM EDT
SEPTEMBER 18 2017.....SUNRISE   722 AM EDT   SUNSET   742 PM EDT


-  INDICATES NEGATIVE NUMBERS.
R  INDICATES RECORD WAS SET OR TIED.
MM INDICATES DATA IS MISSING.
T  INDICATES TRACE AMOUNT.




$$
