000
CDUS43 KGRR 200527
CLILAN


CLIMATE REPORT
NATIONAL WEATHER SERVICE GRAND RAPIDS, MI
126 AM EDT THU APR 20 2017


...................................

...THE LANSING MI CLIMATE SUMMARY FOR APRIL 19 2017...

CLIMATE NORMAL PERIOD 1981 TO 2010
CLIMATE RECORD PERIOD 1864 TO 2017


WEATHER ITEM   OBSERVED TIME   RECORD YEAR NORMAL DEPARTURE LAST
                VALUE   (LST)  VALUE       VALUE  FROM      YEAR
                                                  NORMAL
..................................................................
TEMPERATURE (F)
 YESTERDAY
  MAXIMUM         74    146 PM  81    2005  59     15       62
                                      1985
                                      1958
  MINIMUM         51   1159 PM  14    1897  38     13       43
  AVERAGE         63                        49     14       53

PRECIPITATION (IN)
  YESTERDAY        0.11          2.46 1877   0.11   0.00     0.01
  MONTH TO DATE    2.78                      1.95   0.83     1.28
  SINCE MAR 1      6.41                      4.01   2.40     5.53
  SINCE JAN 1     12.69                      7.13   5.56     8.69

SNOWFALL (IN)
  YESTERDAY        0.0           1.8  1943   0.0    0.0      0.0
  MONTH TO DATE    0.4                       1.6   -1.2      7.5
  SINCE MAR 1      2.6                       8.6   -6.0     16.4
  SINCE JUL 1     30.2                      50.8  -20.6     50.0
  SNOW DEPTH       0

DEGREE DAYS
 HEATING
  YESTERDAY        2                        16    -14       12
  MONTH TO DATE  257                       376   -119      437
  SINCE MAR 1   1182                      1305   -123     1200
  SINCE JUL 1   5227                      6240  -1013     5360

 COOLING
  YESTERDAY        0                         0      0        0
  MONTH TO DATE    2                         0      2        1
  SINCE MAR 1      2                         1      1        1
  SINCE JAN 1      2                         1      1        1
..................................................................


WIND (MPH)
  RESULTANT WIND SPEED   5   RESULTANT WIND DIRECTION  SW (230)
  HIGHEST WIND SPEED    20   HIGHEST WIND DIRECTION     W (270)
  HIGHEST GUST SPEED    24   HIGHEST GUST DIRECTION     W (260)
  AVERAGE WIND SPEED    10.4


SKY COVER
  AVERAGE SKY COVER 0.7


WEATHER CONDITIONS
 THE FOLLOWING WEATHER WAS RECORDED YESTERDAY.
  RAIN
  LIGHT RAIN


RELATIVE HUMIDITY (PERCENT)
 HIGHEST    84           800 PM
 LOWEST     47          1200 AM
 AVERAGE    66

..........................................................


THE LANSING MI CLIMATE NORMALS FOR TODAY
                         NORMAL    RECORD    YEAR
 MAXIMUM TEMPERATURE (F)   60        82      1987
 MINIMUM TEMPERATURE (F)   39        18      1904
                                             1875


SUNRISE AND SUNSET
APRIL 20 2017.........SUNRISE   649 AM EDT   SUNSET   827 PM EDT
APRIL 21 2017.........SUNRISE   647 AM EDT   SUNSET   828 PM EDT


-  INDICATES NEGATIVE NUMBERS.
R  INDICATES RECORD WAS SET OR TIED.
MM INDICATES DATA IS MISSING.
T  INDICATES TRACE AMOUNT.




$$

jam
