000
CDUS43 KGRR 250528
CLILAN


CLIMATE REPORT
NATIONAL WEATHER SERVICE GRAND RAPIDS, MI
128 AM EDT MON AUG 25 2014


...................................

...THE LANSING MI CLIMATE SUMMARY FOR AUGUST 24 2014...

CLIMATE NORMAL PERIOD 1981 TO 2010
CLIMATE RECORD PERIOD 1864 TO 2014


WEATHER ITEM   OBSERVED TIME   RECORD YEAR NORMAL DEPARTURE LAST
                VALUE   (LST)  VALUE       VALUE  FROM      YEAR
                                                  NORMAL
..................................................................
TEMPERATURE (F)
 YESTERDAY
  MAXIMUM         81    324 PM  97    1948  79      2       83
  MINIMUM         63    522 AM  34    1866  59      4       55
  AVERAGE         72                        69      3       69

PRECIPITATION (IN)
  YESTERDAY        0.00          2.84 1895   0.09  -0.09     0.00
  MONTH TO DATE    3.93                      2.50   1.43     1.34
  SINCE JUN 1     15.19                      8.79   6.40    11.49
  SINCE JAN 1     26.40                     20.36   6.04    29.49

SNOWFALL (IN)
  YESTERDAY        0.0           0.0    MM   0.0    0.0      0.0
  MONTH TO DATE    0.0                       0.0    0.0      0.0
  SINCE JUN 1      0.0                       0.0    0.0      0.0
  SINCE JUL 1      0.0                       0.0    0.0      0.0
  SNOW DEPTH       0

DEGREE DAYS
 HEATING
  YESTERDAY        0                         1     -1        0
  MONTH TO DATE   10                        20    -10       19
  SINCE JUN 1     63                        86    -23       85
  SINCE JUL 1     39                        31      8       35

 COOLING
  YESTERDAY        7                         5      2        4
  MONTH TO DATE  105                       137    -32       79
  SINCE JUN 1    356                       482   -126      438
  SINCE JAN 1    395                       523   -128      511
..................................................................


WIND (MPH)
  RESULTANT WIND SPEED   6   RESULTANT WIND DIRECTION   E (90)
  HIGHEST WIND SPEED    13   HIGHEST WIND DIRECTION     E (110)
  HIGHEST GUST SPEED    22   HIGHEST GUST DIRECTION     N (20)
  AVERAGE WIND SPEED     6.8


SKY COVER
  AVERAGE SKY COVER 0.6


WEATHER CONDITIONS
 THE FOLLOWING WEATHER WAS RECORDED YESTERDAY.
  FOG
  HAZE


RELATIVE HUMIDITY (PERCENT)
 HIGHEST    93          1200 AM
 LOWEST     58           300 PM
 AVERAGE    76

..........................................................


THE LANSING MI CLIMATE NORMALS FOR TODAY
                         NORMAL    RECORD    YEAR
 MAXIMUM TEMPERATURE (F)   79        96      1948
 MINIMUM TEMPERATURE (F)   58        38      1977


SUNRISE AND SUNSET
AUGUST 25 2014........SUNRISE   655 AM EDT   SUNSET   825 PM EDT
AUGUST 26 2014........SUNRISE   657 AM EDT   SUNSET   823 PM EDT


-  INDICATES NEGATIVE NUMBERS.
R  INDICATES RECORD WAS SET OR TIED.
MM INDICATES DATA IS MISSING.
T  INDICATES TRACE AMOUNT.




$$
