000
CDUS43 KGRR 150614
CLILAN


CLIMATE REPORT
NATIONAL WEATHER SERVICE GRAND RAPIDS, MI
113 AM EST THU FEB 15 2018


...................................

...THE LANSING MI CLIMATE SUMMARY FOR FEBRUARY 14 2018...

CLIMATE NORMAL PERIOD 1981 TO 2010
CLIMATE RECORD PERIOD 1864 TO 2018


WEATHER ITEM   OBSERVED TIME   RECORD YEAR NORMAL DEPARTURE LAST
                VALUE   (LST)  VALUE       VALUE  FROM      YEAR
                                                  NORMAL
..................................................................
TEMPERATURE (F)
 YESTERDAY
  MAXIMUM         44    525 PM  52    1918  33     11       45
  MINIMUM         23    504 AM -21    1875  18      5       31
  AVERAGE         34                        26      8       38

PRECIPITATION (IN)
  YESTERDAY        0.00          1.50 1869   0.05  -0.05     0.06
  MONTH TO DATE    1.35                      0.66   0.69     1.04
  SINCE DEC 1      4.65                      4.18   0.47     6.45
  SINCE JAN 1      3.33                      2.31   1.02     4.69

SNOWFALL (IN)
  YESTERDAY        0.0           4.2  2009   0.4   -0.4      0.4
  MONTH TO DATE   14.9                       6.0    8.9      2.3
  SINCE DEC 1     44.5                      32.8   11.7     27.5
  SINCE JUL 1     44.9                      36.6    8.3     27.5
  SNOW DEPTH     100

DEGREE DAYS
 HEATING
  YESTERDAY       31                        39     -8       27
  MONTH TO DATE  648                       567     81      508
  SINCE DEC 1   3167                      2993    174     2758
  SINCE JUL 1   4423                      4407     16     3733

 COOLING
  YESTERDAY        0                         0      0        0
  MONTH TO DATE    0                         0      0        0
  SINCE DEC 1      0                         0      0        0
  SINCE JAN 1      0                         0      0        0
..................................................................


WIND (MPH)
  RESULTANT WIND SPEED  12   RESULTANT WIND DIRECTION  SW (210)
  HIGHEST WIND SPEED    18   HIGHEST WIND DIRECTION    SW (210)
  HIGHEST GUST SPEED    25   HIGHEST GUST DIRECTION     S (200)
  AVERAGE WIND SPEED    11.9


SKY COVER
  AVERAGE SKY COVER 0.2


WEATHER CONDITIONS
 THE FOLLOWING WEATHER WAS RECORDED YESTERDAY.
  FOG
  HAZE


RELATIVE HUMIDITY (PERCENT)
 HIGHEST   100          1000 PM
 LOWEST     58           400 PM
 AVERAGE    79

..........................................................


THE LANSING MI CLIMATE NORMALS FOR TODAY
                         NORMAL    RECORD    YEAR
 MAXIMUM TEMPERATURE (F)   33        60      1976
                                             1954
 MINIMUM TEMPERATURE (F)   18       -24      1866


SUNRISE AND SUNSET
FEBRUARY 15 2018......SUNRISE   735 AM EST   SUNSET   610 PM EST
FEBRUARY 16 2018......SUNRISE   734 AM EST   SUNSET   611 PM EST


-  INDICATES NEGATIVE NUMBERS.
R  INDICATES RECORD WAS SET OR TIED.
MM INDICATES DATA IS MISSING.
T  INDICATES TRACE AMOUNT.




$$
