000
CDUS43 KGRR 232124
CLILAN


CLIMATE REPORT
NATIONAL WEATHER SERVICE GRAND RAPIDS, MI
524 PM EDT THU JUL 23 2015


...................................

...THE LANSING MI CLIMATE SUMMARY FOR JULY 23 2015...
VALID TODAY AS OF 0500 PM LOCAL TIME.

CLIMATE NORMAL PERIOD 1981 TO 2010
CLIMATE RECORD PERIOD 1864 TO 2015


WEATHER ITEM   OBSERVED TIME   RECORD YEAR NORMAL DEPARTURE LAST
                VALUE   (LST)  VALUE       VALUE  FROM      YEAR
                                                  NORMAL
..................................................................
TEMPERATURE (F)
 TODAY
  MAXIMUM         84    338 PM  97    2012  82      2       78
  MINIMUM         57    424 AM  43    1985  61     -4       59
  AVERAGE         71                        72     -1       69

PRECIPITATION (IN)
  TODAY            0.00          2.12 2009   0.09  -0.09      T
  MONTH TO DATE    2.39                      2.08   0.31     4.40
  SINCE JUN 1     11.46                      5.53   5.93    10.80
  SINCE JAN 1     19.51                     17.10   2.41    22.01

SNOWFALL (IN)
  TODAY            0.0           0.0    MM   0.0    0.0      0.0
  MONTH TO DATE    0.0                       0.0    0.0      0.0
  SINCE JUN 1      0.0                       0.0    0.0      0.0
  SINCE JUL 1      0.0                       0.0    0.0      0.0
  SNOW DEPTH       0

DEGREE DAYS
 HEATING
  TODAY            0                         0      0        0
  MONTH TO DATE   12                         2     10       17
  SINCE JUN 1     48                        57     -9       41
  SINCE JUL 1     12                         2     10       17

 COOLING
  TODAY            6                         7     -1        4
  MONTH TO DATE   96                       161    -65       93
  SINCE JUN 1    183                       293   -110      240
  SINCE JAN 1    242                       334    -92      279
..................................................................


WIND (MPH)
  RESULTANT WIND SPEED   4   RESULTANT WIND DIRECTION   W (270)
  HIGHEST WIND SPEED    16   HIGHEST WIND DIRECTION     W (260)
  HIGHEST GUST SPEED    23   HIGHEST GUST DIRECTION     W (250)
  AVERAGE WIND SPEED     4.5


SKY COVER
  AVERAGE SKY COVER 0.2


WEATHER CONDITIONS
 THE FOLLOWING WEATHER WAS RECORDED TODAY.
  NO SIGNIFICANT WEATHER WAS OBSERVED.


RELATIVE HUMIDITY (PERCENT)
 HIGHEST    90           600 AM
 LOWEST     47          1000 AM
 AVERAGE    69

..........................................................


THE LANSING MI CLIMATE NORMALS FOR TOMORROW
                         NORMAL    RECORD    YEAR
 MAXIMUM TEMPERATURE (F)   82       102      1934
 MINIMUM TEMPERATURE (F)   61        43      1891


SUNRISE AND SUNSET
JULY 23 2015..........SUNRISE   621 AM EDT   SUNSET   909 PM EDT
JULY 24 2015..........SUNRISE   622 AM EDT   SUNSET   908 PM EDT


-  INDICATES NEGATIVE NUMBERS.
R  INDICATES RECORD WAS SET OR TIED.
MM INDICATES DATA IS MISSING.
T  INDICATES TRACE AMOUNT.




$$
