000
CDUS43 KGRR 092234
CLILAN


CLIMATE REPORT
NATIONAL WEATHER SERVICE GRAND RAPIDS, MI
533 PM EST THU FEB 9 2017


...................................

...THE LANSING MI CLIMATE SUMMARY FOR FEBRUARY 9 2017...
VALID TODAY AS OF 0500 PM LOCAL TIME.

CLIMATE NORMAL PERIOD 1981 TO 2010
CLIMATE RECORD PERIOD 1864 TO 2017


WEATHER ITEM   OBSERVED TIME   RECORD YEAR NORMAL DEPARTURE LAST
                VALUE   (LST)  VALUE       VALUE  FROM      YEAR
                                                  NORMAL
..................................................................
TEMPERATURE (F)
 TODAY
  MAXIMUM         20    410 PM  53    1990  32    -12       33
                                      1966
  MINIMUM         15    916 AM -32    1875  18     -3       22
  AVERAGE         18                        25     -7       28

PRECIPITATION (IN)
  TODAY            T             1.07 2001   0.05  -0.05     0.07
  MONTH TO DATE    0.78                      0.41   0.37     0.70
  SINCE DEC 1      6.19                      3.93   2.26     4.87
  SINCE JAN 1      4.43                      2.06   2.37     2.15

SNOWFALL (IN)
  TODAY            0.1           5.0  2010   0.4   -0.3      0.8
                                      1901
  MONTH TO DATE    1.9                       3.9   -2.0      3.3
  SINCE DEC 1     27.1                      30.7   -3.6     13.0
  SINCE JUL 1     27.1                      34.5   -7.4     21.2
  SNOW DEPTH       T

DEGREE DAYS
 HEATING
  TODAY           47                        40      7       37
  MONTH TO DATE  357                       368    -11      296
  SINCE DEC 1   2607                      2794   -187     2304
  SINCE JUL 1   3582                      4208   -626     3412

 COOLING
  TODAY            0                         0      0        0
  MONTH TO DATE    0                         0      0        0
  SINCE DEC 1      0                         0      0        0
  SINCE JAN 1      0                         0      0        0
..................................................................


WIND (MPH)
  RESULTANT WIND SPEED  14   RESULTANT WIND DIRECTION   W (290)
  HIGHEST WIND SPEED    26   HIGHEST WIND DIRECTION     W (270)
  HIGHEST GUST SPEED    32   HIGHEST GUST DIRECTION     W (260)
  AVERAGE WIND SPEED    14.3


SKY COVER
  AVERAGE SKY COVER 0.9


WEATHER CONDITIONS
 THE FOLLOWING WEATHER WAS RECORDED TODAY.
  LIGHT SNOW


RELATIVE HUMIDITY (PERCENT)
 HIGHEST    67          1200 AM
 LOWEST     49           200 PM
 AVERAGE    58

..........................................................


THE LANSING MI CLIMATE NORMALS FOR TOMORROW
                         NORMAL    RECORD    YEAR
 MAXIMUM TEMPERATURE (F)   32        60      2009
 MINIMUM TEMPERATURE (F)   18       -28      1868


SUNRISE AND SUNSET
FEBRUARY  9 2017......SUNRISE   743 AM EST   SUNSET   603 PM EST
FEBRUARY 10 2017......SUNRISE   742 AM EST   SUNSET   604 PM EST


-  INDICATES NEGATIVE NUMBERS.
R  INDICATES RECORD WAS SET OR TIED.
MM INDICATES DATA IS MISSING.
T  INDICATES TRACE AMOUNT.




$$
