000
CDUS43 KGRR 150516
CLILAN


CLIMATE REPORT
NATIONAL WEATHER SERVICE GRAND RAPIDS, MI
116 AM EDT SAT APR 15 2017


...................................

...THE LANSING MI CLIMATE SUMMARY FOR APRIL 14 2017...

CLIMATE NORMAL PERIOD 1981 TO 2010
CLIMATE RECORD PERIOD 1864 TO 2017


WEATHER ITEM   OBSERVED TIME   RECORD YEAR NORMAL DEPARTURE LAST
                VALUE   (LST)  VALUE       VALUE  FROM      YEAR
                                                  NORMAL
..................................................................
TEMPERATURE (F)
 YESTERDAY
  MAXIMUM         66    310 PM  83    1883  57      9       60
  MINIMUM         40    414 AM  19    1885  37      3       31
  AVERAGE         53                        47      6       46

PRECIPITATION (IN)
  YESTERDAY        T             1.40 1968   0.10  -0.10     0.00
  MONTH TO DATE    2.57                      1.41   1.16     1.27
  SINCE MAR 1      6.20                      3.47   2.73     5.52
  SINCE JAN 1     12.48                      6.59   5.89     8.68

SNOWFALL (IN)
  YESTERDAY        0.0           1.5  1939   0.0    0.0      0.0
  MONTH TO DATE    0.4                       1.3   -0.9      7.5
  SINCE MAR 1      2.6                       8.3   -5.7     16.4
  SINCE JUL 1     30.2                      50.5  -20.3     50.0
  SNOW DEPTH       0

DEGREE DAYS
 HEATING
  YESTERDAY       12                        18     -6       19
  MONTH TO DATE  229                       291    -62      400
  SINCE MAR 1   1154                      1220    -66     1163
  SINCE JUL 1   5199                      6155   -956     5323

 COOLING
  YESTERDAY        0                         0      0        0
  MONTH TO DATE    1                         0      1        0
  SINCE MAR 1      1                         1      0        0
  SINCE JAN 1      1                         1      0        0
..................................................................


WIND (MPH)
  RESULTANT WIND SPEED   9   RESULTANT WIND DIRECTION   E (110)
  HIGHEST WIND SPEED    18   HIGHEST WIND DIRECTION     S (160)
  HIGHEST GUST SPEED    24   HIGHEST GUST DIRECTION     E (110)
  AVERAGE WIND SPEED     9.8


SKY COVER
  AVERAGE SKY COVER 0.4


WEATHER CONDITIONS
 THE FOLLOWING WEATHER WAS RECORDED YESTERDAY.
  NO SIGNIFICANT WEATHER WAS OBSERVED.


RELATIVE HUMIDITY (PERCENT)
 HIGHEST    76           300 AM
 LOWEST     34           100 PM
 AVERAGE    55

..........................................................


THE LANSING MI CLIMATE NORMALS FOR TODAY
                         NORMAL    RECORD    YEAR
 MAXIMUM TEMPERATURE (F)   58        84      2003
                                             2002
 MINIMUM TEMPERATURE (F)   37        14      1875


SUNRISE AND SUNSET
APRIL 15 2017.........SUNRISE   656 AM EDT   SUNSET   821 PM EDT
APRIL 16 2017.........SUNRISE   655 AM EDT   SUNSET   822 PM EDT


-  INDICATES NEGATIVE NUMBERS.
R  INDICATES RECORD WAS SET OR TIED.
MM INDICATES DATA IS MISSING.
T  INDICATES TRACE AMOUNT.




$$
