000
CDUS43 KGRR 242129
CLILAN


CLIMATE REPORT
NATIONAL WEATHER SERVICE GRAND RAPIDS, MI
529 PM EDT WED JUN 24 2015


...................................

...THE LANSING MI CLIMATE SUMMARY FOR JUNE 24 2015...
VALID TODAY AS OF 0500 PM LOCAL TIME.

CLIMATE NORMAL PERIOD 1981 TO 2010
CLIMATE RECORD PERIOD 1864 TO 2015


WEATHER ITEM   OBSERVED TIME   RECORD YEAR NORMAL DEPARTURE LAST
                VALUE   (LST)  VALUE       VALUE  FROM      YEAR
                                                  NORMAL
..................................................................
TEMPERATURE (F)
 TODAY
  MAXIMUM         80    227 PM  96    1870  81     -1       78
  MINIMUM         54    534 AM  41    1932  59     -5       67
  AVERAGE         67                        70     -3       73

PRECIPITATION (IN)
  TODAY            0.00          2.50 1898   0.11  -0.11     0.47
  MONTH TO DATE    8.38                      2.81   5.57     6.35
  SINCE JUN 1      8.38                      2.81   5.57     6.35
  SINCE JAN 1     16.43                     14.38   2.05    17.56

SNOWFALL (IN)
  TODAY            0.0           0.0    MM   0.0    0.0      0.0
  MONTH TO DATE    0.0                       0.0    0.0      0.0
  SINCE JUN 1      0.0                       0.0    0.0      0.0
  SINCE JUL 1     35.6                      51.1  -15.5     69.1
  SNOW DEPTH       0

DEGREE DAYS
 HEATING
  TODAY            0                         1     -1        0
  MONTH TO DATE   32                        51    -19       24
  SINCE JUN 1     32                        51    -19       24
  SINCE JUL 1   7207                      6708    499     7543

 COOLING
  TODAY            2                         6     -4        8
  MONTH TO DATE   77                        94    -17      100
  SINCE JUN 1     77                        94    -17      100
  SINCE JAN 1    136                       135      1      139
..................................................................


WIND (MPH)
  RESULTANT WIND SPEED   4   RESULTANT WIND DIRECTION   W (260)
  HIGHEST WIND SPEED    12   HIGHEST WIND DIRECTION     W (250)
  HIGHEST GUST SPEED    18   HIGHEST GUST DIRECTION     W (280)
  AVERAGE WIND SPEED     4.2


SKY COVER
  AVERAGE SKY COVER 0.1


WEATHER CONDITIONS
 THE FOLLOWING WEATHER WAS RECORDED TODAY.
  NO SIGNIFICANT WEATHER WAS OBSERVED.


RELATIVE HUMIDITY (PERCENT)
 HIGHEST    93           300 AM
 LOWEST     42           100 PM
 AVERAGE    68

..........................................................


THE LANSING MI CLIMATE NORMALS FOR TOMORROW
                         NORMAL    RECORD    YEAR
 MAXIMUM TEMPERATURE (F)   81        99      1988
                                             1895
                                             1870
 MINIMUM TEMPERATURE (F)   59        38      1979


SUNRISE AND SUNSET
JUNE 24 2015..........SUNRISE   601 AM EDT   SUNSET   921 PM EDT
JUNE 25 2015..........SUNRISE   601 AM EDT   SUNSET   921 PM EDT


-  INDICATES NEGATIVE NUMBERS.
R  INDICATES RECORD WAS SET OR TIED.
MM INDICATES DATA IS MISSING.
T  INDICATES TRACE AMOUNT.




$$
