032
CDUS43 KGRR 110525
CLILAN


CLIMATE REPORT
NATIONAL WEATHER SERVICE GRAND RAPIDS, MI
124 AM EDT MON MAY 11 2015


...................................

...THE LANSING MI CLIMATE SUMMARY FOR MAY 10 2015...

CLIMATE NORMAL PERIOD 1981 TO 2010
CLIMATE RECORD PERIOD 1864 TO 2015


WEATHER ITEM   OBSERVED TIME   RECORD YEAR NORMAL DEPARTURE LAST
                VALUE   (LST)  VALUE       VALUE  FROM      YEAR
                                                  NORMAL
..................................................................
TEMPERATURE (F)
 YESTERDAY
  MAXIMUM         64   1138 AM  91    1895  67     -3       69
  MINIMUM         51   1159 PM  19    1966  45      6       47
  AVERAGE         58                        56      2       58

PRECIPITATION (IN)
  YESTERDAY        0.37          1.72 1981   0.11   0.26     0.00
  MONTH TO DATE    0.97                      1.04  -0.07     0.79
  SINCE MAR 1      3.00                      6.13  -3.13     3.84
  SINCE JAN 1      5.25                      9.25  -4.00     7.76

SNOWFALL (IN)
  YESTERDAY        0.0           2.0  1902   0.0    0.0      0.0
  MONTH TO DATE    0.0                       0.0    0.0      0.0
  SINCE MAR 1      1.9                       8.9   -7.0     11.1
  SINCE JUL 1     35.6                      51.1  -15.5     69.1
  SNOW DEPTH       0

DEGREE DAYS
 HEATING
  YESTERDAY        7                        10     -3        7
  MONTH TO DATE   36                       110    -74      118
  SINCE MAR 1   1548                      1573    -25     1862
  SINCE JUL 1   7042                      6508    534     7403

 COOLING
  YESTERDAY        0                         1     -1        0
  MONTH TO DATE   18                         4     14        3
  SINCE MAR 1     18                        11      7        3
  SINCE JAN 1     18                        11      7        3
..................................................................


WIND (MPH)
  RESULTANT WIND SPEED   8   RESULTANT WIND DIRECTION  NE (50)
  HIGHEST WIND SPEED    13   HIGHEST WIND DIRECTION    NE (30)
  HIGHEST GUST SPEED    16   HIGHEST GUST DIRECTION    NE (30)
  AVERAGE WIND SPEED     7.8


SKY COVER
  AVERAGE SKY COVER 1.0


WEATHER CONDITIONS
 THE FOLLOWING WEATHER WAS RECORDED YESTERDAY.
  HEAVY RAIN
  LIGHT RAIN
  FOG


RELATIVE HUMIDITY (PERCENT)
 HIGHEST   100          1000 AM
 LOWEST     87          1100 AM
 AVERAGE    94

..........................................................


THE LANSING MI CLIMATE NORMALS FOR TODAY
                         NORMAL    RECORD    YEAR
 MAXIMUM TEMPERATURE (F)   67        88      1896
 MINIMUM TEMPERATURE (F)   45        27      1907
                                             1865


SUNRISE AND SUNSET
MAY 11 2015...........SUNRISE   620 AM EDT   SUNSET   850 PM EDT
MAY 12 2015...........SUNRISE   619 AM EDT   SUNSET   851 PM EDT


-  INDICATES NEGATIVE NUMBERS.
R  INDICATES RECORD WAS SET OR TIED.
MM INDICATES DATA IS MISSING.
T  INDICATES TRACE AMOUNT.




$$
