000
CDUS43 KGRR 120520
CLILAN


CLIMATE REPORT
NATIONAL WEATHER SERVICE GRAND RAPIDS, MI
119 AM EDT SAT AUG 12 2017


...................................

...THE LANSING MI CLIMATE SUMMARY FOR AUGUST 11 2017...

CLIMATE NORMAL PERIOD 1981 TO 2010
CLIMATE RECORD PERIOD 1864 TO 2017


WEATHER ITEM   OBSERVED TIME   RECORD YEAR NORMAL DEPARTURE LAST
                VALUE   (LST)  VALUE       VALUE  FROM      YEAR
                                                  NORMAL
..................................................................
TEMPERATURE (F)
 YESTERDAY
  MAXIMUM         80    416 PM 101    1874  81     -1       94
                                      1864
  MINIMUM         62   1159 PM  39    1868  60      2       69
                                      1865
  AVERAGE         71                        70      1       82

PRECIPITATION (IN)
  YESTERDAY        0.32          1.36 1948   0.10   0.22      T
  MONTH TO DATE    1.03                      1.14  -0.11      T
  SINCE JUN 1      7.48                      7.43   0.05     3.94
  SINCE JAN 1     24.54                     19.00   5.54    16.85

SNOWFALL (IN)
  YESTERDAY        0.0           0.0    MM   0.0    0.0      0.0
  MONTH TO DATE    0.0                       0.0    0.0      0.0
  SINCE JUN 1      0.0                       0.0    0.0      0.0
  SINCE JUL 1      0.0                       0.0    0.0      0.0
  SNOW DEPTH       0

DEGREE DAYS
 HEATING
  YESTERDAY        0                         1     -1        0
  MONTH TO DATE    2                         7     -5        0
  SINCE JUN 1     15                        73    -58       37
  SINCE JUL 1      2                        18    -16        3

 COOLING
  YESTERDAY        6                         6      0       17
  MONTH TO DATE   50                        66    -16      116
  SINCE JUN 1    517                       411    106      538
  SINCE JAN 1    552                       452    100      600
..................................................................


WIND (MPH)
  RESULTANT WIND SPEED   8   RESULTANT WIND DIRECTION   W (260)
  HIGHEST WIND SPEED    22   HIGHEST WIND DIRECTION     W (260)
  HIGHEST GUST SPEED    27   HIGHEST GUST DIRECTION     W (260)
  AVERAGE WIND SPEED     9.7


SKY COVER
  AVERAGE SKY COVER 0.5


WEATHER CONDITIONS
 THE FOLLOWING WEATHER WAS RECORDED YESTERDAY.
  THUNDERSTORM
  HEAVY RAIN
  RAIN
  LIGHT RAIN
  FOG


RELATIVE HUMIDITY (PERCENT)
 HIGHEST    93           600 AM
 LOWEST     50           500 PM
 AVERAGE    72

..........................................................


THE LANSING MI CLIMATE NORMALS FOR TODAY
                         NORMAL    RECORD    YEAR
 MAXIMUM TEMPERATURE (F)   81        96      1864
 MINIMUM TEMPERATURE (F)   60        37      1868


SUNRISE AND SUNSET
AUGUST 12 2017........SUNRISE   642 AM EDT   SUNSET   844 PM EDT
AUGUST 13 2017........SUNRISE   643 AM EDT   SUNSET   843 PM EDT


-  INDICATES NEGATIVE NUMBERS.
R  INDICATES RECORD WAS SET OR TIED.
MM INDICATES DATA IS MISSING.
T  INDICATES TRACE AMOUNT.




$$
