000
CDUS43 KGRR 070519
CLILAN


CLIMATE REPORT
NATIONAL WEATHER SERVICE GRAND RAPIDS, MI
119 AM EDT SAT OCT 7 2017


...................................

...THE LANSING MI CLIMATE SUMMARY FOR OCTOBER 6 2017...

CLIMATE NORMAL PERIOD 1981 TO 2010
CLIMATE RECORD PERIOD 1864 TO 2017


WEATHER ITEM   OBSERVED TIME   RECORD YEAR NORMAL DEPARTURE LAST
                VALUE   (LST)  VALUE       VALUE  FROM      YEAR
                                                  NORMAL
..................................................................
TEMPERATURE (F)
 YESTERDAY
  MAXIMUM         65   1159 PM  89    1963  64      1       79
  MINIMUM         53    542 AM  22    1873  43     10       56
  AVERAGE         59                        54      5       68

PRECIPITATION (IN)
  YESTERDAY        0.62          3.15 1875   0.09   0.53     0.01
  MONTH TO DATE    0.69                      0.54   0.15     0.87
  SINCE SEP 1      1.63                      4.04  -2.41     4.22
  SINCE JAN 1     26.93                     25.13   1.80    27.70

SNOWFALL (IN)
  YESTERDAY        0.0           T    2009   0.0    0.0      0.0
                                      1964
                                      1959
  MONTH TO DATE    0.0                       0.0    0.0      0.0
  SINCE SEP 1      0.0                       0.0    0.0      0.0
  SINCE JUL 1      0.0                       0.0    0.0      0.0
  SNOW DEPTH       0

DEGREE DAYS
 HEATING
  YESTERDAY        6                        12     -6        0
  MONTH TO DATE   26                        65    -39       20
  SINCE SEP 1    129                       218    -89       70
  SINCE JUL 1    158                       253    -95       73

 COOLING
  YESTERDAY        0                         0      0        3
  MONTH TO DATE    6                         4      2        8
  SINCE SEP 1    136                        65     71       97
  SINCE JAN 1    770                       622    148      863
..................................................................


WIND (MPH)
  RESULTANT WIND SPEED   4   RESULTANT WIND DIRECTION  SE (130)
  HIGHEST WIND SPEED    12   HIGHEST WIND DIRECTION    SE (140)
  HIGHEST GUST SPEED    14   HIGHEST GUST DIRECTION    SE (140)
  AVERAGE WIND SPEED     5.1


SKY COVER
  AVERAGE SKY COVER 1.0


WEATHER CONDITIONS
 THE FOLLOWING WEATHER WAS RECORDED YESTERDAY.
  HEAVY RAIN
  RAIN
  LIGHT RAIN
  FOG


RELATIVE HUMIDITY (PERCENT)
 HIGHEST    93           200 AM
 LOWEST     73          1200 PM
 AVERAGE    83

..........................................................


THE LANSING MI CLIMATE NORMALS FOR TODAY
                         NORMAL    RECORD    YEAR
 MAXIMUM TEMPERATURE (F)   64        86      2007
                                             1879
 MINIMUM TEMPERATURE (F)   43        19      1896


SUNRISE AND SUNSET
OCTOBER  7 2017.......SUNRISE   743 AM EDT   SUNSET   709 PM EDT
OCTOBER  8 2017.......SUNRISE   744 AM EDT   SUNSET   707 PM EDT


-  INDICATES NEGATIVE NUMBERS.
R  INDICATES RECORD WAS SET OR TIED.
MM INDICATES DATA IS MISSING.
T  INDICATES TRACE AMOUNT.




$$
