000
CDUS43 KGRR 210524
CLILAN


CLIMATE REPORT
NATIONAL WEATHER SERVICE GRAND RAPIDS, MI
1220 AM EST SAT FEB 21 2015


...................................

...THE LANSING MI CLIMATE SUMMARY FOR FEBRUARY 20 2015...

CLIMATE NORMAL PERIOD 1981 TO 2010
CLIMATE RECORD PERIOD 1864 TO 2015


WEATHER ITEM   OBSERVED TIME   RECORD YEAR NORMAL DEPARTURE LAST
                VALUE   (LST)  VALUE       VALUE  FROM      YEAR
                                                  NORMAL
..................................................................
TEMPERATURE (F)
 YESTERDAY
  MAXIMUM         13   1159 PM  59    1983  35    -22       43
                                      1930
  MINIMUM        -16    307 AM -22    1929  19    -35       29
  AVERAGE         -1                        27    -28       36

PRECIPITATION (IN)
  YESTERDAY        T             1.04 1891   0.06  -0.06     0.63
  MONTH TO DATE    0.81                      0.98  -0.17     1.70
  SINCE DEC 1      3.72                      4.50  -0.78     5.74
  SINCE JAN 1      2.16                      2.63  -0.47     3.86

SNOWFALL (IN)
  YESTERDAY        T             6.7  2011   0.4   -0.4      0.4
  MONTH TO DATE   13.4                       8.5    4.9     16.7
  SINCE DEC 1     26.1                      35.3   -9.2     56.0
  SINCE JUL 1     32.3                      39.1   -6.8     56.7
  SNOW DEPTH       9

DEGREE DAYS
 HEATING
  YESTERDAY       66                        38     28       29
  MONTH TO DATE 1049                       799    250      964
  SINCE DEC 1   3456                      3225    231     3710
  SINCE JUL 1   5052                      4639    413     5156

 COOLING
  YESTERDAY        0                         0      0        0
  MONTH TO DATE    0                         0      0        0
  SINCE DEC 1      0                         0      0        0
  SINCE JAN 1      0                         0      0        0
..................................................................


WIND (MPH)
  RESULTANT WIND SPEED  10   RESULTANT WIND DIRECTION   S (190)
  HIGHEST WIND SPEED    24   HIGHEST WIND DIRECTION     S (190)
  HIGHEST GUST SPEED    29   HIGHEST GUST DIRECTION     S (200)
  AVERAGE WIND SPEED    11.0


SKY COVER
  AVERAGE SKY COVER 0.4


WEATHER CONDITIONS
 THE FOLLOWING WEATHER WAS RECORDED YESTERDAY.
  LIGHT SNOW


RELATIVE HUMIDITY (PERCENT)
 HIGHEST    77           300 AM
 LOWEST     52           300 PM
 AVERAGE    65

..........................................................


THE LANSING MI CLIMATE NORMALS FOR TODAY
                         NORMAL    RECORD    YEAR
 MAXIMUM TEMPERATURE (F)   35        62      1930
 MINIMUM TEMPERATURE (F)   19       -22      1870


SUNRISE AND SUNSET
FEBRUARY 21 2015......SUNRISE   727 AM EST   SUNSET   617 PM EST
FEBRUARY 22 2015......SUNRISE   726 AM EST   SUNSET   619 PM EST


-  INDICATES NEGATIVE NUMBERS.
R  INDICATES RECORD WAS SET OR TIED.
MM INDICATES DATA IS MISSING.
T  INDICATES TRACE AMOUNT.




$$
