000
CDUS43 KGRR 140523
CLILAN


CLIMATE REPORT
NATIONAL WEATHER SERVICE GRAND RAPIDS, MI
122 AM EDT SAT MAY 14 2016


...................................

...THE LANSING MI CLIMATE SUMMARY FOR MAY 13 2016...

CLIMATE NORMAL PERIOD 1981 TO 2010
CLIMATE RECORD PERIOD 1864 TO 2016


WEATHER ITEM   OBSERVED TIME   RECORD YEAR NORMAL DEPARTURE LAST
                VALUE   (LST)  VALUE       VALUE  FROM      YEAR
                                                  NORMAL
..................................................................
TEMPERATURE (F)
 YESTERDAY
  MAXIMUM         64    303 PM  91    1879  68     -4       57
  MINIMUM         50   1159 PM  25    1996  46      4       38
  AVERAGE         57                        57      0       48

PRECIPITATION (IN)
  YESTERDAY        0.05          1.37 2011   0.10  -0.05     0.00
  MONTH TO DATE    2.09                      1.35   0.74     1.21
  SINCE MAR 1      8.85                      6.44   2.41     3.24
  SINCE JAN 1     12.01                      9.56   2.45     5.49

SNOWFALL (IN)
  YESTERDAY        0.0           0.0    MM   0.0    0.0      0.0
  MONTH TO DATE    0.0                       0.0    0.0      0.0
  SINCE MAR 1     16.4                       8.9    7.5      1.9
  SINCE JUL 1     50.0                      51.1   -1.1     35.6
  SNOW DEPTH       0

DEGREE DAYS
 HEATING
  YESTERDAY        8                         9     -1       17
  MONTH TO DATE  138                       138      0       72
  SINCE MAR 1   1503                      1601    -98     1584
  SINCE JUL 1   5663                      6536   -873     7078

 COOLING
  YESTERDAY        0                         1     -1        0
  MONTH TO DATE    0                         7     -7       18
  SINCE MAR 1      1                        14    -13       18
  SINCE JAN 1      1                        14    -13       18
..................................................................


WIND (MPH)
  RESULTANT WIND SPEED  12   RESULTANT WIND DIRECTION   W (260)
  HIGHEST WIND SPEED    24   HIGHEST WIND DIRECTION     W (270)
  HIGHEST GUST SPEED    32   HIGHEST GUST DIRECTION     W (260)
  AVERAGE WIND SPEED    12.4


SKY COVER
  AVERAGE SKY COVER 0.5


WEATHER CONDITIONS
 THE FOLLOWING WEATHER WAS RECORDED YESTERDAY.
  LIGHT RAIN
  FOG


RELATIVE HUMIDITY (PERCENT)
 HIGHEST    93          1200 AM
 LOWEST     43           400 PM
 AVERAGE    68

..........................................................


THE LANSING MI CLIMATE NORMALS FOR TODAY
                         NORMAL    RECORD    YEAR
 MAXIMUM TEMPERATURE (F)   68        88      1870
 MINIMUM TEMPERATURE (F)   46        26      1895


SUNRISE AND SUNSET
MAY 14 2016...........SUNRISE   616 AM EDT   SUNSET   854 PM EDT
MAY 15 2016...........SUNRISE   615 AM EDT   SUNSET   855 PM EDT


-  INDICATES NEGATIVE NUMBERS.
R  INDICATES RECORD WAS SET OR TIED.
MM INDICATES DATA IS MISSING.
T  INDICATES TRACE AMOUNT.




$$
