000
CDUS43 KGRR 012127
CLILAN


CLIMATE REPORT
NATIONAL WEATHER SERVICE GRAND RAPIDS, MI
527 PM EDT WED JUL 1 2015


...................................

...THE LANSING MI CLIMATE SUMMARY FOR JULY 1 2015...
VALID TODAY AS OF 0500 PM LOCAL TIME.

CLIMATE NORMAL PERIOD 1981 TO 2010
CLIMATE RECORD PERIOD 1864 TO 2015


WEATHER ITEM   OBSERVED TIME   RECORD YEAR NORMAL DEPARTURE LAST
                VALUE   (LST)  VALUE       VALUE  FROM      YEAR
                                                  NORMAL
..................................................................
TEMPERATURE (F)
 TODAY
  MAXIMUM         70    313 PM  97    1910  82    -12       83
  MINIMUM         57    728 AM  38    1895  60     -3       65
  AVERAGE         64                        71     -7       74

PRECIPITATION (IN)
  TODAY            0.00          1.68 1999   0.09  -0.09     0.41
  MONTH TO DATE    0.00                      0.09  -0.09     0.41
  SINCE JUN 1      9.07                      3.54   5.53     6.81
  SINCE JAN 1     17.12                     15.11   2.01    18.02

SNOWFALL (IN)
  TODAY            0.0           0.0    MM   0.0    0.0      0.0
  MONTH TO DATE    0.0                       0.0    0.0      0.0
  SINCE JUN 1      0.0                       0.0    0.0      0.0
  SINCE JUL 1      0.0                       0.0    0.0      0.0
  SNOW DEPTH       0

DEGREE DAYS
 HEATING
  TODAY            1                         1      0        0
  MONTH TO DATE    1                         1      0        0
  SINCE JUN 1     37                        56    -19       24
  SINCE JUL 1      1                         1      0        0

 COOLING
  TODAY            0                         7     -7        9
  MONTH TO DATE    0                         7     -7        9
  SINCE JUN 1     87                       139    -52      156
  SINCE JAN 1    146                       180    -34      195
..................................................................


WIND (MPH)
  RESULTANT WIND SPEED   7   RESULTANT WIND DIRECTION  NW (300)
  HIGHEST WIND SPEED    13   HIGHEST WIND DIRECTION    NW (300)
  HIGHEST GUST SPEED    15   HIGHEST GUST DIRECTION    NW (310)
  AVERAGE WIND SPEED     7.8


SKY COVER
  AVERAGE SKY COVER 0.9


WEATHER CONDITIONS
 THE FOLLOWING WEATHER WAS RECORDED TODAY.
  FOG


RELATIVE HUMIDITY (PERCENT)
 HIGHEST    97           300 AM
 LOWEST     53           400 PM
 AVERAGE    75

..........................................................


THE LANSING MI CLIMATE NORMALS FOR TOMORROW
                         NORMAL    RECORD    YEAR
 MAXIMUM TEMPERATURE (F)   82        98      1966
 MINIMUM TEMPERATURE (F)   60        38      2001


SUNRISE AND SUNSET
JULY  1 2015..........SUNRISE   604 AM EDT   SUNSET   921 PM EDT
JULY  2 2015..........SUNRISE   604 AM EDT   SUNSET   920 PM EDT


-  INDICATES NEGATIVE NUMBERS.
R  INDICATES RECORD WAS SET OR TIED.
MM INDICATES DATA IS MISSING.
T  INDICATES TRACE AMOUNT.




$$
