000
CDUS43 KGRR 052228
CLILAN


CLIMATE REPORT
NATIONAL WEATHER SERVICE GRAND RAPIDS, MI
526 PM EST FRI JAN 5 2018


...................................

...THE LANSING MI CLIMATE SUMMARY FOR JANUARY 5 2018...
VALID TODAY AS OF 0500 PM LOCAL TIME.

CLIMATE NORMAL PERIOD 1981 TO 2010
CLIMATE RECORD PERIOD 1864 TO 2018


WEATHER ITEM   OBSERVED TIME   RECORD YEAR NORMAL DEPARTURE LAST
                VALUE   (LST)  VALUE       VALUE  FROM      YEAR
                                                  NORMAL
..................................................................
TEMPERATURE (F)
 TODAY
  MAXIMUM          6    422 PM  56    1890  30    -24       15
  MINIMUM         -8    439 AM -11    1896  18    -26        7
                                      1884
  AVERAGE         -1                        24    -25       11

PRECIPITATION (IN)
  TODAY            T             0.99 1998   0.06  -0.06      T
  MONTH TO DATE    0.02                      0.30  -0.28     0.55
  SINCE DEC 1      1.34                      2.17  -0.83     2.31
  SINCE JAN 1      0.02                      0.30  -0.28     0.55

SNOWFALL (IN)
  TODAY            T             9.5  2014   0.4   -0.4      0.1
  MONTH TO DATE    0.2                       2.2   -2.0      0.5
  SINCE DEC 1     17.6                      15.2    2.4     16.6
  SINCE JUL 1     18.0                      19.0   -1.0     16.6
  SNOW DEPTH       4

DEGREE DAYS
 HEATING
  TODAY           66                        41     25       54
  MONTH TO DATE  293                       205     88      187
  SINCE DEC 1   1556                      1343    213     1329
  SINCE JUL 1   2812                      2757     55     2304

 COOLING
  TODAY            0                         0      0        0
  MONTH TO DATE    0                         0      0        0
  SINCE DEC 1      0                         0      0        0
  SINCE JAN 1      0                         0      0        0
..................................................................


WIND (MPH)
  RESULTANT WIND SPEED   5   RESULTANT WIND DIRECTION  NW (320)
  HIGHEST WIND SPEED    14   HIGHEST WIND DIRECTION     N (340)
  HIGHEST GUST SPEED    18   HIGHEST GUST DIRECTION     N (350)
  AVERAGE WIND SPEED     5.6


SKY COVER
  AVERAGE SKY COVER 0.4


WEATHER CONDITIONS
 THE FOLLOWING WEATHER WAS RECORDED TODAY.
  LIGHT SNOW


RELATIVE HUMIDITY (PERCENT)
 HIGHEST    90           500 AM
 LOWEST     55           300 PM
 AVERAGE    73

..........................................................


THE LANSING MI CLIMATE NORMALS FOR TOMORROW
                         NORMAL    RECORD    YEAR
 MAXIMUM TEMPERATURE (F)   30        55      1946
 MINIMUM TEMPERATURE (F)   17       -26      1887


SUNRISE AND SUNSET
JANUARY  5 2018.......SUNRISE   809 AM EST   SUNSET   519 PM EST
JANUARY  6 2018.......SUNRISE   809 AM EST   SUNSET   520 PM EST


-  INDICATES NEGATIVE NUMBERS.
R  INDICATES RECORD WAS SET OR TIED.
MM INDICATES DATA IS MISSING.
T  INDICATES TRACE AMOUNT.




$$

63
