000
CDUS43 KGRR 230534
CLILAN


CLIMATE REPORT
NATIONAL WEATHER SERVICE GRAND RAPIDS, MI
130 AM EDT TUE JUN 23 2015


...................................

...THE LANSING MI CLIMATE SUMMARY FOR JUNE 22 2015...

CLIMATE NORMAL PERIOD 1981 TO 2010
CLIMATE RECORD PERIOD 1864 TO 2015


WEATHER ITEM   OBSERVED TIME   RECORD YEAR NORMAL DEPARTURE LAST
                VALUE   (LST)  VALUE       VALUE  FROM      YEAR
                                                  NORMAL
..................................................................
TEMPERATURE (F)
 YESTERDAY
  MAXIMUM         82    650 PM  95    1894  80      2       82
  MINIMUM         61    443 AM  34    1992  59      2       63
  AVERAGE         72                        70      2       73

PRECIPITATION (IN)
  YESTERDAY        2.75R         1.80 1903   0.12   2.63     0.00
  MONTH TO DATE    8.12                      2.59   5.53     5.38
  SINCE JUN 1      8.12                      2.59   5.53     5.38
  SINCE JAN 1     16.17                     14.16   2.01    16.59

SNOWFALL (IN)
  YESTERDAY        0.0           T    2008   0.0    0.0      0.0
  MONTH TO DATE    0.0                       0.0    0.0      0.0
  SINCE JUN 1      0.0                       0.0    0.0      0.0
  SINCE JUL 1     35.6                      51.1  -15.5     69.1
  SNOW DEPTH       0

DEGREE DAYS
 HEATING
  YESTERDAY        0                         1     -1        0
  MONTH TO DATE   32                        49    -17       24
  SINCE JUN 1     32                        49    -17       24
  SINCE JUL 1   7207                      6706    501     7543

 COOLING
  YESTERDAY        7                         5      2        8
  MONTH TO DATE   70                        82    -12       87
  SINCE JUN 1     70                        82    -12       87
  SINCE JAN 1    129                       123      6      126
..................................................................


WIND (MPH)
  RESULTANT WIND SPEED   8   RESULTANT WIND DIRECTION   S (200)
  HIGHEST WIND SPEED    30   HIGHEST WIND DIRECTION    SW (210)
  HIGHEST GUST SPEED    40   HIGHEST GUST DIRECTION     S (200)
  AVERAGE WIND SPEED     9.9


SKY COVER
  AVERAGE SKY COVER 0.5


WEATHER CONDITIONS
 THE FOLLOWING WEATHER WAS RECORDED YESTERDAY.
  THUNDERSTORM
  HEAVY RAIN
  RAIN
  LIGHT RAIN
  FOG


RELATIVE HUMIDITY (PERCENT)
 HIGHEST    97           300 AM
 LOWEST     62          1100 AM
 AVERAGE    80

..........................................................


THE LANSING MI CLIMATE NORMALS FOR TODAY
                         NORMAL    RECORD    YEAR
 MAXIMUM TEMPERATURE (F)   81        96      1864
 MINIMUM TEMPERATURE (F)   59        35      1918


SUNRISE AND SUNSET
JUNE 23 2015..........SUNRISE   601 AM EDT   SUNSET   921 PM EDT
JUNE 24 2015..........SUNRISE   601 AM EDT   SUNSET   921 PM EDT


-  INDICATES NEGATIVE NUMBERS.
R  INDICATES RECORD WAS SET OR TIED.
MM INDICATES DATA IS MISSING.
T  INDICATES TRACE AMOUNT.




$$
