000
CDUS43 KGRR 122133
CLILAN


CLIMATE REPORT
NATIONAL WEATHER SERVICE GRAND RAPIDS, MI
529 PM EDT SUN MAR 12 2017


...................................

...THE LANSING MI CLIMATE SUMMARY FOR MARCH 12 2017...
VALID TODAY AS OF 0500 PM LOCAL TIME.

CLIMATE NORMAL PERIOD 1981 TO 2010
CLIMATE RECORD PERIOD 1864 TO 2017


WEATHER ITEM   OBSERVED TIME   RECORD YEAR NORMAL DEPARTURE LAST
                VALUE   (LST)  VALUE       VALUE  FROM      YEAR
                                                  NORMAL
..................................................................
TEMPERATURE (F)
 TODAY
  MAXIMUM         31    359 PM  75    1990  42    -11       59
  MINIMUM         12    553 AM  -3    1877  24    -12       29
  AVERAGE         22                        33    -11       44

PRECIPITATION (IN)
  TODAY            0.00          0.95 1923   0.05  -0.05     0.00
  MONTH TO DATE    0.51                      0.72  -0.21     0.72
  SINCE MAR 1      0.51                      0.72  -0.21     0.72
  SINCE JAN 1      6.79                      3.84   2.95     3.88

SNOWFALL (IN)
  TODAY            0.0           8.0  1877   0.2   -0.2      0.0
  MONTH TO DATE    0.6                       3.5   -2.9      8.9
  SINCE MAR 1      0.6                       3.5   -2.9      8.9
  SINCE JUL 1     28.2                      45.7  -17.5     42.5
  SNOW DEPTH       0

DEGREE DAYS
 HEATING
  TODAY           43                        32     11       21
  MONTH TO DATE  387                       405    -18      335
  SINCE MAR 1    387                       405    -18      335
  SINCE JUL 1   4432                      5340   -908     4495

 COOLING
  TODAY            0                         0      0        0
  MONTH TO DATE    0                         0      0        0
  SINCE MAR 1      0                         0      0        0
  SINCE JAN 1      0                         0      0        0
..................................................................


WIND (MPH)
  RESULTANT WIND SPEED   2   RESULTANT WIND DIRECTION  NW (310)
  HIGHEST WIND SPEED    13   HIGHEST WIND DIRECTION    NW (310)
  HIGHEST GUST SPEED    18   HIGHEST GUST DIRECTION     W (290)
  AVERAGE WIND SPEED     4.2


SKY COVER
  AVERAGE SKY COVER 0.4


WEATHER CONDITIONS
 THE FOLLOWING WEATHER WAS RECORDED TODAY.
  NO SIGNIFICANT WEATHER WAS OBSERVED.


RELATIVE HUMIDITY (PERCENT)
 HIGHEST    73           700 AM
 LOWEST     32           400 PM
 AVERAGE    53

..........................................................


THE LANSING MI CLIMATE NORMALS FOR TOMORROW
                         NORMAL    RECORD    YEAR
 MAXIMUM TEMPERATURE (F)   43        74      1990
 MINIMUM TEMPERATURE (F)   25        -5      2014


SUNRISE AND SUNSET
MARCH 12 2017.........SUNRISE   755 AM EDT   SUNSET   742 PM EDT
MARCH 13 2017.........SUNRISE   753 AM EDT   SUNSET   743 PM EDT


-  INDICATES NEGATIVE NUMBERS.
R  INDICATES RECORD WAS SET OR TIED.
MM INDICATES DATA IS MISSING.
T  INDICATES TRACE AMOUNT.




$$

63
