000
CDUS43 KGRR 280519
CLILAN


CLIMATE REPORT
NATIONAL WEATHER SERVICE GRAND RAPIDS, MI
119 AM EDT SAT MAY 28 2016


...................................

...THE LANSING MI CLIMATE SUMMARY FOR MAY 27 2016...

CLIMATE NORMAL PERIOD 1981 TO 2010
CLIMATE RECORD PERIOD 1864 TO 2016


WEATHER ITEM   OBSERVED TIME   RECORD YEAR NORMAL DEPARTURE LAST
                VALUE   (LST)  VALUE       VALUE  FROM      YEAR
                                                  NORMAL
..................................................................
TEMPERATURE (F)
 YESTERDAY
  MAXIMUM         85    204 PM  93    1911  72     13       77
  MINIMUM         63    249 AM  27    1961  50     13       57
  AVERAGE         74                        61     13       67

PRECIPITATION (IN)
  YESTERDAY        0.00          1.92 2009   0.11  -0.11     0.01
  MONTH TO DATE    2.85                      2.90  -0.05     2.62
  SINCE MAR 1      9.61                      7.99   1.62     4.65
  SINCE JAN 1     12.77                     11.11   1.66     6.90

SNOWFALL (IN)
  YESTERDAY        0.0           0.0    MM   0.0    0.0      0.0
  MONTH TO DATE    T                         0.0    0.0      0.0
  SINCE MAR 1     16.4                       8.9    7.5      1.9
  SINCE JUL 1     50.0                      51.1   -1.1     35.6
  SNOW DEPTH       0

DEGREE DAYS
 HEATING
  YESTERDAY        0                         5     -5        0
  MONTH TO DATE  247                       239      8      150
  SINCE MAR 1   1612                      1702    -90     1662
  SINCE JUL 1   5772                      6637   -865     7156

 COOLING
  YESTERDAY        9                         2      7        2
  MONTH TO DATE   30                        26      4       50
  SINCE MAR 1     31                        33     -2       50
  SINCE JAN 1     31                        33     -2       50
..................................................................


WIND (MPH)
  RESULTANT WIND SPEED   5   RESULTANT WIND DIRECTION   S (170)
  HIGHEST WIND SPEED    17   HIGHEST WIND DIRECTION    SW (230)
  HIGHEST GUST SPEED    22   HIGHEST GUST DIRECTION     S (190)
  AVERAGE WIND SPEED     6.3


SKY COVER
  AVERAGE SKY COVER 0.3


WEATHER CONDITIONS
 THE FOLLOWING WEATHER WAS RECORDED YESTERDAY.
  NO SIGNIFICANT WEATHER WAS OBSERVED.


RELATIVE HUMIDITY (PERCENT)
 HIGHEST    87           200 AM
 LOWEST     51           200 PM
 AVERAGE    69

..........................................................


THE LANSING MI CLIMATE NORMALS FOR TODAY
                         NORMAL    RECORD    YEAR
 MAXIMUM TEMPERATURE (F)   73        96      1874
 MINIMUM TEMPERATURE (F)   51        28      1884


SUNRISE AND SUNSET
MAY 28 2016...........SUNRISE   605 AM EDT   SUNSET   907 PM EDT
MAY 29 2016...........SUNRISE   604 AM EDT   SUNSET   908 PM EDT


-  INDICATES NEGATIVE NUMBERS.
R  INDICATES RECORD WAS SET OR TIED.
MM INDICATES DATA IS MISSING.
T  INDICATES TRACE AMOUNT.




$$
