000
CDUS43 KGRR 120520
CLILAN


CLIMATE REPORT
NATIONAL WEATHER SERVICE GRAND RAPIDS, MI
1220 AM EST MON FEB 12 2018


...................................

...THE LANSING MI CLIMATE SUMMARY FOR FEBRUARY 11 2018...

CLIMATE NORMAL PERIOD 1981 TO 2010
CLIMATE RECORD PERIOD 1864 TO 2018


WEATHER ITEM   OBSERVED TIME   RECORD YEAR NORMAL DEPARTURE LAST
                VALUE   (LST)  VALUE       VALUE  FROM      YEAR
                                                  NORMAL
..................................................................
TEMPERATURE (F)
 YESTERDAY
  MAXIMUM         25    552 PM  69    1999  32     -7       45
  MINIMUM         17    625 AM -22    1899  18     -1       35
                                      1885
  AVERAGE         21                        25     -4       40

PRECIPITATION (IN)
  YESTERDAY        0.40          1.30 1887   0.05   0.35     0.08
  MONTH TO DATE    1.35                      0.51   0.84     0.86
  SINCE DEC 1      4.65                      4.03   0.62     6.27
  SINCE JAN 1      3.33                      2.16   1.17     4.51

SNOWFALL (IN)
  YESTERDAY        3.1           7.7  1985   0.4    2.7      0.0
  MONTH TO DATE   14.9                       4.7   10.2      1.9
  SINCE DEC 1     44.5                      31.5   13.0     27.1
  SINCE JUL 1     44.9                      35.3    9.6     27.1
  SNOW DEPTH      11

DEGREE DAYS
 HEATING
  YESTERDAY       44                        40      4       25
  MONTH TO DATE  520                       448     72      423
  SINCE DEC 1   3039                      2874    165     2673
  SINCE JUL 1   4295                      4288      7     3648

 COOLING
  YESTERDAY        0                         0      0        0
  MONTH TO DATE    0                         0      0        0
  SINCE DEC 1      0                         0      0        0
  SINCE JAN 1      0                         0      0        0
..................................................................


WIND (MPH)
  RESULTANT WIND SPEED   4   RESULTANT WIND DIRECTION  NW (310)
  HIGHEST WIND SPEED    18   HIGHEST WIND DIRECTION     W (270)
  HIGHEST GUST SPEED    22   HIGHEST GUST DIRECTION     W (260)
  AVERAGE WIND SPEED     9.2


SKY COVER
  AVERAGE SKY COVER 0.7


WEATHER CONDITIONS
 THE FOLLOWING WEATHER WAS RECORDED YESTERDAY.
  LT FREEZING RAIN
  SNOW
  LIGHT SNOW
  FOG
  HAZE


RELATIVE HUMIDITY (PERCENT)
 HIGHEST    92           300 AM
 LOWEST     74           700 PM
 AVERAGE    83

..........................................................


THE LANSING MI CLIMATE NORMALS FOR TODAY
                         NORMAL    RECORD    YEAR
 MAXIMUM TEMPERATURE (F)   32        60      1869
 MINIMUM TEMPERATURE (F)   18       -24      1967
                                             1899


SUNRISE AND SUNSET
FEBRUARY 12 2018......SUNRISE   740 AM EST   SUNSET   606 PM EST
FEBRUARY 13 2018......SUNRISE   738 AM EST   SUNSET   607 PM EST


-  INDICATES NEGATIVE NUMBERS.
R  INDICATES RECORD WAS SET OR TIED.
MM INDICATES DATA IS MISSING.
T  INDICATES TRACE AMOUNT.




$$
