000
CDUS43 KGRR 101357
CLILAN


CLIMATE REPORT
NATIONAL WEATHER SERVICE GRAND RAPIDS, MI
956 AM EDT SAT JUN 10 2017


...................................

...THE LANSING MI CLIMATE SUMMARY FOR JUNE 10 2017...
VALID AS OF 0900 AM LOCAL TIME.

CLIMATE NORMAL PERIOD 1981 TO 2010
CLIMATE RECORD PERIOD 1864 TO 2017


WEATHER ITEM   OBSERVED TIME   RECORD YEAR NORMAL DEPARTURE LAST
                VALUE   (LST)  VALUE       VALUE  FROM      YEAR
                                                  NORMAL
..................................................................
TEMPERATURE (F)
 TODAY
  MAXIMUM         75    759 AM  96    1895  77     -2       86
  MINIMUM         59    507 AM  33    1868  55      4       54
  AVERAGE         67                        66      1       70

PRECIPITATION (IN)
  TODAY            0.00          2.50 1883   0.12  -0.12     0.00
  MONTH TO DATE    0.13                      1.16  -1.03     0.24
  SINCE JUN 1      0.13                      1.16  -1.03     0.24
  SINCE JAN 1     17.19                     12.73   4.46    13.15

SNOWFALL (IN)
  TODAY            0.0           0.0    MM   0.0    0.0      0.0
  MONTH TO DATE    0.0                       0.0    0.0      0.0
  SINCE JUN 1      0.0                       0.0    0.0      0.0
  SINCE JUL 1     30.2                      51.1  -20.9     50.0
  SNOW DEPTH       0

DEGREE DAYS
 HEATING
  TODAY            0                         2     -2        0
  MONTH TO DATE    7                        32    -25       24
  SINCE JUN 1      7                        32    -25       24
  SINCE JUL 1   5596                      6689  -1093     5796

 COOLING
  TODAY            2                         3     -1        5
  MONTH TO DATE   27                        28     -1       23
  SINCE JUN 1     27                        28     -1       23
  SINCE JAN 1     62                        69     -7       85
..................................................................


WIND (MPH)
  RESULTANT WIND SPEED   3   RESULTANT WIND DIRECTION  SW (220)
  HIGHEST WIND SPEED    12   HIGHEST WIND DIRECTION    SW (230)
  HIGHEST GUST SPEED    15   HIGHEST GUST DIRECTION    SW (220)
  AVERAGE WIND SPEED     3.8


SKY COVER
  AVERAGE SKY COVER 0.3


WEATHER CONDITIONS
 THE FOLLOWING WEATHER WAS RECORDED TODAY.
  NO SIGNIFICANT WEATHER WAS OBSERVED.


RELATIVE HUMIDITY (PERCENT)
 HIGHEST    78           500 AM
 LOWEST     57           800 AM
 AVERAGE    68

..........................................................


THE LANSING MI CLIMATE NORMALS FOR TOMORROW
                         NORMAL    RECORD    YEAR
 MAXIMUM TEMPERATURE (F)   77        96      1895
 MINIMUM TEMPERATURE (F)   56        32      1972


SUNRISE AND SUNSET
JUNE 10 2017..........SUNRISE   600 AM EDT   SUNSET   916 PM EDT
JUNE 11 2017..........SUNRISE   600 AM EDT   SUNSET   917 PM EDT


-  INDICATES NEGATIVE NUMBERS.
R  INDICATES RECORD WAS SET OR TIED.
MM INDICATES DATA IS MISSING.
T  INDICATES TRACE AMOUNT.




$$

JAM
