000
CDUS43 KGRR 090548
CLILAN


CLIMATE REPORT
NATIONAL WEATHER SERVICE GRAND RAPIDS, MI
1247 AM EST SUN NOV 9 2014


...................................

...THE LANSING MI CLIMATE SUMMARY FOR NOVEMBER 8 2014...

CLIMATE NORMAL PERIOD 1981 TO 2010
CLIMATE RECORD PERIOD 1864 TO 2014


WEATHER ITEM   OBSERVED TIME   RECORD YEAR NORMAL DEPARTURE LAST
                VALUE   (LST)  VALUE       VALUE  FROM      YEAR
                                                  NORMAL
..................................................................
TEMPERATURE (F)
 YESTERDAY
  MAXIMUM         43    301 PM  71    1915  50     -7       44
  MINIMUM         35   1159 PM  11    1991  35      0       31
  AVERAGE         39                        43     -4       38

PRECIPITATION (IN)
  YESTERDAY        0.08          1.70 1888   0.09  -0.01     0.00
  MONTH TO DATE    0.24                      0.75  -0.51     0.81
  SINCE SEP 1      6.33                      6.78  -0.45     5.34
  SINCE JAN 1     33.55                     27.87   5.68    38.26

SNOWFALL (IN)
  YESTERDAY        T            12.1  1921   0.1   -0.1      0.0
  MONTH TO DATE    T                         0.4   -0.4      0.0
  SINCE SEP 1      T                         0.8   -0.8       T
  SINCE JUL 1      T                         0.8   -0.8       T
  SNOW DEPTH       0

DEGREE DAYS
 HEATING
  YESTERDAY       26                        22      4       27
  MONTH TO DATE  189                       169     20      170
  SINCE SEP 1    819                       784     35      737
  SINCE JUL 1    859                       819     40      772

 COOLING
  YESTERDAY        0                         0      0        0
  MONTH TO DATE    0                         0      0        0
  SINCE SEP 1     43                        68    -25       73
  SINCE JAN 1    488                       625   -137      661
..................................................................


WIND (MPH)
  RESULTANT WIND SPEED   7   RESULTANT WIND DIRECTION  SW (240)
  HIGHEST WIND SPEED    22   HIGHEST WIND DIRECTION     W (280)
  HIGHEST GUST SPEED    28   HIGHEST GUST DIRECTION     W (290)
  AVERAGE WIND SPEED    11.3


SKY COVER
  AVERAGE SKY COVER 1.0


WEATHER CONDITIONS
 THE FOLLOWING WEATHER WAS RECORDED YESTERDAY.
  LIGHT RAIN
  LIGHT SNOW
  FOG


RELATIVE HUMIDITY (PERCENT)
 HIGHEST    92           800 AM
 LOWEST     64           200 AM
 AVERAGE    78

..........................................................


THE LANSING MI CLIMATE NORMALS FOR TODAY
                         NORMAL    RECORD    YEAR
 MAXIMUM TEMPERATURE (F)   50        73      1999
 MINIMUM TEMPERATURE (F)   35        12      1991
                                             1863


SUNRISE AND SUNSET
NOVEMBER  9 2014......SUNRISE   723 AM EST   SUNSET   521 PM EST
NOVEMBER 10 2014......SUNRISE   724 AM EST   SUNSET   520 PM EST


-  INDICATES NEGATIVE NUMBERS.
R  INDICATES RECORD WAS SET OR TIED.
MM INDICATES DATA IS MISSING.
T  INDICATES TRACE AMOUNT.




$$
