000
CDUS43 KGRR 281443
CLILAN


CLIMATE REPORT
NATIONAL WEATHER SERVICE GRAND RAPIDS, MI
943 AM EST TUE NOV 28 2017


...................................

...THE LANSING MI CLIMATE SUMMARY FOR NOVEMBER 28 2017...
VALID AS OF 0900 AM LOCAL TIME.

CLIMATE NORMAL PERIOD 1981 TO 2010
CLIMATE RECORD PERIOD 1864 TO 2017


WEATHER ITEM   OBSERVED TIME   RECORD YEAR NORMAL DEPARTURE LAST
                VALUE   (LST)  VALUE       VALUE  FROM      YEAR
                                                  NORMAL
..................................................................
TEMPERATURE (F)
 TODAY
  MAXIMUM         52    859 AM  71    1905  41     11       50
  MINIMUM         41   1237 AM   0    1891  28     13       37
  AVERAGE         47                        34     13       44

PRECIPITATION (IN)
  TODAY            0.00          1.34 1937   0.08  -0.08     0.49
  MONTH TO DATE    3.24                      2.61   0.63     2.93
  SINCE SEP 1     12.91                      8.64   4.27     9.48
  SINCE JAN 1     38.21                     29.73   8.48    32.96

SNOWFALL (IN)
  TODAY            0.0           3.4  1937   0.2   -0.2      0.0
  MONTH TO DATE    0.4                       2.9   -2.5       T
  SINCE SEP 1      0.4                       3.3   -2.9       T
  SINCE JUL 1      0.4                       3.3   -2.9       T
  SNOW DEPTH       0

DEGREE DAYS
 HEATING
  TODAY           18                        31    -13       21
  MONTH TO DATE  763                       702     61      550
  SINCE SEP 1   1180                      1317   -137      940
  SINCE JUL 1   1209                      1352   -143      943

 COOLING
  TODAY            0                         0      0        0
  MONTH TO DATE    0                         0      0        0
  SINCE SEP 1    148                        68     80      103
  SINCE JAN 1    782                       625    157      869
..................................................................


WIND (MPH)
  RESULTANT WIND SPEED  13   RESULTANT WIND DIRECTION   S (200)
  HIGHEST WIND SPEED    21   HIGHEST WIND DIRECTION    SW (210)
  HIGHEST GUST SPEED    27   HIGHEST GUST DIRECTION    SW (210)
  AVERAGE WIND SPEED    13.8


SKY COVER
  AVERAGE SKY COVER 0.0


WEATHER CONDITIONS
 THE FOLLOWING WEATHER WAS RECORDED TODAY.
  NO SIGNIFICANT WEATHER WAS OBSERVED.


RELATIVE HUMIDITY (PERCENT)
 HIGHEST    76          1200 AM
 LOWEST     50           900 AM
 AVERAGE    63

..........................................................


THE LANSING MI CLIMATE NORMALS FOR TOMORROW
                         NORMAL    RECORD    YEAR
 MAXIMUM TEMPERATURE (F)   40        65      1998
                                             1864
 MINIMUM TEMPERATURE (F)   28         0      1867


SUNRISE AND SUNSET
NOVEMBER 28 2017......SUNRISE   746 AM EST   SUNSET   506 PM EST
NOVEMBER 29 2017......SUNRISE   747 AM EST   SUNSET   506 PM EST


-  INDICATES NEGATIVE NUMBERS.
R  INDICATES RECORD WAS SET OR TIED.
MM INDICATES DATA IS MISSING.
T  INDICATES TRACE AMOUNT.




$$
