000
CDUS43 KGRR 050524
CLILAN


CLIMATE REPORT
NATIONAL WEATHER SERVICE GRAND RAPIDS, MI
1224 AM EST THU JAN 5 2017


...................................

...THE LANSING MI CLIMATE SUMMARY FOR JANUARY 4 2017...

CLIMATE NORMAL PERIOD 1981 TO 2010
CLIMATE RECORD PERIOD 1864 TO 2017


WEATHER ITEM   OBSERVED TIME   RECORD YEAR NORMAL DEPARTURE LAST
                VALUE   (LST)  VALUE       VALUE  FROM      YEAR
                                                  NORMAL
..................................................................
TEMPERATURE (F)
 YESTERDAY
  MAXIMUM         35   1259 AM  61    1997  31      4       27
  MINIMUM         15   1159 PM -29    1981  18     -3        7
  AVERAGE         25                        24      1       17

PRECIPITATION (IN)
  YESTERDAY        T             2.57 1897   0.06  -0.06      T
  MONTH TO DATE    0.54                      0.24   0.30     0.04
  SINCE DEC 1      2.30                      2.11   0.19     2.76
  SINCE JAN 1      0.54                      0.24   0.30     0.04

SNOWFALL (IN)
  YESTERDAY        0.6           5.0  1905   0.5    0.1      0.2
  MONTH TO DATE    0.6                       1.8   -1.2      0.9
  SINCE DEC 1     16.7                      14.8    1.9      2.8
  SINCE JUL 1     16.7                      18.6   -1.9     11.0
  SNOW DEPTH       0

DEGREE DAYS
 HEATING
  YESTERDAY       40                        41     -1       48
  MONTH TO DATE  133                       164    -31      155
  SINCE DEC 1   1275                      1302    -27      952
  SINCE JUL 1   2250                      2716   -466     2060

 COOLING
  YESTERDAY        0                         0      0        0
  MONTH TO DATE    0                         0      0        0
  SINCE DEC 1      0                         0      0        0
  SINCE JAN 1      0                         0      0        0
..................................................................


WIND (MPH)
  RESULTANT WIND SPEED  20   RESULTANT WIND DIRECTION   W (280)
  HIGHEST WIND SPEED    35   HIGHEST WIND DIRECTION     W (270)
  HIGHEST GUST SPEED    46   HIGHEST GUST DIRECTION     W (270)
  AVERAGE WIND SPEED    20.9


SKY COVER
  AVERAGE SKY COVER 1.0


WEATHER CONDITIONS
 THE FOLLOWING WEATHER WAS RECORDED YESTERDAY.
  LIGHT SNOW
  HAZE


RELATIVE HUMIDITY (PERCENT)
 HIGHEST    89          1200 AM
 LOWEST     61          1000 PM
 AVERAGE    75

..........................................................


THE LANSING MI CLIMATE NORMALS FOR TODAY
                         NORMAL    RECORD    YEAR
 MAXIMUM TEMPERATURE (F)   30        56      1890
 MINIMUM TEMPERATURE (F)   18       -11      1896
                                             1884


SUNRISE AND SUNSET
JANUARY  5 2017.......SUNRISE   809 AM EST   SUNSET   519 PM EST
JANUARY  6 2017.......SUNRISE   809 AM EST   SUNSET   520 PM EST


-  INDICATES NEGATIVE NUMBERS.
R  INDICATES RECORD WAS SET OR TIED.
MM INDICATES DATA IS MISSING.
T  INDICATES TRACE AMOUNT.




$$
