000
CDUS43 KGRR 200520
CLILAN


CLIMATE REPORT
NATIONAL WEATHER SERVICE GRAND RAPIDS, MI
1218 AM EST FRI FEB 20 2015


...................................

...THE LANSING MI CLIMATE SUMMARY FOR FEBRUARY 19 2015...

CLIMATE NORMAL PERIOD 1981 TO 2010
CLIMATE RECORD PERIOD 1864 TO 2015


WEATHER ITEM   OBSERVED TIME   RECORD YEAR NORMAL DEPARTURE LAST
                VALUE   (LST)  VALUE       VALUE  FROM      YEAR
                                                  NORMAL
..................................................................
TEMPERATURE (F)
 YESTERDAY
  MAXIMUM          5    259 PM  60    1994  34    -29       44
  MINIMUM        -10   1159 PM -21    1978  19    -29       30
  AVERAGE         -2                        27    -29       37

PRECIPITATION (IN)
  YESTERDAY        T             1.49 1939   0.05  -0.05     0.01
  MONTH TO DATE    0.81                      0.92  -0.11     1.07
  SINCE DEC 1      3.72                      4.44  -0.72     5.11
  SINCE JAN 1      2.16                      2.57  -0.41     3.23

SNOWFALL (IN)
  YESTERDAY        T             6.0  1908   0.4   -0.4       T
  MONTH TO DATE   13.4                       8.1    5.3     16.3
  SINCE DEC 1     26.1                      34.9   -8.8     55.6
  SINCE JUL 1     32.3                      38.7   -6.4     56.3
  SNOW DEPTH       9

DEGREE DAYS
 HEATING
  YESTERDAY       67                        38     29       28
  MONTH TO DATE  983                       761    222      935
  SINCE DEC 1   3390                      3187    203     3681
  SINCE JUL 1   4986                      4601    385     5127

 COOLING
  YESTERDAY        0                         0      0        0
  MONTH TO DATE    0                         0      0        0
  SINCE DEC 1      0                         0      0        0
  SINCE JAN 1      0                         0      0        0
..................................................................


WIND (MPH)
  RESULTANT WIND SPEED   7   RESULTANT WIND DIRECTION  NW (320)
  HIGHEST WIND SPEED    15   HIGHEST WIND DIRECTION     W (290)
  HIGHEST GUST SPEED    20   HIGHEST GUST DIRECTION     N (350)
  AVERAGE WIND SPEED     6.9


SKY COVER
  AVERAGE SKY COVER 0.4


WEATHER CONDITIONS
 THE FOLLOWING WEATHER WAS RECORDED YESTERDAY.
  LIGHT SNOW
  HAZE


RELATIVE HUMIDITY (PERCENT)
 HIGHEST    79          1200 AM
 LOWEST     46           400 PM
 AVERAGE    63

..........................................................


THE LANSING MI CLIMATE NORMALS FOR TODAY
                         NORMAL    RECORD    YEAR
 MAXIMUM TEMPERATURE (F)   35        59      1983
                                             1930
 MINIMUM TEMPERATURE (F)   19       -22      1929


SUNRISE AND SUNSET
FEBRUARY 20 2015......SUNRISE   729 AM EST   SUNSET   616 PM EST
FEBRUARY 21 2015......SUNRISE   727 AM EST   SUNSET   617 PM EST


-  INDICATES NEGATIVE NUMBERS.
R  INDICATES RECORD WAS SET OR TIED.
MM INDICATES DATA IS MISSING.
T  INDICATES TRACE AMOUNT.




$$

CAS
