000
CDUS43 KGRR 160517
CLILAN


CLIMATE REPORT
NATIONAL WEATHER SERVICE GRAND RAPIDS, MI
116 AM EDT FRI SEP 16 2016


...................................

...THE LANSING MI CLIMATE SUMMARY FOR SEPTEMBER 15 2016...

CLIMATE NORMAL PERIOD 1981 TO 2010
CLIMATE RECORD PERIOD 1864 TO 2016


WEATHER ITEM   OBSERVED TIME   RECORD YEAR NORMAL DEPARTURE LAST
                VALUE   (LST)  VALUE       VALUE  FROM      YEAR
                                                  NORMAL
..................................................................
TEMPERATURE (F)
 YESTERDAY
  MAXIMUM         73    336 PM  94    1939  73      0       83
                                      1927
  MINIMUM         49    637 AM  35    1995  52     -3       60
                                      1864
  AVERAGE         61                        62     -1       72

PRECIPITATION (IN)
  YESTERDAY        0.00          1.18 1970   0.11  -0.11     0.00
  MONTH TO DATE    0.79                      1.69  -0.90     0.57
  SINCE SEP 1      0.79                      1.69  -0.90     0.57
  SINCE JAN 1     24.27                     22.78   1.49    26.90

SNOWFALL (IN)
  YESTERDAY        0.0           0.0    MM   0.0    0.0      0.0
  MONTH TO DATE    0.0                       0.0    0.0      0.0
  SINCE SEP 1      0.0                       0.0    0.0      0.0
  SINCE JUL 1      0.0                       0.0    0.0      0.0
  SNOW DEPTH       0

DEGREE DAYS
 HEATING
  YESTERDAY        4                         5     -1        0
  MONTH TO DATE   10                        45    -35       28
  SINCE SEP 1     10                        45    -35       28
  SINCE JUL 1     13                        80    -67       59

 COOLING
  YESTERDAY        0                         2     -2        7
  MONTH TO DATE   61                        43     18       96
  SINCE SEP 1     61                        43     18       96
  SINCE JAN 1    827                       600    227      589
..................................................................


WIND (MPH)
  RESULTANT WIND SPEED   3   RESULTANT WIND DIRECTION   E (80)
  HIGHEST WIND SPEED    14   HIGHEST WIND DIRECTION     E (70)
  HIGHEST GUST SPEED    23   HIGHEST GUST DIRECTION    NE (60)
  AVERAGE WIND SPEED     3.8


SKY COVER
  AVERAGE SKY COVER 0.0


WEATHER CONDITIONS
 THE FOLLOWING WEATHER WAS RECORDED YESTERDAY.
  NO SIGNIFICANT WEATHER WAS OBSERVED.


RELATIVE HUMIDITY (PERCENT)
 HIGHEST    93           200 AM
 LOWEST     38           100 PM
 AVERAGE    66

..........................................................


THE LANSING MI CLIMATE NORMALS FOR TODAY
                         NORMAL    RECORD    YEAR
 MAXIMUM TEMPERATURE (F)   73        92      1939
 MINIMUM TEMPERATURE (F)   51        24      1868


SUNRISE AND SUNSET
SEPTEMBER 16 2016.....SUNRISE   720 AM EDT   SUNSET   746 PM EDT
SEPTEMBER 17 2016.....SUNRISE   721 AM EDT   SUNSET   744 PM EDT


-  INDICATES NEGATIVE NUMBERS.
R  INDICATES RECORD WAS SET OR TIED.
MM INDICATES DATA IS MISSING.
T  INDICATES TRACE AMOUNT.




$$
