000
CDUS43 KGRR 112128
CLILAN


CLIMATE REPORT
NATIONAL WEATHER SERVICE GRAND RAPIDS, MI
525 PM EDT SUN JUN 11 2017


...................................

...THE LANSING MI CLIMATE SUMMARY FOR JUNE 11 2017...
VALID TODAY AS OF 0500 PM LOCAL TIME.

CLIMATE NORMAL PERIOD 1981 TO 2010
CLIMATE RECORD PERIOD 1864 TO 2017


WEATHER ITEM   OBSERVED TIME   RECORD YEAR NORMAL DEPARTURE LAST
                VALUE   (LST)  VALUE       VALUE  FROM      YEAR
                                                  NORMAL
..................................................................
TEMPERATURE (F)
 TODAY
  MAXIMUM         93    333 PM  96    1895  77     16       91
  MINIMUM         71    550 AM  32    1972  56     15       71
  AVERAGE         82                        66     16       81

PRECIPITATION (IN)
  TODAY            0.00          4.95 1986   0.12  -0.12     0.00
  MONTH TO DATE    0.13                      1.28  -1.15     0.24
  SINCE JUN 1      0.13                      1.28  -1.15     0.24
  SINCE JAN 1     17.19                     12.85   4.34    13.15

SNOWFALL (IN)
  TODAY            0.0           0.0    MM   0.0    0.0      0.0
  MONTH TO DATE    0.0                       0.0    0.0      0.0
  SINCE JUN 1      0.0                       0.0    0.0      0.0
  SINCE JUL 1     30.2                      51.1  -20.9     50.0
  SNOW DEPTH       0

DEGREE DAYS
 HEATING
  TODAY            0                         2     -2        0
  MONTH TO DATE    7                        34    -27       24
  SINCE JUN 1      7                        34    -27       24
  SINCE JUL 1   5596                      6691  -1095     5796

 COOLING
  TODAY           17                         4     13       16
  MONTH TO DATE   52                        32     20       39
  SINCE JUN 1     52                        32     20       39
  SINCE JAN 1     87                        73     14      101
..................................................................


WIND (MPH)
  RESULTANT WIND SPEED  14   RESULTANT WIND DIRECTION  SW (230)
  HIGHEST WIND SPEED    21   HIGHEST WIND DIRECTION     W (250)
  HIGHEST GUST SPEED    30   HIGHEST GUST DIRECTION     W (260)
  AVERAGE WIND SPEED    14.3


SKY COVER
  AVERAGE SKY COVER 0.1


WEATHER CONDITIONS
 THE FOLLOWING WEATHER WAS RECORDED TODAY.
  NO SIGNIFICANT WEATHER WAS OBSERVED.


RELATIVE HUMIDITY (PERCENT)
 HIGHEST    57           600 AM
 LOWEST     38           300 PM
 AVERAGE    48

..........................................................


THE LANSING MI CLIMATE NORMALS FOR TOMORROW
                         NORMAL    RECORD    YEAR
 MAXIMUM TEMPERATURE (F)   78        95      1876
 MINIMUM TEMPERATURE (F)   56        31      1864


SUNRISE AND SUNSET
JUNE 11 2017..........SUNRISE   600 AM EDT   SUNSET   917 PM EDT
JUNE 12 2017..........SUNRISE   600 AM EDT   SUNSET   917 PM EDT


-  INDICATES NEGATIVE NUMBERS.
R  INDICATES RECORD WAS SET OR TIED.
MM INDICATES DATA IS MISSING.
T  INDICATES TRACE AMOUNT.




$$

63
