000
CDUS43 KGRR 240520
CLILAN


CLIMATE REPORT
NATIONAL WEATHER SERVICE GRAND RAPIDS, MI
120 AM EDT WED JUN 24 2015


...................................

...THE LANSING MI CLIMATE SUMMARY FOR JUNE 23 2015...

CLIMATE NORMAL PERIOD 1981 TO 2010
CLIMATE RECORD PERIOD 1864 TO 2015


WEATHER ITEM   OBSERVED TIME   RECORD YEAR NORMAL DEPARTURE LAST
                VALUE   (LST)  VALUE       VALUE  FROM      YEAR
                                                  NORMAL
..................................................................
TEMPERATURE (F)
 YESTERDAY
  MAXIMUM         77    526 PM  96    1864  81     -4       78
  MINIMUM         62   1159 PM  35    1918  59      3       61
  AVERAGE         70                        70      0       70

PRECIPITATION (IN)
  YESTERDAY        0.26          1.69 1968   0.11   0.15     0.50
  MONTH TO DATE    8.38                      2.70   5.68     5.88
  SINCE JUN 1      8.38                      2.70   5.68     5.88
  SINCE JAN 1     16.43                     14.27   2.16    17.09

SNOWFALL (IN)
  YESTERDAY        0.0           0.0    MM   0.0    0.0      0.0
  MONTH TO DATE    0.0                       0.0    0.0      0.0
  SINCE JUN 1      0.0                       0.0    0.0      0.0
  SINCE JUL 1     35.6                      51.1  -15.5     69.1
  SNOW DEPTH       0

DEGREE DAYS
 HEATING
  YESTERDAY        0                         1     -1        0
  MONTH TO DATE   32                        50    -18       24
  SINCE JUN 1     32                        50    -18       24
  SINCE JUL 1   7207                      6707    500     7543

 COOLING
  YESTERDAY        5                         6     -1        5
  MONTH TO DATE   75                        88    -13       92
  SINCE JUN 1     75                        88    -13       92
  SINCE JAN 1    134                       129      5      131
..................................................................


WIND (MPH)
  RESULTANT WIND SPEED  10   RESULTANT WIND DIRECTION  NW (300)
  HIGHEST WIND SPEED    30   HIGHEST WIND DIRECTION     W (250)
  HIGHEST GUST SPEED    36   HIGHEST GUST DIRECTION    SW (240)
  AVERAGE WIND SPEED    10.0


SKY COVER
  AVERAGE SKY COVER 0.5


WEATHER CONDITIONS
 THE FOLLOWING WEATHER WAS RECORDED YESTERDAY.
  RAIN
  LIGHT RAIN
  FOG


RELATIVE HUMIDITY (PERCENT)
 HIGHEST    93           200 AM
 LOWEST     50           600 PM
 AVERAGE    72

..........................................................


THE LANSING MI CLIMATE NORMALS FOR TODAY
                         NORMAL    RECORD    YEAR
 MAXIMUM TEMPERATURE (F)   81        96      1870
 MINIMUM TEMPERATURE (F)   59        41      1932


SUNRISE AND SUNSET
JUNE 24 2015..........SUNRISE   601 AM EDT   SUNSET   921 PM EDT
JUNE 25 2015..........SUNRISE   601 AM EDT   SUNSET   921 PM EDT


-  INDICATES NEGATIVE NUMBERS.
R  INDICATES RECORD WAS SET OR TIED.
MM INDICATES DATA IS MISSING.
T  INDICATES TRACE AMOUNT.




$$
