000
CDUS43 KGRR 062230
CLILAN


CLIMATE REPORT
NATIONAL WEATHER SERVICE GRAND RAPIDS, MI
530 PM EST SAT JAN 6 2018


...................................

...THE LANSING MI CLIMATE SUMMARY FOR JANUARY 6 2018...
VALID TODAY AS OF 0500 PM LOCAL TIME.

CLIMATE NORMAL PERIOD 1981 TO 2010
CLIMATE RECORD PERIOD 1864 TO 2018


WEATHER ITEM   OBSERVED TIME   RECORD YEAR NORMAL DEPARTURE LAST
                VALUE   (LST)  VALUE       VALUE  FROM      YEAR
                                                  NORMAL
..................................................................
TEMPERATURE (F)
 TODAY
  MAXIMUM         11    403 PM  55    1946  30    -19       15
  MINIMUM         -7    516 AM -26    1887  17    -24        4
  AVERAGE          2                        24    -22       10

PRECIPITATION (IN)
  TODAY            T             0.88 1888   0.06  -0.06      T
  MONTH TO DATE    0.02                      0.36  -0.34     0.55
  SINCE DEC 1      1.34                      2.23  -0.89     2.31
  SINCE JAN 1      0.02                      0.36  -0.34     0.55

SNOWFALL (IN)
  TODAY            T             5.3  1918   0.5   -0.5       T
  MONTH TO DATE    0.3                       2.7   -2.4      0.5
  SINCE DEC 1     17.7                      15.7    2.0     16.6
  SINCE JUL 1     18.1                      19.5   -1.4     16.6
  SNOW DEPTH       3

DEGREE DAYS
 HEATING
  TODAY           63                        41     22       55
  MONTH TO DATE  356                       246    110      242
  SINCE DEC 1   1619                      1384    235     1384
  SINCE JUL 1   2875                      2798     77     2359

 COOLING
  TODAY            0                         0      0        0
  MONTH TO DATE    0                         0      0        0
  SINCE DEC 1      0                         0      0        0
  SINCE JAN 1      0                         0      0        0
..................................................................


WIND (MPH)
  RESULTANT WIND SPEED   1   RESULTANT WIND DIRECTION   N (340)
  HIGHEST WIND SPEED    10   HIGHEST WIND DIRECTION     N (360)
  HIGHEST GUST SPEED    14   HIGHEST GUST DIRECTION     N (350)
  AVERAGE WIND SPEED     2.0


SKY COVER
  AVERAGE SKY COVER 0.4


WEATHER CONDITIONS
 THE FOLLOWING WEATHER WAS RECORDED TODAY.
  LIGHT SNOW
  FOG


RELATIVE HUMIDITY (PERCENT)
 HIGHEST   100          1000 AM
 LOWEST     50           400 PM
 AVERAGE    75

..........................................................


THE LANSING MI CLIMATE NORMALS FOR TOMORROW
                         NORMAL    RECORD    YEAR
 MAXIMUM TEMPERATURE (F)   30        62      2008
 MINIMUM TEMPERATURE (F)   17       -24      1887


SUNRISE AND SUNSET
JANUARY  6 2018.......SUNRISE   809 AM EST   SUNSET   520 PM EST
JANUARY  7 2018.......SUNRISE   809 AM EST   SUNSET   521 PM EST


-  INDICATES NEGATIVE NUMBERS.
R  INDICATES RECORD WAS SET OR TIED.
MM INDICATES DATA IS MISSING.
T  INDICATES TRACE AMOUNT.




$$
