000
CDUS43 KGRR 140525
CLILAN


CLIMATE REPORT
NATIONAL WEATHER SERVICE GRAND RAPIDS, MI
1220 AM EST FRI NOV 14 2014


...................................

...THE LANSING MI CLIMATE SUMMARY FOR NOVEMBER 13 2014...

CLIMATE NORMAL PERIOD 1981 TO 2010
CLIMATE RECORD PERIOD 1864 TO 2014


WEATHER ITEM   OBSERVED TIME   RECORD YEAR NORMAL DEPARTURE LAST
                VALUE   (LST)  VALUE       VALUE  FROM      YEAR
                                                  NORMAL
..................................................................
TEMPERATURE (F)
 YESTERDAY
  MAXIMUM         35    241 PM  75    1879  48    -13       40
  MINIMUM         23   1159 PM   1    1873  33    -10       20
  AVERAGE         29                        41    -12       30

PRECIPITATION (IN)
  YESTERDAY        T             0.89 1978   0.10  -0.10     0.00
  MONTH TO DATE    0.36                      1.22  -0.86     1.08
  SINCE SEP 1      6.45                      7.25  -0.80     5.61
  SINCE JAN 1     33.67                     28.34   5.33    38.53

SNOWFALL (IN)
  YESTERDAY        T             3.6  1911   0.1   -0.1      0.0
  MONTH TO DATE    T                         0.8   -0.8      0.4
  SINCE SEP 1      T                         1.2   -1.2      0.4
  SINCE JUL 1      T                         1.2   -1.2      0.4
  SNOW DEPTH       0

DEGREE DAYS
 HEATING
  YESTERDAY       36                        24     12       35
  MONTH TO DATE  323                       287     36      317
  SINCE SEP 1    953                       902     51      884
  SINCE JUL 1    993                       937     56      919

 COOLING
  YESTERDAY        0                         0      0        0
  MONTH TO DATE    0                         0      0        0
  SINCE SEP 1     43                        68    -25       73
  SINCE JAN 1    488                       625   -137      661
..................................................................


WIND (MPH)
  RESULTANT WIND SPEED   8   RESULTANT WIND DIRECTION   W (260)
  HIGHEST WIND SPEED    18   HIGHEST WIND DIRECTION    NW (320)
  HIGHEST GUST SPEED    23   HIGHEST GUST DIRECTION     W (270)
  AVERAGE WIND SPEED     8.6


SKY COVER
  AVERAGE SKY COVER 0.8


WEATHER CONDITIONS
 THE FOLLOWING WEATHER WAS RECORDED YESTERDAY.
  LIGHT SNOW


RELATIVE HUMIDITY (PERCENT)
 HIGHEST    88          1100 PM
 LOWEST     69           100 AM
 AVERAGE    79

..........................................................


THE LANSING MI CLIMATE NORMALS FOR TODAY
                         NORMAL    RECORD    YEAR
 MAXIMUM TEMPERATURE (F)   48        69      1909
 MINIMUM TEMPERATURE (F)   33         4      1873


SUNRISE AND SUNSET
NOVEMBER 14 2014......SUNRISE   729 AM EST   SUNSET   516 PM EST
NOVEMBER 15 2014......SUNRISE   730 AM EST   SUNSET   515 PM EST


-  INDICATES NEGATIVE NUMBERS.
R  INDICATES RECORD WAS SET OR TIED.
MM INDICATES DATA IS MISSING.
T  INDICATES TRACE AMOUNT.




$$

CAS
