000
CDUS43 KGRR 260520
CLILAN


CLIMATE REPORT
NATIONAL WEATHER SERVICE GRAND RAPIDS, MI
118 AM EDT TUE APR 26 2016


...................................

...THE LANSING MI CLIMATE SUMMARY FOR APRIL 25 2016...

CLIMATE NORMAL PERIOD 1981 TO 2010
CLIMATE RECORD PERIOD 1864 TO 2016


WEATHER ITEM   OBSERVED TIME   RECORD YEAR NORMAL DEPARTURE LAST
                VALUE   (LST)  VALUE       VALUE  FROM      YEAR
                                                  NORMAL
..................................................................
TEMPERATURE (F)
 YESTERDAY
  MAXIMUM         79    211 PM  86    1915  62     17       57
  MINIMUM         46    614 AM  17    1909  40      6       37
  AVERAGE         63                        51     12       47

PRECIPITATION (IN)
  YESTERDAY        0.20          1.83 1864   0.10   0.10      T
  MONTH TO DATE    1.73                      2.53  -0.80     1.27
  SINCE MAR 1      5.98                      4.59   1.39     2.01
  SINCE JAN 1      9.14                      7.71   1.43     4.26

SNOWFALL (IN)
  YESTERDAY        0.0           4.3  1976   0.0    0.0      0.0
  MONTH TO DATE    7.5                       1.8    5.7       T
  SINCE MAR 1     16.4                       8.8    7.6      1.9
  SINCE JUL 1     50.0                      51.0   -1.0     35.6
  SNOW DEPTH       0

DEGREE DAYS
 HEATING
  YESTERDAY        2                        14    -12       18
  MONTH TO DATE  503                       467     36      434
  SINCE MAR 1   1266                      1396   -130     1425
  SINCE JUL 1   5426                      6331   -905     6919

 COOLING
  YESTERDAY        0                         0      0        0
  MONTH TO DATE    1                         0      1        0
  SINCE MAR 1      1                         1      0        0
  SINCE JAN 1      1                         1      0        0
..................................................................


WIND (MPH)
  RESULTANT WIND SPEED   5   RESULTANT WIND DIRECTION   S (160)
  HIGHEST WIND SPEED    28   HIGHEST WIND DIRECTION    NW (310)
  HIGHEST GUST SPEED    37   HIGHEST GUST DIRECTION    NW (310)
  AVERAGE WIND SPEED    10.4


SKY COVER
  AVERAGE SKY COVER 0.4


WEATHER CONDITIONS
 THE FOLLOWING WEATHER WAS RECORDED YESTERDAY.
  THUNDERSTORM
  RAIN
  LIGHT RAIN
  FOG


RELATIVE HUMIDITY (PERCENT)
 HIGHEST    93          1000 PM
 LOWEST     36           200 PM
 AVERAGE    65

..........................................................


THE LANSING MI CLIMATE NORMALS FOR TODAY
                         NORMAL    RECORD    YEAR
 MAXIMUM TEMPERATURE (F)   62        88      1915
 MINIMUM TEMPERATURE (F)   41        22      1874


SUNRISE AND SUNSET
APRIL 26 2016.........SUNRISE   639 AM EDT   SUNSET   834 PM EDT
APRIL 27 2016.........SUNRISE   638 AM EDT   SUNSET   835 PM EDT


-  INDICATES NEGATIVE NUMBERS.
R  INDICATES RECORD WAS SET OR TIED.
MM INDICATES DATA IS MISSING.
T  INDICATES TRACE AMOUNT.




$$

JAM
