000
CDUS43 KGRR 192232
CLILAN


CLIMATE REPORT
NATIONAL WEATHER SERVICE GRAND RAPIDS, MI
530 PM EST SUN FEB 19 2017


...................................

...THE LANSING MI CLIMATE SUMMARY FOR FEBRUARY 19 2017...
VALID TODAY AS OF 0500 PM LOCAL TIME.

CLIMATE NORMAL PERIOD 1981 TO 2010
CLIMATE RECORD PERIOD 1864 TO 2017


WEATHER ITEM   OBSERVED TIME   RECORD YEAR NORMAL DEPARTURE LAST
                VALUE   (LST)  VALUE       VALUE  FROM      YEAR
                                                  NORMAL
..................................................................
TEMPERATURE (F)
 TODAY
  MAXIMUM         62R   435 PM  60    2016  34     28       60
                                      1994
  MINIMUM         37    717 AM -21    1978  19     18       33
  AVERAGE         50                        27     23       47

PRECIPITATION (IN)
  TODAY            0.00          1.49 1939   0.05  -0.05      T
  MONTH TO DATE    1.04                      0.92   0.12     0.81
  SINCE DEC 1      6.45                      4.44   2.01     4.98
  SINCE JAN 1      4.69                      2.57   2.12     2.26

SNOWFALL (IN)
  TODAY            0.0           6.0  1908   0.4   -0.4       T
  MONTH TO DATE    2.3                       8.1   -5.8      5.3
  SINCE DEC 1     27.5                      34.9   -7.4     15.0
  SINCE JUL 1     27.5                      38.7  -11.2     23.2
  SNOW DEPTH       0

DEGREE DAYS
 HEATING
  TODAY           15                        38    -23       18
  MONTH TO DATE  633                       761   -128      745
  SINCE DEC 1   2883                      3187   -304     2753
  SINCE JUL 1   3858                      4601   -743     3861

 COOLING
  TODAY            0                         0      0        0
  MONTH TO DATE    0                         0      0        0
  SINCE DEC 1      0                         0      0        0
  SINCE JAN 1      0                         0      0        0
..................................................................


WIND (MPH)
  RESULTANT WIND SPEED   6   RESULTANT WIND DIRECTION   W (280)
  HIGHEST WIND SPEED    14   HIGHEST WIND DIRECTION     W (260)
  HIGHEST GUST SPEED    18   HIGHEST GUST DIRECTION     W (280)
  AVERAGE WIND SPEED     6.8


SKY COVER
  AVERAGE SKY COVER 0.0


WEATHER CONDITIONS
 THE FOLLOWING WEATHER WAS RECORDED TODAY.
  NO SIGNIFICANT WEATHER WAS OBSERVED.


RELATIVE HUMIDITY (PERCENT)
 HIGHEST    76           600 AM
 LOWEST     29           500 PM
 AVERAGE    53

..........................................................


THE LANSING MI CLIMATE NORMALS FOR TOMORROW
                         NORMAL    RECORD    YEAR
 MAXIMUM TEMPERATURE (F)   35        59      1983
                                             1930
 MINIMUM TEMPERATURE (F)   19       -22      1929


SUNRISE AND SUNSET
FEBRUARY 19 2017......SUNRISE   729 AM EST   SUNSET   616 PM EST
FEBRUARY 20 2017......SUNRISE   728 AM EST   SUNSET   617 PM EST


-  INDICATES NEGATIVE NUMBERS.
R  INDICATES RECORD WAS SET OR TIED.
MM INDICATES DATA IS MISSING.
T  INDICATES TRACE AMOUNT.




$$

63
