000
CDUS43 KGRR 112230
CLILAN


CLIMATE REPORT
NATIONAL WEATHER SERVICE GRAND RAPIDS, MI
529 PM EST SAT MAR 11 2017


...................................

...THE LANSING MI CLIMATE SUMMARY FOR MARCH 11 2017...
VALID TODAY AS OF 0500 PM LOCAL TIME.

CLIMATE NORMAL PERIOD 1981 TO 2010
CLIMATE RECORD PERIOD 1864 TO 2017


WEATHER ITEM   OBSERVED TIME   RECORD YEAR NORMAL DEPARTURE LAST
                VALUE   (LST)  VALUE       VALUE  FROM      YEAR
                                                  NORMAL
..................................................................
TEMPERATURE (F)
 TODAY
  MAXIMUM         29    402 PM  69    1977  42    -13       55
  MINIMUM         12    548 AM  -6    1869  24    -12       31
  AVERAGE         21                        33    -12       43

PRECIPITATION (IN)
  TODAY            0.00          0.80 1906   0.06  -0.06     0.00
  MONTH TO DATE    0.51                      0.67  -0.16     0.72
  SINCE MAR 1      0.51                      0.67  -0.16     0.72
  SINCE JAN 1      6.79                      3.79   3.00     3.88

SNOWFALL (IN)
  TODAY            0.0           4.5  1950   0.3   -0.3      0.0
  MONTH TO DATE    0.6                       3.3   -2.7      8.9
  SINCE MAR 1      0.6                       3.3   -2.7      8.9
  SINCE JUL 1     28.2                      45.5  -17.3     42.5
  SNOW DEPTH       0

DEGREE DAYS
 HEATING
  TODAY           44                        32     12       22
  MONTH TO DATE  344                       373    -29      314
  SINCE MAR 1    344                       373    -29      314
  SINCE JUL 1   4389                      5308   -919     4474

 COOLING
  TODAY            0                         0      0        0
  MONTH TO DATE    0                         0      0        0
  SINCE MAR 1      0                         0      0        0
  SINCE JAN 1      0                         0      0        0
..................................................................


WIND (MPH)
  RESULTANT WIND SPEED   9   RESULTANT WIND DIRECTION  NW (300)
  HIGHEST WIND SPEED    18   HIGHEST WIND DIRECTION     W (270)
  HIGHEST GUST SPEED    25   HIGHEST GUST DIRECTION     W (290)
  AVERAGE WIND SPEED     9.1


SKY COVER
  AVERAGE SKY COVER 0.4


WEATHER CONDITIONS
 THE FOLLOWING WEATHER WAS RECORDED TODAY.
  NO SIGNIFICANT WEATHER WAS OBSERVED.


RELATIVE HUMIDITY (PERCENT)
 HIGHEST    64           200 AM
 LOWEST     34           200 PM
 AVERAGE    49

..........................................................


THE LANSING MI CLIMATE NORMALS FOR TOMORROW
                         NORMAL    RECORD    YEAR
 MAXIMUM TEMPERATURE (F)   42        75      1990
 MINIMUM TEMPERATURE (F)   24        -3      1877


SUNRISE AND SUNSET
MARCH 11 2017.........SUNRISE   657 AM EST   SUNSET   640 PM EST
MARCH 12 2017.........SUNRISE   755 AM EDT   SUNSET   742 PM EDT


-  INDICATES NEGATIVE NUMBERS.
R  INDICATES RECORD WAS SET OR TIED.
MM INDICATES DATA IS MISSING.
T  INDICATES TRACE AMOUNT.




$$

63
