278
CDUS43 KGRR 210517
CLILAN


CLIMATE REPORT
NATIONAL WEATHER SERVICE GRAND RAPIDS, MI
116 AM EDT SUN AUG 21 2016


...................................

...THE LANSING MI CLIMATE SUMMARY FOR AUGUST 20 2016...

CLIMATE NORMAL PERIOD 1981 TO 2010
CLIMATE RECORD PERIOD 1864 TO 2016


WEATHER ITEM   OBSERVED TIME   RECORD YEAR NORMAL DEPARTURE LAST
                VALUE   (LST)  VALUE       VALUE  FROM      YEAR
                                                  NORMAL
..................................................................
TEMPERATURE (F)
 YESTERDAY
  MAXIMUM         82   1223 PM  98    1916  80      2       71
  MINIMUM         67   1159 PM  33    1885  59      8       58
  AVERAGE         75                        70      5       65

PRECIPITATION (IN)
  YESTERDAY        0.58          2.53 2007   0.10   0.48     0.22
  MONTH TO DATE    5.84                      2.11   3.73     5.63
  SINCE JUN 1      9.78                      8.40   1.38    17.09
  SINCE JAN 1     22.69                     19.97   2.72    25.14

SNOWFALL (IN)
  YESTERDAY        0.0           0.0    MM   0.0    0.0      0.0
  MONTH TO DATE    0.0                       0.0    0.0      0.0
  SINCE JUN 1      0.0                       0.0    0.0      0.0
  SINCE JUL 1      0.0                       0.0    0.0      0.0
  SNOW DEPTH       0

DEGREE DAYS
 HEATING
  YESTERDAY        0                         1     -1        0
  MONTH TO DATE    0                        16    -16        0
  SINCE JUN 1     37                        82    -45       48
  SINCE JUL 1      3                        27    -24       12

 COOLING
  YESTERDAY       10                         5      5        0
  MONTH TO DATE  214                       117     97      144
  SINCE JUN 1    636                       462    174      411
  SINCE JAN 1    698                       503    195      470
..................................................................


WIND (MPH)
  RESULTANT WIND SPEED   8   RESULTANT WIND DIRECTION   S (200)
  HIGHEST WIND SPEED    22   HIGHEST WIND DIRECTION     W (270)
  HIGHEST GUST SPEED    28   HIGHEST GUST DIRECTION     S (200)
  AVERAGE WIND SPEED    10.1


SKY COVER
  AVERAGE SKY COVER 0.4


WEATHER CONDITIONS
 THE FOLLOWING WEATHER WAS RECORDED YESTERDAY.
  HEAVY RAIN
  RAIN
  LIGHT RAIN
  FOG


RELATIVE HUMIDITY (PERCENT)
 HIGHEST    90          1200 AM
 LOWEST     62          1100 AM
 AVERAGE    76

..........................................................


THE LANSING MI CLIMATE NORMALS FOR TODAY
                         NORMAL    RECORD    YEAR
 MAXIMUM TEMPERATURE (F)   80        99      1955
 MINIMUM TEMPERATURE (F)   59        38      1894


SUNRISE AND SUNSET
AUGUST 21 2016........SUNRISE   652 AM EDT   SUNSET   830 PM EDT
AUGUST 22 2016........SUNRISE   653 AM EDT   SUNSET   829 PM EDT


-  INDICATES NEGATIVE NUMBERS.
R  INDICATES RECORD WAS SET OR TIED.
MM INDICATES DATA IS MISSING.
T  INDICATES TRACE AMOUNT.




$$
