000
CDUS43 KGRR 052232
CLILAN


CLIMATE REPORT
NATIONAL WEATHER SERVICE GRAND RAPIDS, MI
532 PM EST THU JAN 5 2017


...................................

...THE LANSING MI CLIMATE SUMMARY FOR JANUARY 5 2017...
VALID TODAY AS OF 0500 PM LOCAL TIME.

CLIMATE NORMAL PERIOD 1981 TO 2010
CLIMATE RECORD PERIOD 1864 TO 2017


WEATHER ITEM   OBSERVED TIME   RECORD YEAR NORMAL DEPARTURE LAST
                VALUE   (LST)  VALUE       VALUE  FROM      YEAR
                                                  NORMAL
..................................................................
TEMPERATURE (F)
 TODAY
  MAXIMUM         15    101 AM  56    1890  30    -15       29
  MINIMUM         11    459 PM -11    1896  18     -7        8
                                      1884
  AVERAGE         13                        24    -11       19

PRECIPITATION (IN)
  TODAY            T             0.99 1998   0.06  -0.06     0.00
  MONTH TO DATE    0.54                      0.30   0.24     0.04
  SINCE DEC 1      2.30                      2.17   0.13     2.76
  SINCE JAN 1      0.54                      0.30   0.24     0.04

SNOWFALL (IN)
  TODAY            0.1           9.5  2014   0.4   -0.3      0.0
  MONTH TO DATE    0.7                       2.2   -1.5      0.9
  SINCE DEC 1     16.8                      15.2    1.6      2.8
  SINCE JUL 1     16.8                      19.0   -2.2     11.0
  SNOW DEPTH       T

DEGREE DAYS
 HEATING
  TODAY           52                        41     11       46
  MONTH TO DATE  185                       205    -20      201
  SINCE DEC 1   1327                      1343    -16      998
  SINCE JUL 1   2302                      2757   -455     2106

 COOLING
  TODAY            0                         0      0        0
  MONTH TO DATE    0                         0      0        0
  SINCE DEC 1      0                         0      0        0
  SINCE JAN 1      0                         0      0        0
..................................................................


WIND (MPH)
  RESULTANT WIND SPEED  13   RESULTANT WIND DIRECTION   W (280)
  HIGHEST WIND SPEED    22   HIGHEST WIND DIRECTION     W (280)
  HIGHEST GUST SPEED    28   HIGHEST GUST DIRECTION     W (280)
  AVERAGE WIND SPEED    13.1


SKY COVER
  AVERAGE SKY COVER 1.0


WEATHER CONDITIONS
 THE FOLLOWING WEATHER WAS RECORDED TODAY.
  LIGHT SNOW
  HAZE


RELATIVE HUMIDITY (PERCENT)
 HIGHEST    73          1200 AM
 LOWEST     58           100 PM
 AVERAGE    66

..........................................................


THE LANSING MI CLIMATE NORMALS FOR TOMORROW
                         NORMAL    RECORD    YEAR
 MAXIMUM TEMPERATURE (F)   30        55      1946
 MINIMUM TEMPERATURE (F)   17       -26      1887


SUNRISE AND SUNSET
JANUARY  5 2017.......SUNRISE   809 AM EST   SUNSET   519 PM EST
JANUARY  6 2017.......SUNRISE   809 AM EST   SUNSET   520 PM EST


-  INDICATES NEGATIVE NUMBERS.
R  INDICATES RECORD WAS SET OR TIED.
MM INDICATES DATA IS MISSING.
T  INDICATES TRACE AMOUNT.




$$
