000
CDUS43 KGRR 120516
CLILAN


CLIMATE REPORT
NATIONAL WEATHER SERVICE GRAND RAPIDS, MI
116 AM EDT WED APR 12 2017


...................................

...THE LANSING MI CLIMATE SUMMARY FOR APRIL 11 2017...

CLIMATE NORMAL PERIOD 1981 TO 2010
CLIMATE RECORD PERIOD 1864 TO 2017


WEATHER ITEM   OBSERVED TIME   RECORD YEAR NORMAL DEPARTURE LAST
                VALUE   (LST)  VALUE       VALUE  FROM      YEAR
                                                  NORMAL
..................................................................
TEMPERATURE (F)
 YESTERDAY
  MAXIMUM         57   1227 AM  82    1977  56      1       53
  MINIMUM         43   1159 PM  13    1874  36      7       34
  AVERAGE         50                        46      4       44

PRECIPITATION (IN)
  YESTERDAY        0.00          1.60 1871   0.10  -0.10     0.03
  MONTH TO DATE    2.55                      1.09   1.46     1.27
  SINCE MAR 1      6.18                      3.15   3.03     5.52
  SINCE JAN 1     12.46                      6.27   6.19     8.68

SNOWFALL (IN)
  YESTERDAY        0.0           5.2  2007   0.1   -0.1      0.0
  MONTH TO DATE    0.4                       1.1   -0.7      7.5
  SINCE MAR 1      2.6                       8.1   -5.5     16.4
  SINCE JUL 1     30.2                      50.3  -20.1     50.0
  SNOW DEPTH       0

DEGREE DAYS
 HEATING
  YESTERDAY       15                        19     -4       21
  MONTH TO DATE  184                       235    -51      331
  SINCE MAR 1   1109                      1164    -55     1094
  SINCE JUL 1   5154                      6099   -945     5254

 COOLING
  YESTERDAY        0                         0      0        0
  MONTH TO DATE    1                         0      1        0
  SINCE MAR 1      1                         1      0        0
  SINCE JAN 1      1                         1      0        0
..................................................................


WIND (MPH)
  RESULTANT WIND SPEED   8   RESULTANT WIND DIRECTION   W (270)
  HIGHEST WIND SPEED    23   HIGHEST WIND DIRECTION     W (260)
  HIGHEST GUST SPEED    28   HIGHEST GUST DIRECTION     W (260)
  AVERAGE WIND SPEED    11.4


SKY COVER
  AVERAGE SKY COVER 1.0


WEATHER CONDITIONS
 THE FOLLOWING WEATHER WAS RECORDED YESTERDAY.
  FOG
  FOG W/VISIBILITY <= 1/4 MILE


RELATIVE HUMIDITY (PERCENT)
 HIGHEST    93           400 AM
 LOWEST     65           500 PM
 AVERAGE    79

..........................................................


THE LANSING MI CLIMATE NORMALS FOR TODAY
                         NORMAL    RECORD    YEAR
 MAXIMUM TEMPERATURE (F)   56        83      1977
 MINIMUM TEMPERATURE (F)   36        11      1868


SUNRISE AND SUNSET
APRIL 12 2017.........SUNRISE   701 AM EDT   SUNSET   817 PM EDT
APRIL 13 2017.........SUNRISE   700 AM EDT   SUNSET   819 PM EDT


-  INDICATES NEGATIVE NUMBERS.
R  INDICATES RECORD WAS SET OR TIED.
MM INDICATES DATA IS MISSING.
T  INDICATES TRACE AMOUNT.




$$
