000
CDUS43 KGRR 060519
CLILAN


CLIMATE REPORT
NATIONAL WEATHER SERVICE GRAND RAPIDS, MI
1218 AM EST WED DEC 6 2017


...................................

...THE LANSING MI CLIMATE SUMMARY FOR DECEMBER 5 2017...

CLIMATE NORMAL PERIOD 1981 TO 2010
CLIMATE RECORD PERIOD 1864 TO 2017


WEATHER ITEM   OBSERVED TIME   RECORD YEAR NORMAL DEPARTURE LAST
                VALUE   (LST)  VALUE       VALUE  FROM      YEAR
                                                  NORMAL
..................................................................
TEMPERATURE (F)
 YESTERDAY
  MAXIMUM         60   1238 AM  69    2001  38     22       39
  MINIMUM         29   1159 PM -11    1886  26      3       27
  AVERAGE         45                        32     13       33

PRECIPITATION (IN)
  YESTERDAY        0.06          1.02 1999   0.07  -0.01      T
  MONTH TO DATE    0.06                      0.35  -0.29     0.37
  SINCE DEC 1      0.06                      0.35  -0.29     0.37
  SINCE JAN 1     38.36                     30.25   8.11    33.56

SNOWFALL (IN)
  YESTERDAY        0.0           5.3  1926   0.3   -0.3       T
  MONTH TO DATE    0.0                       1.6   -1.6      2.5
  SINCE DEC 1      0.0                       1.6   -1.6      2.5
  SINCE JUL 1      0.4                       5.4   -5.0      2.5
  SNOW DEPTH       0

DEGREE DAYS
 HEATING
  YESTERDAY       20                        33    -13       32
  MONTH TO DATE  111                       163    -52      145
  SINCE DEC 1    111                       163    -52      145
  SINCE JUL 1   1367                      1577   -210     1120

 COOLING
  YESTERDAY        0                         0      0        0
  MONTH TO DATE    0                         0      0        0
  SINCE DEC 1      0                         0      0        0
  SINCE JAN 1    782                       625    157      869
..................................................................


WIND (MPH)
  RESULTANT WIND SPEED  24   RESULTANT WIND DIRECTION  SW (240)
  HIGHEST WIND SPEED    37   HIGHEST WIND DIRECTION     W (250)
  HIGHEST GUST SPEED    50   HIGHEST GUST DIRECTION    SW (240)
  AVERAGE WIND SPEED    24.4


SKY COVER
  AVERAGE SKY COVER 0.9


WEATHER CONDITIONS
 THE FOLLOWING WEATHER WAS RECORDED YESTERDAY.
  HEAVY RAIN
  LIGHT RAIN


RELATIVE HUMIDITY (PERCENT)
 HIGHEST    80           400 AM
 LOWEST     43          1100 PM
 AVERAGE    62

..........................................................


THE LANSING MI CLIMATE NORMALS FOR TODAY
                         NORMAL    RECORD    YEAR
 MAXIMUM TEMPERATURE (F)   37        65      1998
 MINIMUM TEMPERATURE (F)   25       -17      1964


SUNRISE AND SUNSET
DECEMBER  6 2017......SUNRISE   755 AM EST   SUNSET   504 PM EST
DECEMBER  7 2017......SUNRISE   755 AM EST   SUNSET   504 PM EST


-  INDICATES NEGATIVE NUMBERS.
R  INDICATES RECORD WAS SET OR TIED.
MM INDICATES DATA IS MISSING.
T  INDICATES TRACE AMOUNT.




$$
