000
CDUS43 KGRR 080522
CLILAN


CLIMATE REPORT
NATIONAL WEATHER SERVICE GRAND RAPIDS, MI
121 AM EDT SUN OCT 8 2017


...................................

...THE LANSING MI CLIMATE SUMMARY FOR OCTOBER 7 2017...

CLIMATE NORMAL PERIOD 1981 TO 2010
CLIMATE RECORD PERIOD 1864 TO 2017


WEATHER ITEM   OBSERVED TIME   RECORD YEAR NORMAL DEPARTURE LAST
                VALUE   (LST)  VALUE       VALUE  FROM      YEAR
                                                  NORMAL
..................................................................
TEMPERATURE (F)
 YESTERDAY
  MAXIMUM         82    425 PM  86    2007  64     18       82
                                      1879
  MINIMUM         61   1159 PM  19    1896  43     18       50
  AVERAGE         72                        53     19       66

PRECIPITATION (IN)
  YESTERDAY        0.72          1.37 1922   0.09   0.63      T
  MONTH TO DATE    1.41                      0.63   0.78     0.87
  SINCE SEP 1      2.35                      4.13  -1.78     4.22
  SINCE JAN 1     27.65                     25.22   2.43    27.70

SNOWFALL (IN)
  YESTERDAY        0.0           0.0    MM   0.0    0.0      0.0
  MONTH TO DATE    0.0                       0.0    0.0      0.0
  SINCE SEP 1      0.0                       0.0    0.0      0.0
  SINCE JUL 1      0.0                       0.0    0.0      0.0
  SNOW DEPTH       0

DEGREE DAYS
 HEATING
  YESTERDAY        0                        12    -12        0
  MONTH TO DATE   26                        77    -51       20
  SINCE SEP 1    129                       230   -101       70
  SINCE JUL 1    158                       265   -107       73

 COOLING
  YESTERDAY        7                         0      7        1
  MONTH TO DATE   13                         4      9        9
  SINCE SEP 1    143                        65     78       98
  SINCE JAN 1    777                       622    155      864
..................................................................


WIND (MPH)
  RESULTANT WIND SPEED  16   RESULTANT WIND DIRECTION   S (190)
  HIGHEST WIND SPEED    38   HIGHEST WIND DIRECTION     W (260)
  HIGHEST GUST SPEED    49   HIGHEST GUST DIRECTION    SW (240)
  AVERAGE WIND SPEED    14.7


SKY COVER
  AVERAGE SKY COVER 0.5


WEATHER CONDITIONS
 THE FOLLOWING WEATHER WAS RECORDED YESTERDAY.
  THUNDERSTORM
  HEAVY RAIN
  RAIN
  LIGHT RAIN
  FOG


RELATIVE HUMIDITY (PERCENT)
 HIGHEST    90          1100 PM
 LOWEST     45           300 PM
 AVERAGE    68

..........................................................


THE LANSING MI CLIMATE NORMALS FOR TODAY
                         NORMAL    RECORD    YEAR
 MAXIMUM TEMPERATURE (F)   63        86      2007
 MINIMUM TEMPERATURE (F)   43        20      1864


SUNRISE AND SUNSET
OCTOBER  8 2017.......SUNRISE   744 AM EDT   SUNSET   707 PM EDT
OCTOBER  9 2017.......SUNRISE   745 AM EDT   SUNSET   705 PM EDT


-  INDICATES NEGATIVE NUMBERS.
R  INDICATES RECORD WAS SET OR TIED.
MM INDICATES DATA IS MISSING.
T  INDICATES TRACE AMOUNT.




$$
