000
CDUS43 KGRR 111334
CLILAN


CLIMATE REPORT
NATIONAL WEATHER SERVICE GRAND RAPIDS, MI
931 AM EDT THU AUG 11 2016


...................................

...THE LANSING MI CLIMATE SUMMARY FOR AUGUST 11 2016...
VALID AS OF 0900 AM LOCAL TIME.

CLIMATE NORMAL PERIOD 1981 TO 2010
CLIMATE RECORD PERIOD 1864 TO 2016


WEATHER ITEM   OBSERVED TIME   RECORD YEAR NORMAL DEPARTURE LAST
                VALUE   (LST)  VALUE       VALUE  FROM      YEAR
                                                  NORMAL
..................................................................
TEMPERATURE (F)
 TODAY
  MAXIMUM         78    759 AM 101    1874  81     -3       80
                                      1864
  MINIMUM         69    200 AM  39    1868  60      9       62
                                      1865
  AVERAGE         74                        70      4       71

PRECIPITATION (IN)
  TODAY            T             1.36 1948   0.10  -0.10     0.00
  MONTH TO DATE    T                         1.14  -1.14     4.47
  SINCE JUN 1      3.94                      7.43  -3.49    15.93
  SINCE JAN 1     16.85                     19.00  -2.15    23.98

SNOWFALL (IN)
  TODAY            0.0           0.0    MM   0.0    0.0      0.0
  MONTH TO DATE    0.0                       0.0    0.0      0.0
  SINCE JUN 1      0.0                       0.0    0.0      0.0
  SINCE JUL 1      0.0                       0.0    0.0      0.0
  SNOW DEPTH       0

DEGREE DAYS
 HEATING
  TODAY            0                         1     -1        0
  MONTH TO DATE    0                         7     -7        0
  SINCE JUN 1     37                        73    -36       48
  SINCE JUL 1      3                        18    -15       12

 COOLING
  TODAY            9                         6      3        6
  MONTH TO DATE  108                        66     42       66
  SINCE JUN 1    530                       411    119      333
  SINCE JAN 1    592                       452    140      392
..................................................................


WIND (MPH)
  RESULTANT WIND SPEED   2   RESULTANT WIND DIRECTION   S (200)
  HIGHEST WIND SPEED    10   HIGHEST WIND DIRECTION     S (200)
  HIGHEST GUST SPEED    13   HIGHEST GUST DIRECTION    SW (210)
  AVERAGE WIND SPEED     2.7


SKY COVER
  AVERAGE SKY COVER 0.6


WEATHER CONDITIONS
 THE FOLLOWING WEATHER WAS RECORDED TODAY.
  NO SIGNIFICANT WEATHER WAS OBSERVED.


RELATIVE HUMIDITY (PERCENT)
 HIGHEST    87           600 AM
 LOWEST     73          1200 AM
 AVERAGE    80

..........................................................


THE LANSING MI CLIMATE NORMALS FOR TOMORROW
                         NORMAL    RECORD    YEAR
 MAXIMUM TEMPERATURE (F)   81        96      1864
 MINIMUM TEMPERATURE (F)   60        37      1868


SUNRISE AND SUNSET
AUGUST 11 2016........SUNRISE   641 AM EDT   SUNSET   845 PM EDT
AUGUST 12 2016........SUNRISE   642 AM EDT   SUNSET   844 PM EDT


-  INDICATES NEGATIVE NUMBERS.
R  INDICATES RECORD WAS SET OR TIED.
MM INDICATES DATA IS MISSING.
T  INDICATES TRACE AMOUNT.




$$
