000
CDUS43 KGRR 112130
CLILAN


CLIMATE REPORT
NATIONAL WEATHER SERVICE GRAND RAPIDS, MI
528 PM EDT WED MAY 11 2016


...................................

...THE LANSING MI CLIMATE SUMMARY FOR MAY 11 2016...
VALID TODAY AS OF 0500 PM LOCAL TIME.

CLIMATE NORMAL PERIOD 1981 TO 2010
CLIMATE RECORD PERIOD 1864 TO 2016


WEATHER ITEM   OBSERVED TIME   RECORD YEAR NORMAL DEPARTURE LAST
                VALUE   (LST)  VALUE       VALUE  FROM      YEAR
                                                  NORMAL
..................................................................
TEMPERATURE (F)
 TODAY
  MAXIMUM         68    147 PM  88    1896  67      1       71
  MINIMUM         49    552 AM  27    1907  45      4       49
                                      1865
  AVERAGE         59                        56      3       60

PRECIPITATION (IN)
  TODAY            0.00          1.60 1912   0.10  -0.10     0.24
  MONTH TO DATE    1.42                      1.14   0.28     1.21
  SINCE MAR 1      8.18                      6.23   1.95     3.24
  SINCE JAN 1     11.34                      9.35   1.99     5.49

SNOWFALL (IN)
  TODAY            0.0           T    1969   0.0    0.0      0.0
  MONTH TO DATE    0.0                       0.0    0.0      0.0
  SINCE MAR 1     16.4                       8.9    7.5      1.9
  SINCE JUL 1     50.0                      51.1   -1.1     35.6
  SNOW DEPTH       0

DEGREE DAYS
 HEATING
  TODAY            6                        10     -4        5
  MONTH TO DATE  130                       120     10       41
  SINCE MAR 1   1495                      1583    -88     1553
  SINCE JUL 1   5655                      6518   -863     7047

 COOLING
  TODAY            0                         1     -1        0
  MONTH TO DATE    0                         5     -5       18
  SINCE MAR 1      1                        12    -11       18
  SINCE JAN 1      1                        12    -11       18
..................................................................


WIND (MPH)
  RESULTANT WIND SPEED   4   RESULTANT WIND DIRECTION   E (80)
  HIGHEST WIND SPEED    13   HIGHEST WIND DIRECTION     E (100)
  HIGHEST GUST SPEED    17   HIGHEST GUST DIRECTION     E (90)
  AVERAGE WIND SPEED     5.5


SKY COVER
  AVERAGE SKY COVER 1.0


WEATHER CONDITIONS
 THE FOLLOWING WEATHER WAS RECORDED TODAY.
  NO SIGNIFICANT WEATHER WAS OBSERVED.


RELATIVE HUMIDITY (PERCENT)
 HIGHEST    86          1200 AM
 LOWEST     67          1200 PM
 AVERAGE    77

..........................................................


THE LANSING MI CLIMATE NORMALS FOR TOMORROW
                         NORMAL    RECORD    YEAR
 MAXIMUM TEMPERATURE (F)   68        90      1879
 MINIMUM TEMPERATURE (F)   45        28      1996
                                             1934


SUNRISE AND SUNSET
MAY 11 2016...........SUNRISE   620 AM EDT   SUNSET   851 PM EDT
MAY 12 2016...........SUNRISE   618 AM EDT   SUNSET   852 PM EDT


-  INDICATES NEGATIVE NUMBERS.
R  INDICATES RECORD WAS SET OR TIED.
MM INDICATES DATA IS MISSING.
T  INDICATES TRACE AMOUNT.




$$

63
