000
CDUS43 KGRR 012134
CLILAN


CLIMATE REPORT
NATIONAL WEATHER SERVICE GRAND RAPIDS, MI
534 PM EDT TUE APR 1 2014


...................................

...THE LANSING MI CLIMATE SUMMARY FOR APRIL 1 2014...
VALID TODAY AS OF 0500 PM LOCAL TIME.

CLIMATE NORMAL PERIOD 1981 TO 2010
CLIMATE RECORD PERIOD 1864 TO 2014


WEATHER ITEM   OBSERVED TIME   RECORD YEAR NORMAL DEPARTURE LAST
                VALUE   (LST)  VALUE       VALUE  FROM      YEAR
                                                  NORMAL
..................................................................
TEMPERATURE (F)
 TODAY
  MAXIMUM         54    947 AM  80    2010  51      3       35
  MINIMUM         37    359 PM   8    1923  32      5       23
  AVERAGE         46                        42      4       29

PRECIPITATION (IN)
  TODAY            0.07          1.02 1970   0.09  -0.02      T
  MONTH TO DATE    0.07                      0.09  -0.02      T
  SINCE MAR 1      1.76                      2.15  -0.39     0.96
  SINCE JAN 1      5.68                      5.27   0.41     6.18

SNOWFALL (IN)
  TODAY           MM            10.2  1970   0.1   MM         T
  MONTH TO DATE   MM                         0.1   MM         T
  SINCE MAR 1     10.4                       7.1    3.3      5.2
  SINCE JUL 1     68.4                      49.3   19.1     29.7
  SNOW DEPTH       0

DEGREE DAYS
 HEATING
  TODAY           19                        23     -4       36
  MONTH TO DATE   19                        23     -4       36
  SINCE MAR 1   1229                       952    277     1084
  SINCE JUL 1   6770                      5887    883     5762

 COOLING
  TODAY            0                         0      0        0
  MONTH TO DATE    0                         0      0        0
  SINCE MAR 1      0                         1     -1        0
  SINCE JAN 1      0                         1     -1        0
..................................................................


WIND (MPH)
  RESULTANT WIND SPEED  13   RESULTANT WIND DIRECTION  SW (230)
  HIGHEST WIND SPEED    31   HIGHEST WIND DIRECTION     W (260)
  HIGHEST GUST SPEED    39   HIGHEST GUST DIRECTION     W (260)
  AVERAGE WIND SPEED    18.7


SKY COVER
  AVERAGE SKY COVER 0.9


WEATHER CONDITIONS
 THE FOLLOWING WEATHER WAS RECORDED TODAY.
  LIGHT RAIN


RELATIVE HUMIDITY (PERCENT)
 HIGHEST    71           600 AM
 LOWEST     46          1200 AM
 AVERAGE    59

..........................................................


THE LANSING MI CLIMATE NORMALS FOR TOMORROW
                         NORMAL    RECORD    YEAR
 MAXIMUM TEMPERATURE (F)   52        81      1963
 MINIMUM TEMPERATURE (F)   32         8      1869


SUNRISE AND SUNSET
APRIL  1 2014.........SUNRISE   721 AM EDT   SUNSET   805 PM EDT
APRIL  2 2014.........SUNRISE   719 AM EDT   SUNSET   806 PM EDT


-  INDICATES NEGATIVE NUMBERS.
R  INDICATES RECORD WAS SET OR TIED.
MM INDICATES DATA IS MISSING.
T  INDICATES TRACE AMOUNT.




$$
