000
CDUS43 KGRR 161347
CLILAN


CLIMATE REPORT
NATIONAL WEATHER SERVICE GRAND RAPIDS, MI
947 AM EDT FRI JUN 16 2017


...................................

...THE LANSING MI CLIMATE SUMMARY FOR JUNE 16 2017...
VALID AS OF 0900 AM LOCAL TIME.

CLIMATE NORMAL PERIOD 1981 TO 2010
CLIMATE RECORD PERIOD 1864 TO 2017


WEATHER ITEM   OBSERVED TIME   RECORD YEAR NORMAL DEPARTURE LAST
                VALUE   (LST)  VALUE       VALUE  FROM      YEAR
                                                  NORMAL
..................................................................
TEMPERATURE (F)
 TODAY
  MAXIMUM         76    759 AM  95    1994  79     -3       71
                                      1913
  MINIMUM         67    640 AM  36    1869  57     10       62
  AVERAGE         72                        68      4       67

PRECIPITATION (IN)
  TODAY            0.05          1.75 1920   0.12  -0.07     0.28
  MONTH TO DATE    0.28                      1.88  -1.60     0.58
  SINCE JUN 1      0.28                      1.88  -1.60     0.58
  SINCE JAN 1     17.34                     13.45   3.89    13.49

SNOWFALL (IN)
  TODAY            0.0           0.0    MM   0.0    0.0      0.0
  MONTH TO DATE    0.0                       0.0    0.0      0.0
  SINCE JUN 1      0.0                       0.0    0.0      0.0
  SINCE JUL 1     30.2                      51.1  -20.9     50.0
  SNOW DEPTH       0

DEGREE DAYS
 HEATING
  TODAY            0                         1     -1        0
  MONTH TO DATE    7                        43    -36       28
  SINCE JUN 1      7                        43    -36       28
  SINCE JUL 1   5596                      6700  -1104     5800

 COOLING
  TODAY            7                         4      3        2
  MONTH TO DATE  124                        52     72       58
  SINCE JUN 1    124                        52     72       58
  SINCE JAN 1    159                        93     66      120
..................................................................


WIND (MPH)
  RESULTANT WIND SPEED   3   RESULTANT WIND DIRECTION   W (250)
  HIGHEST WIND SPEED    17   HIGHEST WIND DIRECTION     W (280)
  HIGHEST GUST SPEED    24   HIGHEST GUST DIRECTION     W (270)
  AVERAGE WIND SPEED     3.1


SKY COVER
  AVERAGE SKY COVER 0.4


WEATHER CONDITIONS
 THE FOLLOWING WEATHER WAS RECORDED TODAY.
  LIGHT RAIN


RELATIVE HUMIDITY (PERCENT)
 HIGHEST    78          1200 AM
 LOWEST     64           800 AM
 AVERAGE    71

..........................................................


THE LANSING MI CLIMATE NORMALS FOR TOMORROW
                         NORMAL    RECORD    YEAR
 MAXIMUM TEMPERATURE (F)   79        95      1994
                                             1957
 MINIMUM TEMPERATURE (F)   58        38      1972


SUNRISE AND SUNSET
JUNE 16 2017..........SUNRISE   559 AM EDT   SUNSET   919 PM EDT
JUNE 17 2017..........SUNRISE   600 AM EDT   SUNSET   919 PM EDT


-  INDICATES NEGATIVE NUMBERS.
R  INDICATES RECORD WAS SET OR TIED.
MM INDICATES DATA IS MISSING.
T  INDICATES TRACE AMOUNT.




$$
