000
CDUS43 KGRR 040518
CLILAN


CLIMATE REPORT
NATIONAL WEATHER SERVICE GRAND RAPIDS, MI
1218 AM EST WED JAN 4 2017


...................................

...THE LANSING MI CLIMATE SUMMARY FOR JANUARY 3 2017...

CLIMATE NORMAL PERIOD 1981 TO 2010
CLIMATE RECORD PERIOD 1864 TO 2017


WEATHER ITEM   OBSERVED TIME   RECORD YEAR NORMAL DEPARTURE LAST
                VALUE   (LST)  VALUE       VALUE  FROM      YEAR
                                                  NORMAL
..................................................................
TEMPERATURE (F)
 YESTERDAY
  MAXIMUM         37    815 PM  58    2004  31      6       33
                                      1950
                                      1874
  MINIMUM         35   1159 PM -16    1879  18     17       25
  AVERAGE         36                        24     12       29

PRECIPITATION (IN)
  YESTERDAY        0.01          1.32 1880   0.06  -0.05      T
  MONTH TO DATE    0.54                      0.18   0.36     0.04
  SINCE DEC 1      2.30                      2.05   0.25     2.76
  SINCE JAN 1      0.54                      0.18   0.36     0.04

SNOWFALL (IN)
  YESTERDAY        0.0           6.4  1943   0.4   -0.4       T
  MONTH TO DATE    0.0                       1.3   -1.3      0.7
  SINCE DEC 1     16.1                      14.3    1.8      2.6
  SINCE JUL 1     16.1                      18.1   -2.0     10.8
  SNOW DEPTH       0

DEGREE DAYS
 HEATING
  YESTERDAY       29                        41    -12       36
  MONTH TO DATE   93                       123    -30      107
  SINCE DEC 1   1235                      1261    -26      904
  SINCE JUL 1   2210                      2675   -465     2012

 COOLING
  YESTERDAY        0                         0      0        0
  MONTH TO DATE    0                         0      0        0
  SINCE DEC 1      0                         0      0        0
  SINCE JAN 1      0                         0      0        0
..................................................................


WIND (MPH)
  RESULTANT WIND SPEED   4   RESULTANT WIND DIRECTION  NW (330)
  HIGHEST WIND SPEED    22   HIGHEST WIND DIRECTION    NW (300)
  HIGHEST GUST SPEED    28   HIGHEST GUST DIRECTION     W (280)
  AVERAGE WIND SPEED     7.3


SKY COVER
  AVERAGE SKY COVER 1.0


WEATHER CONDITIONS
 THE FOLLOWING WEATHER WAS RECORDED YESTERDAY.
  LIGHT RAIN
  FOG
  FOG W/VISIBILITY <= 1/4 MILE


RELATIVE HUMIDITY (PERCENT)
 HIGHEST    92          1200 AM
 LOWEST     85           500 PM
 AVERAGE    89

..........................................................


THE LANSING MI CLIMATE NORMALS FOR TODAY
                         NORMAL    RECORD    YEAR
 MAXIMUM TEMPERATURE (F)   31        61      1997
 MINIMUM TEMPERATURE (F)   18       -29      1981


SUNRISE AND SUNSET
JANUARY  4 2017.......SUNRISE   809 AM EST   SUNSET   518 PM EST
JANUARY  5 2017.......SUNRISE   809 AM EST   SUNSET   519 PM EST


-  INDICATES NEGATIVE NUMBERS.
R  INDICATES RECORD WAS SET OR TIED.
MM INDICATES DATA IS MISSING.
T  INDICATES TRACE AMOUNT.




$$
